{"id":43,"date":"2025-05-14T11:46:46","date_gmt":"2025-05-14T09:46:46","guid":{"rendered":"https:\/\/biocampus25.wordpress.com\/?page_id=43"},"modified":"2025-05-19T13:48:39","modified_gmt":"2025-05-19T11:48:39","slug":"vertebrados","status":"publish","type":"page","link":"https:\/\/webs.uab.cat\/bees\/vertebrados\/","title":{"rendered":"Vertebrados"},"content":{"rendered":"\n<div class=\"wp-block-group is-vertical is-layout-flex wp-container-core-group-is-layout-8cf370e7 wp-block-group-is-layout-flex\">\n<p><strong>Descripci\u00f3n:<\/strong><\/p>\n\n\n\n<p class=\"has-text-align-justify has-alegreya-font-family has-small-font-size\">Los vertebrados son uno de los subfilos dentro de los cordados, que presentan como innovaciones caracter\u00edsticas la presencia de una columna vertebral (de donde obtienen su nombre) y un cr\u00e1neo. Cabe mencionar que, en general, las estructuras mencionadas anteriormente tienen un endoesqueleto \u00f3seo, aunque algunos lo tienen cartilaginoso, principalmente los peces cartilaginosos (condrictios).<\/p>\n\n\n\n<p class=\"has-text-align-justify has-alegreya-font-family has-small-font-size\">Este gran grupo de animales son lo que llamamos organismos bilaterales (su cuerpo se puede dividir en dos planos de simetr\u00eda), aunque algunos han modificado su estructura. Son tribl\u00e1sticos (presentan tres tejidos embrionarios que dan lugar a todas las dem\u00e1s estructuras corporales) y celomados (su segundo orificio embrionario da lugar, entre otras cosas, a los pulmones y el coraz\u00f3n).<\/p>\n\n\n\n<p class=\"has-text-align-justify has-alegreya-font-family has-small-font-size\">Otra caracter\u00edstica importante es la presencia de un sistema nervioso complejo, que les permite controlar y regular las diferentes estructuras corporales. Este sistema deriva de una estructura presente en el resto de cordados: el notocordio, una estructura tubular que aparece durante el desarrollo embrionario y que m\u00e1s tarde puede desaparecer en los vertebrados adultos.<\/p>\n<\/div>\n\n\n\n<div style=\"height:10px\" aria-hidden=\"true\" class=\"wp-block-spacer\"><\/div>\n\n\n\n<p><strong>Clave dicot\u00f3mica:<\/strong><\/p>\n\n\n\n<div class=\"wp-block-group is-vertical is-layout-flex wp-container-core-group-is-layout-8cf370e7 wp-block-group-is-layout-flex\">\n<p class=\"has-text-align-justify has-small-font-size\"><strong>1a.<\/strong>Presenta pelo en su superficie corporal\u00a0&#8212;&#8212;&#8212;&#8212;&#8212;&#8212;&#8211;&gt; <strong><a href=\"https:\/\/webs.uab.cat\/bees\/mamiferos\/\" data-type=\"page\" data-id=\"54\">Mam\u00edferos<\/a><\/strong><\/p>\n\n\n\n<p class=\"has-text-align-justify has-small-font-size\"><strong>1b.<\/strong>Este organismo no presenta pelo &#8212;&#8212;&#8212;&#8212;&#8212;&#8212;&#8212;&#8212;&#8212;&gt; 2<\/p>\n<\/div>\n\n\n\n<div class=\"wp-block-group is-vertical is-layout-flex wp-container-core-group-is-layout-769d0143 wp-block-group-is-layout-flex\">\n<p class=\"has-text-align-justify has-small-font-size\"><strong>2a. <\/strong>Este animal tiene plumas en su superficie &#8212;&#8212;&#8212;&#8212;&#8212;&#8212;-&gt; <strong><a href=\"https:\/\/webs.uab.cat\/bees\/aves\/\" data-type=\"page\" data-id=\"4085\">Aves<\/a><\/strong><\/p>\n\n\n\n<p class=\"has-text-align-justify has-small-font-size\"><strong>2b. <\/strong>No tiene plumas &#8212;&#8212;&#8212;&#8212;&#8212;&#8212;&#8212;&#8212;&#8212;&#8212;&#8212;&#8212;&#8212;&#8212;&#8212;&gt; 3<\/p>\n<\/div>\n\n\n\n<div class=\"wp-block-group is-vertical is-layout-flex wp-container-core-group-is-layout-769d0143 wp-block-group-is-layout-flex\">\n<p class=\"has-text-align-justify has-small-font-size\"><strong>3a. <\/strong>Tienen la piel seca i con escamas &#8212;&#8212;&#8212;&#8212;&#8212;&#8212;&#8212;&#8212;&#8212;&gt; <strong><a href=\"https:\/\/webs.uab.cat\/bees\/reptiles\/\" data-type=\"page\" data-id=\"727\">Reptiles<\/a><\/strong><\/p>\n\n\n\n<p class=\"has-text-align-justify has-small-font-size\"><strong>3b. <\/strong>Tiene la piel h\u00fameda &#8212;&#8212;&#8212;&#8212;&#8212;&#8212;&#8212;&#8212;&#8212;&#8212;&#8212;&#8212;&#8212;&#8211;&gt; 4<\/p>\n<\/div>\n\n\n\n<div class=\"wp-block-group is-vertical is-layout-flex wp-container-core-group-is-layout-8cf370e7 wp-block-group-is-layout-flex\">\n<p class=\"has-text-align-justify has-small-font-size\"><strong>4a. <\/strong>Tiene la piel h\u00fameda, con escamas i aletas &#8212;&#8212;&#8212;&#8212;&#8212;&#8212;-&gt; <strong><a href=\"https:\/\/webs.uab.cat\/bees\/peces\/\" data-type=\"page\" data-id=\"4101\">Peces<\/a><\/strong><\/p>\n\n\n\n<p class=\"has-text-align-justify has-small-font-size\"><strong>4b.<\/strong> Presenta la piel h\u00fameda, pero carece de escamas y aletas &#8212;&gt; <strong><a href=\"https:\/\/webs.uab.cat\/bees\/anfibios\/\" data-type=\"page\" data-id=\"4086\">Anfibios<\/a><\/strong><\/p>\n<\/div>\n\n\n\n<div style=\"height:30px\" aria-hidden=\"true\" class=\"wp-block-spacer\"><\/div>\n\n\n\n<div class=\"wp-block-group is-vertical is-layout-flex wp-container-core-group-is-layout-769d0143 wp-block-group-is-layout-flex\">\n<p><strong>Bibliografia:<\/strong><\/p>\n\n\n\n<p class=\"has-text-align-justify has-small-font-size\"><em>VERTEBRADOS<\/em>. (n.d.). Ugr.es. Retrieved December 15, 2024, from <a href=\"https:\/\/litoraldegranada.ugr.es\/el-litoral\/el-litoral-sumergido\/fauna\/cordados-2\/vertebrados\/\">https:\/\/litoraldegranada.ugr.es\/el-litoral\/el-litoral-sumergido\/fauna\/cordados-2\/vertebrados\/<\/a><\/p>\n<\/div>\n\n\n\n<p><\/p>\n","protected":false},"excerpt":{"rendered":"<p>Descripci\u00f3n: Los vertebrados son uno de los subfilos dentro de los cordados, que presentan como innovaciones caracter\u00edsticas la presencia de una columna vertebral (de donde obtienen su nombre) y un cr\u00e1neo. Cabe mencionar que, en general, las estructuras mencionadas anteriormente tienen un endoesqueleto \u00f3seo, aunque algunos lo tienen cartilaginoso, principalmente los peces cartilaginosos (condrictios). Este [&hellip;]<\/p>\n","protected":false},"author":2556,"featured_media":0,"parent":0,"menu_order":0,"comment_status":"closed","ping_status":"closed","template":"","meta":{"footnotes":""},"class_list":["post-43","page","type-page","status-publish","hentry"],"_links":{"self":[{"href":"https:\/\/webs.uab.cat\/bees\/wp-json\/wp\/v2\/pages\/43","targetHints":{"allow":["GET"]}}],"collection":[{"href":"https:\/\/webs.uab.cat\/bees\/wp-json\/wp\/v2\/pages"}],"about":[{"href":"https:\/\/webs.uab.cat\/bees\/wp-json\/wp\/v2\/types\/page"}],"author":[{"embeddable":true,"href":"https:\/\/webs.uab.cat\/bees\/wp-json\/wp\/v2\/users\/2556"}],"replies":[{"embeddable":true,"href":"https:\/\/webs.uab.cat\/bees\/wp-json\/wp\/v2\/comments?post=43"}],"version-history":[{"count":2,"href":"https:\/\/webs.uab.cat\/bees\/wp-json\/wp\/v2\/pages\/43\/revisions"}],"predecessor-version":[{"id":4302,"href":"https:\/\/webs.uab.cat\/bees\/wp-json\/wp\/v2\/pages\/43\/revisions\/4302"}],"wp:attachment":[{"href":"https:\/\/webs.uab.cat\/bees\/wp-json\/wp\/v2\/media?parent=43"}],"curies":[{"name":"wp","href":"https:\/\/api.w.org\/{rel}","templated":true}]}}