{"id":684,"date":"2025-05-14T11:38:41","date_gmt":"2025-05-14T09:38:41","guid":{"rendered":"https:\/\/biocampus25.wordpress.com\/?page_id=684"},"modified":"2025-05-19T10:19:21","modified_gmt":"2025-05-19T08:19:21","slug":"apodiforme","status":"publish","type":"page","link":"https:\/\/webs.uab.cat\/bees\/apodiforme\/","title":{"rendered":"Apodiforme"},"content":{"rendered":"\n<p><strong>Descripci\u00f3n:<\/strong><\/p>\n\n\n\n<p class=\"has-text-align-justify has-alegreya-font-family has-small-font-size\">Este orden incluye tres familias de aves, entre las cuales se encuentran los colibr\u00edes y los vencejos. Recientemente, se ha comenzado a separar a los colibr\u00edes en un nuevo orden, conocido como <em>Trochiliformes<\/em>, lo que genera discrepancias en la clasificaci\u00f3n de estos organismos dependiendo del autor consultado.<\/p>\n\n\n\n<p class=\"has-text-align-justify has-alegreya-font-family has-small-font-size\">El nombre de este grupo proviene de una caracter\u00edstica muy importante: las patas. Estas son de tama\u00f1o reducido y carecen de escamas, a diferencia de muchas otras aves.<\/p>\n\n\n\n<p class=\"has-text-align-justify has-alegreya-font-family has-small-font-size\">Generalmente habitan en zonas tropicales h\u00famedas, aunque su \u00e1rea de distribuci\u00f3n puede ser m\u00e1s amplia. Por ello, pueden encontrarse en nuestro territorio, que suele ser c\u00e1lido y seco.<\/p>\n\n\n\n<p class=\"has-text-align-justify has-alegreya-font-family has-small-font-size\">Otra caracter\u00edstica destacada de este grupo es su alta capacidad de vuelo. Las aves de este orden pueden volar a grandes velocidades y ejercer un control preciso sobre la direccionalidad, gracias a sus alas largas y estrechas, y una cola en forma de horquilla.<\/p>\n\n\n\n<p class=\"has-text-align-justify has-alegreya-font-family has-small-font-size\">Los <em>Apodiformes<\/em> en sentido estricto se alimentan generalmente de insectos, mientras que los <em>Trochiliformes<\/em> obtienen su energ\u00eda del n\u00e9ctar de las flores.<\/p>\n\n\n\n<p class=\"has-text-align-justify has-alegreya-font-family has-small-font-size\">La especie seleccionada como representante de este grupo, debido a su gran abundancia, es \u201c<em><a href=\"https:\/\/webs.uab.cat\/bees\/vencejo-comun\/\" data-type=\"page\" data-id=\"412\">Apus apus<\/a>\u201d<\/em>.<\/p>\n\n\n\n<div style=\"height:30px\" aria-hidden=\"true\" class=\"wp-block-spacer\"><\/div>\n\n\n\n<p><strong>Bibliografia:<\/strong><\/p>\n\n\n\n<p class=\"has-text-align-justify has-small-font-size\"><em>Apodiformes<\/em>. (n.d.). Madrid.org. Retrieved December 29, 2024, from<a href=\"https:\/\/animalandia.educa.madrid.org\/taxon.php?nombre=Apodiformes\"> https:\/\/animalandia.educa.madrid.org\/taxon.php?nombre=Apodiformes<\/a><\/p>\n\n\n\n<p class=\"has-text-align-justify has-small-font-size\"><em>Order Apodiformes<\/em>. (n.d.). Taxateca.com. Retrieved December 29, 2024, from <a href=\"https:\/\/www.taxateca.com\/ordenapodiformes.html\">https:\/\/www.taxateca.com\/ordenapodiformes.html<\/a><\/p>\n","protected":false},"excerpt":{"rendered":"<p>Descripci\u00f3n: Este orden incluye tres familias de aves, entre las cuales se encuentran los colibr\u00edes y los vencejos. Recientemente, se ha comenzado a separar a los colibr\u00edes en un nuevo orden, conocido como Trochiliformes, lo que genera discrepancias en la clasificaci\u00f3n de estos organismos dependiendo del autor consultado. El nombre de este grupo proviene de [&hellip;]<\/p>\n","protected":false},"author":2556,"featured_media":0,"parent":0,"menu_order":0,"comment_status":"closed","ping_status":"closed","template":"","meta":{"footnotes":""},"class_list":["post-684","page","type-page","status-publish","hentry"],"_links":{"self":[{"href":"https:\/\/webs.uab.cat\/bees\/wp-json\/wp\/v2\/pages\/684","targetHints":{"allow":["GET"]}}],"collection":[{"href":"https:\/\/webs.uab.cat\/bees\/wp-json\/wp\/v2\/pages"}],"about":[{"href":"https:\/\/webs.uab.cat\/bees\/wp-json\/wp\/v2\/types\/page"}],"author":[{"embeddable":true,"href":"https:\/\/webs.uab.cat\/bees\/wp-json\/wp\/v2\/users\/2556"}],"replies":[{"embeddable":true,"href":"https:\/\/webs.uab.cat\/bees\/wp-json\/wp\/v2\/comments?post=684"}],"version-history":[{"count":1,"href":"https:\/\/webs.uab.cat\/bees\/wp-json\/wp\/v2\/pages\/684\/revisions"}],"predecessor-version":[{"id":4129,"href":"https:\/\/webs.uab.cat\/bees\/wp-json\/wp\/v2\/pages\/684\/revisions\/4129"}],"wp:attachment":[{"href":"https:\/\/webs.uab.cat\/bees\/wp-json\/wp\/v2\/media?parent=684"}],"curies":[{"name":"wp","href":"https:\/\/api.w.org\/{rel}","templated":true}]}}