{"id":335,"date":"2025-02-16T11:45:20","date_gmt":"2025-02-16T09:45:20","guid":{"rendered":"https:\/\/webs.uab.cat\/beyond-postmemory\/?page_id=335"},"modified":"2025-07-15T13:32:11","modified_gmt":"2025-07-15T11:32:11","slug":"dr-christina-howes","status":"publish","type":"page","link":"https:\/\/webs.uab.cat\/beyond-postmemory\/members\/working-team\/dr-christina-howes\/","title":{"rendered":"Dr Christina Howes"},"content":{"rendered":"\n<figure class=\"wp-block-image size-large is-resized\"><img loading=\"lazy\" decoding=\"async\" width=\"768\" height=\"1024\" src=\"https:\/\/webs.uab.cat\/beyond-postmemory\/wp-content\/uploads\/sites\/597\/2025\/02\/photo-chowes-768x1024.jpg\" alt=\"\" class=\"wp-image-386\" style=\"width:326px;height:auto\" srcset=\"https:\/\/webs.uab.cat\/beyond-postmemory\/wp-content\/uploads\/sites\/597\/2025\/02\/photo-chowes-768x1024.jpg 768w, https:\/\/webs.uab.cat\/beyond-postmemory\/wp-content\/uploads\/sites\/597\/2025\/02\/photo-chowes-225x300.jpg 225w, https:\/\/webs.uab.cat\/beyond-postmemory\/wp-content\/uploads\/sites\/597\/2025\/02\/photo-chowes-1152x1536.jpg 1152w, https:\/\/webs.uab.cat\/beyond-postmemory\/wp-content\/uploads\/sites\/597\/2025\/02\/photo-chowes-1536x2048.jpg 1536w, https:\/\/webs.uab.cat\/beyond-postmemory\/wp-content\/uploads\/sites\/597\/2025\/02\/photo-chowes-1200x1600.jpg 1200w, https:\/\/webs.uab.cat\/beyond-postmemory\/wp-content\/uploads\/sites\/597\/2025\/02\/photo-chowes-1980x2640.jpg 1980w, https:\/\/webs.uab.cat\/beyond-postmemory\/wp-content\/uploads\/sites\/597\/2025\/02\/photo-chowes-scaled.jpg 1920w\" sizes=\"auto, (max-width: 768px) 100vw, 768px\" \/><\/figure>\n\n\n\n<p><a href=\"mailto:chowes@uic.es\">chowes@uic.es<\/a><\/p>\n\n\n\n<p><strong>Department &amp; University<\/strong>: Faculty of Education. Universidad Internacional de Catalunya, (UIC)<\/p>\n\n\n\n<p>My research focuses on contemporary war literature and postmemorial writing, approaching these narratives through the lens of affect theory, spatial phenomenology, and ecological perspectives. My research examines how contemporary Anglophone writers depict conflict, migration, borders, and traumatic events, considering how literary aesthetics shape our understanding of these pressing global issues. By exploring the interplay between memory, space, and affect, I investigate how literature engages with histories of violence and displacement in ways that remain both contextually grounded and universally resonant.<\/p>\n\n\n\n<p>My recent work has focused on the ethics of relationality in post-1989 European war literature, analysing how narratives of migration, conflict and loss intersect with broader socio-political concerns. My latest research explores the role of architecture, space, and ecological entanglements in war narratives and postmemorial literature.<\/p>\n\n\n\n<p>Beyond literary studies, my work contributes to interdisciplinary conversations on trauma, memory, and displacement, engaging with contemporary debates in affect studies, eco-philosophy, posthumanism, and environmental humanities. Through this research, I seek to illuminate the ways literature not only reflects the past but also intervenes in present discourses on war, borders, and belonging.<\/p>\n\n\n\n<p><strong>Most recent publications:<\/strong><\/p>\n\n\n\n<p><strong>2024:<\/strong> \u201cA Post-Memorial Aesthetics of Contemporary Haunting: The Architectural Uncanny in Rachel Seiffert\u2019s The Dark Room.\u201d <em>Beyond Post-Memory: (Re)Writing War in Contemporary Literature and Culture<\/em>, edited by Cristina Pividori and Owen David, 1st ed., Routledge,  pp. 227\u201338.<\/p>\n\n\n\n<p><strong>2024:<\/strong> \u201cLegacies of War: A Pedagogical Approach to Sustainable Peace Education using Literature as a Tool of Enquiry.\u201d <em>\u00c1mbitos y Perspectivas Actuales en Ling\u00fc\u00edstica y Literatura<\/em>, edited by Eva Pelayo Sa\u00f1udo &amp; Marta Gancedo Ruiz, Editorial Comares, pp. 107-124.<\/p>\n\n\n\n<p><strong>2023:<\/strong> \u201cAll Hell Let Loose\u201d on the Post-war Homefront: Postmemorial Engagement of Returning Combatants of World War II.\u201d <em>Books Now: Gdansk Journal of Humanities<\/em>, 1 (16), pp. 59-71.<\/p>\n\n\n\n<p><strong>2023:<\/strong> &#8220;The World is still Beautiful&#8221;: An Eco-philosophical Reading of Eugene McCabe&#8217;s Victims Trilogy.\u201d <em>Estudios Irlandeses<\/em>, Issue 18, pp. 172-1.<\/p>\n\n\n\n<p><strong>2023: <\/strong>\u201cStretching the Temporal Boundaries of Postmemorial Fiction: Shades of Albert Camus&#8217; Absurd in Biyi Bandele Thomas&#8217; Burma Boy.\u201d <em>Atlantis Journal of the Spanish Association for Anglo-American Studies<\/em>, Vol. 45. No. 2 (December): 225-243<\/p>\n\n\n\n<p><strong>2022:<\/strong> \u201cLaughing and Crying at the Same Time: Reading Biyi Bandele&#8217;s Burma Boy through a Bergsonian Theory of the Comic.\u201d <em>University of Bucharest Review<\/em>, Vol. XII, no. 2, <em>Disaster Discourse: Representations of Catastrophe<\/em> (II).<\/p>\n","protected":false},"excerpt":{"rendered":"<p>chowes@uic.es Department &amp; University: Faculty of Education. Universidad Internacional de Catalunya, (UIC) My research focuses on contemporary war literature and postmemorial writing, approaching these narratives through the lens of affect theory, spatial phenomenology, and ecological perspectives. My research examines how contemporary Anglophone writers depict conflict, migration, borders, and traumatic events, considering how literary aesthetics shape [&hellip;]<\/p>\n","protected":false},"author":2569,"featured_media":0,"parent":583,"menu_order":2,"comment_status":"closed","ping_status":"closed","template":"","meta":{"footnotes":""},"class_list":["post-335","page","type-page","status-publish","hentry"],"_links":{"self":[{"href":"https:\/\/webs.uab.cat\/beyond-postmemory\/wp-json\/wp\/v2\/pages\/335","targetHints":{"allow":["GET"]}}],"collection":[{"href":"https:\/\/webs.uab.cat\/beyond-postmemory\/wp-json\/wp\/v2\/pages"}],"about":[{"href":"https:\/\/webs.uab.cat\/beyond-postmemory\/wp-json\/wp\/v2\/types\/page"}],"author":[{"embeddable":true,"href":"https:\/\/webs.uab.cat\/beyond-postmemory\/wp-json\/wp\/v2\/users\/2569"}],"replies":[{"embeddable":true,"href":"https:\/\/webs.uab.cat\/beyond-postmemory\/wp-json\/wp\/v2\/comments?post=335"}],"version-history":[{"count":4,"href":"https:\/\/webs.uab.cat\/beyond-postmemory\/wp-json\/wp\/v2\/pages\/335\/revisions"}],"predecessor-version":[{"id":405,"href":"https:\/\/webs.uab.cat\/beyond-postmemory\/wp-json\/wp\/v2\/pages\/335\/revisions\/405"}],"up":[{"embeddable":true,"href":"https:\/\/webs.uab.cat\/beyond-postmemory\/wp-json\/wp\/v2\/pages\/583"}],"wp:attachment":[{"href":"https:\/\/webs.uab.cat\/beyond-postmemory\/wp-json\/wp\/v2\/media?parent=335"}],"curies":[{"name":"wp","href":"https:\/\/api.w.org\/{rel}","templated":true}]}}