{"id":531,"date":"2025-06-12T19:54:35","date_gmt":"2025-06-12T17:54:35","guid":{"rendered":"https:\/\/webs.uab.cat\/beyond-postmemory\/?page_id=531"},"modified":"2025-07-15T13:34:08","modified_gmt":"2025-07-15T11:34:08","slug":"dr-lluisa-schlesier","status":"publish","type":"page","link":"https:\/\/webs.uab.cat\/beyond-postmemory\/members\/working-team\/dr-lluisa-schlesier\/","title":{"rendered":"Dr Llu\u00efsa Schlesier"},"content":{"rendered":"\n<figure class=\"wp-block-image size-full is-resized\"><img loading=\"lazy\" decoding=\"async\" width=\"394\" height=\"525\" src=\"https:\/\/webs.uab.cat\/beyond-postmemory\/wp-content\/uploads\/sites\/597\/2025\/06\/Luise.jpg\" alt=\"\" class=\"wp-image-532\" style=\"width:328px;height:auto\" srcset=\"https:\/\/webs.uab.cat\/beyond-postmemory\/wp-content\/uploads\/sites\/597\/2025\/06\/Luise.jpg 394w, https:\/\/webs.uab.cat\/beyond-postmemory\/wp-content\/uploads\/sites\/597\/2025\/06\/Luise-225x300.jpg 225w\" sizes=\"auto, (max-width: 394px) 100vw, 394px\" \/><\/figure>\n\n\n\n<p><strong>E-mail address<\/strong>: <a href=\"mailto:lluisa.schlesier@uab.cat\">lluisa.schlesier@uab.cat<\/a><\/p>\n\n\n\n<p><strong>Department &amp; University<\/strong>: Department of English and German Studies, UAB<\/p>\n\n\n\n<p><strong>Brief summary of research interests<\/strong>: My main research interest is in Irish and British working-class literature written in the twentieth and twenty-first centuries. My most recent work has focused on Roddy Doyle\u2019s novels and short stories, although I have also conducted research on several authors belonging to the Angry Young Men movement. In light of my work on Doyle, I have also expanded my interest in recent Irish literature.<\/p>\n\n\n\n<p><strong>Selected publications<\/strong>:<\/p>\n\n\n\n<ul class=\"wp-block-list\">\n<li><strong>2024. <\/strong>Schlesier Corrales, Llu\u00efsa. \u201cInterview with Roddy Doyle.\u201d <em>Odisea<\/em>, 25, 143-153. <a href=\"https:\/\/doi.org\/10.25115\/odisea.vi25\" target=\"_blank\" rel=\"noreferrer noopener\">10.25115\/odisea.vi25<\/a>.<\/li>\n<\/ul>\n\n\n\n<ul class=\"wp-block-list\">\n<li><strong>2021. <\/strong>Schlesier Corrales, Llu\u00efsa. \u201cReview of&nbsp;<em>Samuel Beckett en Espa\u00f1a<\/em>.\u201d&nbsp;<em>Bekettiana,&nbsp;<\/em>18, 87-8. <a href=\"https:\/\/doi.org\/10.34096\/beckettiana.n18.10843\" target=\"_blank\" rel=\"noreferrer noopener\">10.34096\/beckettiana.n18.10843<\/a>.<\/li>\n<\/ul>\n\n\n\n<ul class=\"wp-block-list\">\n<li><strong>2021. <\/strong>Schlesier Corrales, Llu\u00efsa. \u201c\u2018It Happened to All of Us\u2019: Disclosing Sexual Abuse in Catholic Ireland in Roddy Doyle\u2019s&nbsp;&nbsp;&nbsp;<em>Smile.<\/em>\u201d&nbsp;<em>Estudios Irlandeses<\/em>, 16, 165-182. <a href=\"https:\/\/doi.org\/10.24162\/ei2021-10076\" target=\"_blank\" rel=\"noreferrer noopener\">10.24162\/ei2021-10076<\/a>.<\/li>\n<\/ul>\n\n\n\n<ul class=\"wp-block-list\">\n<li><strong>2020. <\/strong>Schlesier Corrales, Llu\u00efsa. \u201cReview of \u00c9il\u00eds N\u00ed Dhuibhne.&nbsp;<em>Un Almuerzo Literario y Otros Cuentos.<\/em>\u201d&nbsp;<em>Estudios Irlandeses<\/em>,&nbsp;14, 246-50. <a href=\"https:\/\/doi.org\/10.24162\/ei2019-8913\" target=\"_blank\" rel=\"noreferrer noopener\">10.24162\/ei2019-8913<\/a>.<\/li>\n<\/ul>\n\n\n\n<p><strong>Personal Website<\/strong>: <a href=\"https:\/\/orcid.org\/0000-0002-2226-8310\">https:\/\/orcid.org\/0000-0002-2226-8310<\/a><\/p>\n","protected":false},"excerpt":{"rendered":"<p>E-mail address: lluisa.schlesier@uab.cat Department &amp; University: Department of English and German Studies, UAB Brief summary of research interests: My main research interest is in Irish and British working-class literature written in the twentieth and twenty-first centuries. My most recent work has focused on Roddy Doyle\u2019s novels and short stories, although I have also conducted research [&hellip;]<\/p>\n","protected":false},"author":59,"featured_media":0,"parent":583,"menu_order":4,"comment_status":"closed","ping_status":"closed","template":"","meta":{"footnotes":""},"class_list":["post-531","page","type-page","status-publish","hentry"],"_links":{"self":[{"href":"https:\/\/webs.uab.cat\/beyond-postmemory\/wp-json\/wp\/v2\/pages\/531","targetHints":{"allow":["GET"]}}],"collection":[{"href":"https:\/\/webs.uab.cat\/beyond-postmemory\/wp-json\/wp\/v2\/pages"}],"about":[{"href":"https:\/\/webs.uab.cat\/beyond-postmemory\/wp-json\/wp\/v2\/types\/page"}],"author":[{"embeddable":true,"href":"https:\/\/webs.uab.cat\/beyond-postmemory\/wp-json\/wp\/v2\/users\/59"}],"replies":[{"embeddable":true,"href":"https:\/\/webs.uab.cat\/beyond-postmemory\/wp-json\/wp\/v2\/comments?post=531"}],"version-history":[{"count":3,"href":"https:\/\/webs.uab.cat\/beyond-postmemory\/wp-json\/wp\/v2\/pages\/531\/revisions"}],"predecessor-version":[{"id":546,"href":"https:\/\/webs.uab.cat\/beyond-postmemory\/wp-json\/wp\/v2\/pages\/531\/revisions\/546"}],"up":[{"embeddable":true,"href":"https:\/\/webs.uab.cat\/beyond-postmemory\/wp-json\/wp\/v2\/pages\/583"}],"wp:attachment":[{"href":"https:\/\/webs.uab.cat\/beyond-postmemory\/wp-json\/wp\/v2\/media?parent=531"}],"curies":[{"name":"wp","href":"https:\/\/api.w.org\/{rel}","templated":true}]}}