{"id":21,"date":"2026-03-05T15:41:46","date_gmt":"2026-03-05T13:41:46","guid":{"rendered":"https:\/\/webs.uab.cat\/bgd\/?page_id=21"},"modified":"2026-03-05T17:05:39","modified_gmt":"2026-03-05T15:05:39","slug":"projects-rd","status":"publish","type":"page","link":"https:\/\/webs.uab.cat\/bgd\/projects-rd\/","title":{"rendered":"Projects R+D"},"content":{"rendered":"\n<h2 class=\"wp-block-heading\">Active<\/h2>\n\n\n\n<blockquote class=\"wp-block-quote is-layout-flow wp-block-quote-is-layout-flow\">\n<p><strong>PID2024-162000NB-I00 \u2013 Genomic adaptation and stress responses in a changing world<\/strong><br>Funded by the <em>Ministerio de Ciencia, Innovaci\u00f3n y Universidades<\/em> (Proyectos de Generaci\u00f3n de Conocimiento 2024).<br>Principal Investigators: <strong><u>MP. Garc\u00eda-Guerreiro<\/u><\/strong> (IP1) and <strong><u>S. Casillas<\/u><\/strong> (IP2).<br>Budget: 206,250 \u20ac. Duration: 01\/09\/2025 \u2013 31\/08\/2028.<\/p>\n<\/blockquote>\n\n\n\n<blockquote class=\"wp-block-quote is-layout-flow wp-block-quote-is-layout-flow\">\n<p><strong>DATA-2022-1-0015 <strong>\u2013<\/strong> PopLife: the reference online population genomics browser across the tree of life<\/strong> in strategic collaboration with the <a href=\"https:\/\/www.pic.es\/\"><em>Port d\u2019Informaci\u00f3 Cient\u00edfica<\/em><\/a> (PIC)<br>Funded by the <a href=\"https:\/\/www.res.es\/\"><em>Spanish Supercomputing Network<\/em><\/a> (RES)<br>Principal Investigator: <strong><u>A. Barbadilla<\/u><\/strong><br>Budget: Five-year data allocation. Duration: 2023-2028.<\/p>\n\n\n\n<p><em>PopLife constitutes a digital research infrastructure developed by the group for the visualization and analysis of population genomic data across species. Through a strategic collaboration with the <a href=\"https:\/\/www.pic.es\/\">Port d\u2019Informaci\u00f3 Cient\u00edfica<\/a> (PIC), one of the nodes of the <a href=\"https:\/\/www.res.es\/\">Spanish Supercomputing Network<\/a> (RES), the platform is hosted within national high-performance computing facilities, ensuring scalability, long-term data preservation and interoperability. The project secured a competitive five-year data allocation from the RES (DATA-2022-1-0015), reinforcing its national strategic relevance. PopLife integrates multiple previous genomic tools into a unified and scalable platform, ensures FAIR data compliance, and exemplifies innovation in bioinformatics infrastructure aligned with the digital transformation of research systems. <\/em><\/p>\n<\/blockquote>\n\n\n\n<h2 class=\"wp-block-heading\">Past<\/h2>\n\n\n\n<blockquote class=\"wp-block-quote is-layout-flow wp-block-quote-is-layout-flow\">\n<p><strong>PID2021-127107NB-I00 \u2013 Population genomics of adaptation<\/strong><br>Funded by the <em>Ministerio de Ciencia e Innovaci\u00f3n<\/em> (<em>Proyectos de Generaci\u00f3n de Conocimiento<\/em> 2021).<br>Principal Investigators: <strong><u>A. Barbadilla<\/u><\/strong> (IP1) and <strong><u>J. Mart\u00ednez-Urtaza<\/u><\/strong> (IP2).<br>Budget: 222,640 \u20ac. Duration: 01\/09\/2022 \u2013 31\/08\/2025.<\/p>\n<\/blockquote>\n\n\n\n<blockquote class=\"wp-block-quote is-layout-flow wp-block-quote-is-layout-flow\">\n<p><strong>SGR00526<\/strong> <strong>\u2013<\/strong> <a href=\"https:\/\/webs.uab.cat\/gbbe\/\"><em>Genomics, Bioinformatics and Evolutionary Biology Group<\/em><\/a> (GBBE). Grup de Recerca Consolidat de la Generalitat de Catalunya 2021. <br>Funded by the Ag\u00e8ncia de Gesti\u00f3 d&#8217;Ajuts Universitaris i de Recerca (AGAUR)<br>Principal Investigator: <strong><u>M. Santos<\/u><\/strong><br>Duration: 2021-2024.<\/p>\n<\/blockquote>\n\n\n\n<p><\/p>\n","protected":false},"excerpt":{"rendered":"<p>Active PID2024-162000NB-I00 \u2013 Genomic adaptation and stress responses in a changing worldFunded by the Ministerio de Ciencia, Innovaci\u00f3n y Universidades (Proyectos de Generaci\u00f3n de Conocimiento 2024).Principal Investigators: MP. Garc\u00eda-Guerreiro (IP1) and S. Casillas (IP2).Budget: 206,250 \u20ac. Duration: 01\/09\/2025 \u2013 31\/08\/2028. DATA-2022-1-0015 \u2013 PopLife: the reference online population genomics browser across the tree of life in [&hellip;]<\/p>\n","protected":false},"author":563,"featured_media":0,"parent":0,"menu_order":0,"comment_status":"closed","ping_status":"closed","template":"","meta":{"footnotes":""},"class_list":["post-21","page","type-page","status-publish","hentry"],"_links":{"self":[{"href":"https:\/\/webs.uab.cat\/bgd\/wp-json\/wp\/v2\/pages\/21","targetHints":{"allow":["GET"]}}],"collection":[{"href":"https:\/\/webs.uab.cat\/bgd\/wp-json\/wp\/v2\/pages"}],"about":[{"href":"https:\/\/webs.uab.cat\/bgd\/wp-json\/wp\/v2\/types\/page"}],"author":[{"embeddable":true,"href":"https:\/\/webs.uab.cat\/bgd\/wp-json\/wp\/v2\/users\/563"}],"replies":[{"embeddable":true,"href":"https:\/\/webs.uab.cat\/bgd\/wp-json\/wp\/v2\/comments?post=21"}],"version-history":[{"count":3,"href":"https:\/\/webs.uab.cat\/bgd\/wp-json\/wp\/v2\/pages\/21\/revisions"}],"predecessor-version":[{"id":40,"href":"https:\/\/webs.uab.cat\/bgd\/wp-json\/wp\/v2\/pages\/21\/revisions\/40"}],"wp:attachment":[{"href":"https:\/\/webs.uab.cat\/bgd\/wp-json\/wp\/v2\/media?parent=21"}],"curies":[{"name":"wp","href":"https:\/\/api.w.org\/{rel}","templated":true}]}}