{"id":45,"date":"2013-02-13T17:50:44","date_gmt":"2013-02-13T17:50:44","guid":{"rendered":"https:\/\/webs.uab.cat\/bhumanitats\/portals-tematics\/"},"modified":"2022-09-09T11:46:09","modified_gmt":"2022-09-09T11:46:09","slug":"portals-tematics","status":"publish","type":"page","link":"https:\/\/webs.uab.cat\/bhumanitats\/portals-tematics\/","title":{"rendered":"Portals tem\u00e0tics"},"content":{"rendered":"<div class=\"wp-block-image\">\n<figure class=\"alignleft\"><a href=\"http:\/\/pagines.uab.cat\/50anysarqueologiauab\/ca\" target=\"_blank\" rel=\"noopener\"><img loading=\"lazy\" decoding=\"async\" width=\"580\" height=\"144\" src=\"https:\/\/webs.uab.cat\/bhumanitats\/wp-content\/uploads\/sites\/197\/2013\/02\/50anys.png\" alt=\"50anys.png\" class=\"wp-image-36\" srcset=\"https:\/\/webs.uab.cat\/bhumanitats\/wp-content\/uploads\/sites\/197\/2013\/02\/50anys.png 580w, https:\/\/webs.uab.cat\/bhumanitats\/wp-content\/uploads\/sites\/197\/2013\/02\/50anys-300x74.png 300w\" sizes=\"auto, (max-width: 580px) 100vw, 580px\" \/><\/a><\/figure>\n<\/div>\n\n\n<p><a href=\"http:\/\/pagines.uab.cat\/50anysarqueologiauab\/ca\" target=\"_blank\" rel=\"noopener\"><strong>50 Anys d&#8217;Arqueologia a la UAB<\/strong><\/a>: exposici\u00f3 virtual de l\u2019activitat de la UAB en el camp de l\u2019Arqueologia durant els darrers 50 anys. S&#8217;ha volgut recuperar aqu\u00ed, com si fos una tasca arqueol\u00f2gica, nom\u00e9s alguns bocins d\u2019aquesta hist\u00f2ria amb els que la persona interessada s\u2019haur\u00e0 de fer una representaci\u00f3 de la imatge real.<\/p>\n\n\n\n<p>&nbsp;<\/p>\n\n\n<div class=\"wp-block-image\">\n<figure class=\"alignright\"><img loading=\"lazy\" decoding=\"async\" width=\"200\" height=\"32\" src=\"https:\/\/webs.uab.cat\/bhumanitats\/wp-content\/uploads\/sites\/197\/2013\/02\/unup.png\" alt=\"unup.png\" class=\"wp-image-37\"\/><\/figure>\n<\/div>\n\n\n<p><strong><a href=\"http:\/\/pagines.uab.cat\/unup\/content\/home\" target=\"_blank\" rel=\"noopener\">After Empire: Using and Not Using the Past in the Crisis of the Carolingian World, c.900\u2012c.1050<\/a><\/strong>, \u00e9s un projecte UNUP que analitza la transformaci\u00f3 de la geografia pol\u00edtica d&#8217;aquest periode tot estudiant el cas de Catalunya. El seu investigador principal \u00e9s el Dr Matthias M. Tischler, de la UAB.<\/p>\n\n\n\n<p>&nbsp;<\/p>\n\n\n<div class=\"wp-block-image\">\n<figure class=\"alignleft\"><img loading=\"lazy\" decoding=\"async\" width=\"380\" height=\"60\" src=\"https:\/\/webs.uab.cat\/bhumanitats\/wp-content\/uploads\/sites\/197\/2013\/02\/capcaleraaftermath.png\" alt=\"capcaleraaftermath.png\" class=\"wp-image-38\" srcset=\"https:\/\/webs.uab.cat\/bhumanitats\/wp-content\/uploads\/sites\/197\/2013\/02\/capcaleraaftermath.png 380w, https:\/\/webs.uab.cat\/bhumanitats\/wp-content\/uploads\/sites\/197\/2013\/02\/capcaleraaftermath-300x47.png 300w\" sizes=\"auto, (max-width: 380px) 100vw, 380px\" \/><\/figure>\n<\/div>\n\n\n<p><a href=\"http:\/\/pagines.uab.cat\/aftermath\/\" target=\"_blank\" rel=\"noopener\"><strong>Aftermath<\/strong><\/a>&nbsp;: \u00e9s un projecte de l&#8217;<em>European Research Council Starting Grant<\/em> (2018-2023) dirigit per la professora <em>Rebekah Clements<\/em> (<strong>ICREA<\/strong>, Universitat Aut\u00f2noma de Barcelona). Aquest projecte t\u00e9 com a objectiu principal estudiar l&#8217;impacte de la guerra del sud-est asi\u00e0tic de 1592 a 1598.<\/p>\n\n\n\n<p>&nbsp;<\/p>\n\n\n\n<p><strong><a title=\"SGTL\" href=\"https:\/\/www.bib.uab.cat\/human\/arxiusocietatliceu\/publiques\/indexcat.php\" target=\"_blank\" rel=\"noopener\"><img loading=\"lazy\" decoding=\"async\" class=\"image image-_original \" style=\"float: right; border: 1px solid black; margin: 5px 15px 5px 15px;\" title=\"\" src=\"http:\/\/serveis.uab.cat\/bhumanitats\/sites\/serveis.uab.cat.bhumanitats\/files\/images\/liceu.jpg\" alt=\"\" width=\"165\" height=\"63\"><\/a><a title=\"SGTL\" href=\"https:\/\/www.bib.uab.cat\/human\/arxiusocietatliceu\/publiques\/indexcat.php\" target=\"_blank\" rel=\"noopener\">Arxiu Hist\u00f2ric de la Societat del Gran Teatre del Liceu<\/a><\/strong>: l&#8217;arxiu de la Societat del Gran Teatre del Liceu est\u00e0 format per un extens i riqu\u00edssim corpus documental, que ens permet resseguir l\u2019activitat del teatre pas a pas. Compr\u00e8n des del 1837 fins a l\u2019actualitat. S\u2019hi troba des de la traject\u00f2ria de la Societat que impuls\u00e0 la construcci\u00f3, el dia a dia del teatre, diversos documents t\u00e8cnics i escenogr\u00e0fics, materials musicals i art\u00edstics, i documents de l\u2019administraci\u00f3 de diferents empresaris.<\/p>\n\n\n\n<p><strong><a href=\"http:\/\/bibliotequesbh.uab.cat\/bdhah\/\" target=\"_blank\" rel=\"noopener\"><img decoding=\"async\" style=\"float: left; border: 1px solid black; margin: 5px 15px; width: 138px; height: 80px;\" src=\"http:\/\/serveis.uab.cat\/bhumanitats\/sites\/serveis.uab.cat.bhumanitats\/files\/bdhah.jpg\" alt=\"\"><\/a>&nbsp;<a href=\"http:\/\/bibliotequesbh.uab.cat\/bdhah\/\" target=\"_blank\" rel=\"noopener\">Biblioteca Digital d&#8217;Hist\u00f2ria de l&#8217;Art Hisp\u00e0nic<\/a><\/strong> : Portal dirigit pel Departament d&#8217;Hist\u00f2ria de l&#8217;Art i Musicologia de la Universitat Aut\u00f2noma de Barcelona, coordinat i realitzat per la Biblioteca d&#8217;Humanitats. Presenta un sistema d&#8217;informaci\u00f3 orientat a la consulta de documents de literatura art\u00edstica, publicada durant l&#8217;\u00faltim ter\u00e7 de segle XIX i principis del XX.<\/p>\n\n\n\n<p>&nbsp;<\/p>\n\n\n\n<p><a href=\"http:\/\/bibliotequesbh.uab.cat\/goldoni\/\" target=\"_blank\" rel=\"noopener\"><img decoding=\"async\" class=\"image image-_original \" style=\"border: 1px solid black; margin: 5px 15px; float: right; width: 150px; height: 38px;\" title=\"\" src=\"http:\/\/serveis.uab.cat\/bhumanitats\/sites\/serveis.uab.cat.bhumanitats\/files\/images\/goldoni1.png\" alt=\"La Bottega di Goldoni\"><\/a>Base de dades <a href=\"http:\/\/bibliotequesbh.uab.cat\/goldoni\/\" target=\"_blank\" rel=\"noopener\"><strong>La Bottega di Goldoni<\/strong><\/a>, coordinada i realitzada pel grup de recerca <a title=\"Teatresit\" href=\"http:\/\/grupsderecerca.uab.cat\/teatresit\/\" target=\"_blank\" rel=\"noopener\">Teatresit<\/a>. El projecte principal d&#8217;aquest grup \u00e9s l&#8217;estudi en profunditat de l&#8217;obra del dramaturg veneci\u00e0 <strong>Carlo Goldoni<\/strong> a la Pen\u00ednsula ib\u00e8rica, no nom\u00e9s des del punt de vista bibliogr\u00e0fic sin\u00f3 tamb\u00e9 des de l&#8217;\u00f2ptica de les posades en escena de les seves <em>Comedias<\/em> i <em>Drammi giocosi<\/em>, a partir de 1750.<\/p>\n\n\n\n<p>&nbsp;<\/p>\n\n\n<div class=\"wp-block-image\">\n<figure class=\"alignleft\"><a href=\"http:\/\/pagines.uab.cat\/centrodelinguaportuguesacamoes\/pt-pt\" target=\"_blank\" rel=\"noopener\"><img loading=\"lazy\" decoding=\"async\" width=\"150\" height=\"60\" src=\"https:\/\/webs.uab.cat\/bhumanitats\/wp-content\/uploads\/sites\/197\/2013\/02\/linguaportuguesa.png\" alt=\"linguaportuguesa.png\" class=\"wp-image-39\"\/><\/a><\/figure>\n<\/div>\n\n\n<p><a href=\"http:\/\/pagines.uab.cat\/centrodelinguaportuguesacamoes\/pt-pt\" target=\"_blank\" rel=\"noopener\"><strong>Centro de L\u00edngua Portuguesa\/Cam\u00f5es Barcelona<\/strong><\/a>: aquesta instituci\u00f3 t\u00e9 una intensa activitat de promoci\u00f3 de la llengua i la cultura portugueses per tal d&#8217;extendre la seva influ\u00e8ncia a les institucions i al p\u00fablic catal\u00e0 en general.<\/p>\n\n\n\n<p>&nbsp;<\/p>\n\n\n<div class=\"wp-block-image\">\n<figure class=\"alignright\"><img loading=\"lazy\" decoding=\"async\" width=\"422\" height=\"170\" src=\"https:\/\/webs.uab.cat\/bhumanitats\/wp-content\/uploads\/sites\/197\/2013\/02\/fidora.png\" alt=\"fidora.png\" class=\"wp-image-40\" srcset=\"https:\/\/webs.uab.cat\/bhumanitats\/wp-content\/uploads\/sites\/197\/2013\/02\/fidora.png 422w, https:\/\/webs.uab.cat\/bhumanitats\/wp-content\/uploads\/sites\/197\/2013\/02\/fidora-300x121.png 300w\" sizes=\"auto, (max-width: 422px) 100vw, 422px\" \/><\/figure>\n<\/div>\n\n\n<p><a href=\"http:\/\/pagines.uab.cat\/gundisalvi\/\" target=\"_blank\" rel=\"noopener\"><strong>The Dominicus Gundisalvi Website<\/strong><\/a>: aquest web ofereix acc\u00e9s lliure als treballs de Dominicus Gundisalvi, bibliografia actualitzada i not\u00edcies sobre publicacions, trobades i esdeveniments sobre Gundissalinus, el seu pensament filos\u00f2fic i la seva faceta de traductor. La UAB, la Universidad de Navarra i la Huboldt-Universit\u00e4t zu Berlin formen part de l&#8217;equip investigador.<\/p>\n\n\n\n<p>&nbsp;<\/p>\n\n\n<div class=\"wp-block-image\">\n<figure class=\"alignleft\"><a href=\"http:\/\/pagines.uab.cat\/carmensimon\/ca\" target=\"_blank\" rel=\"noopener\"><img loading=\"lazy\" decoding=\"async\" width=\"200\" height=\"31\" src=\"https:\/\/webs.uab.cat\/bhumanitats\/wp-content\/uploads\/sites\/197\/2013\/02\/carmensimon1.fw_.png\" alt=\"carmensimon1.fw_.png\" class=\"wp-image-41\"\/><\/a><\/figure>\n<\/div>\n\n\n<p><a href=\"http:\/\/pagines.uab.cat\/carmensimon\/ca\" target=\"_blank\" rel=\"noopener\"><strong>Escritoras espa\u00f1olas 1500-1900<\/strong><\/a>: web que recull el fons <em>Escritoras espa\u00f1olas 1500-1900<\/em>, que la Dra Carmen Sim\u00f3n, professora de recerca del Consejo Superior de Investigaciones Cient\u00edficas, va fer a la Biblioteca d&#8217;Humanitats de la UAB.<\/p>\n\n\n\n<p>&nbsp;<\/p>\n\n\n\n<p><a href=\"https:\/\/forumdelesarts.wordpress.com\/\" target=\"_blank\" rel=\"noopener\"><img decoding=\"async\" class=\"image image-_original \" style=\"float: right; border: 1px solid black; margin: 5px 15px; width: 150px; height: 68px;\" title=\"\" src=\"http:\/\/serveis.uab.cat\/bhumanitats\/sites\/serveis.uab.cat.bhumanitats\/files\/images\/forumBH.png\" alt=\"\"><\/a><strong><a href=\"https:\/\/forumdelesarts.wordpress.com\/\" target=\"_blank\" rel=\"noopener\">F\u00f2rum de les Arts i el Patrimoni<\/a><\/strong>: Espai de trobada on compartir i contrastar opinions, promogut per professors, conservadors de museus i t\u00e8cnics de patrimoni. Plataforma d&#8217;opini\u00f3 col\u00b7lectiva oberta a tots aquells que estan interessats en l&#8217;art i el patrimoni art\u00edstic.<\/p>\n\n\n\n<p>&nbsp;<\/p>\n\n\n\n<p><a href=\"https:\/\/pagines.uab.cat\/ifmuc\/es\" target=\"_blank\" rel=\"noopener\"><span class=\"inline inline-none\"><img decoding=\"async\" class=\"image image-_original \" style=\"float: left; border: 1px solid black; margin: 5px 15px; width: 150px; height: 80px;\" title=\"\" src=\"http:\/\/serveis.uab.cat\/bhumanitats\/sites\/serveis.uab.cat.bhumanitats\/files\/images\/ifmuc.png\" alt=\"IFMuC\"><\/span><strong>IFMuC<\/strong><\/a> <strong>(Inventari dels Fons Musicals de Catalunya)<\/strong>: aquest grup segueix una l\u00ednia de recerca amb la prioritat immediata de treballar per la recuperaci\u00f3 dels fons de manuscrits musicals que constitueixen el patrimoni musical de Catalunya, mitjan\u00e7ant la confecci\u00f3 i l&#8217;edici\u00f3, en el seu origen impresa, dels seus respectius inventaris catalogr\u00e0fics. Aquest projecte t\u00e9 com a objectiu prioritari dur a terme la catalogaci\u00f3 de bona part del repertori musical catal\u00e0 (fons de partitures conservats a arxius, biblioteques, museus i centres de documentaci\u00f3 d&#8217;arreu del territori), per tal d&#8217;afavorir que la ciutadania tingui un lliure acc\u00e9s al contingut dels registres de les col\u00b7leccions dels fons catalogats.&nbsp;La col\u00b7lecci\u00f3 <strong>IFMuC<\/strong> recopila els cat\u00e0legs dels fons musicals de Catalunya que elabora la C\u00e0tedra de Patrimoni Musical del Departament d&#8217;Art i Musicologia de la UAB.<\/p>\n\n\n\n<p><strong><a href=\"https:\/\/ifmuc.uab.cat\/\" target=\"_blank\" rel=\"noopener\">Consulteu la base de dades<\/a><\/strong>.<\/p>\n\n\n\n<p>&nbsp;<\/p>\n\n\n<div class=\"wp-block-image\">\n<figure class=\"alignright\"><a href=\"http:\/\/pagines.uab.cat\/mmemima\/\" target=\"_blank\" rel=\"noopener\"><img loading=\"lazy\" decoding=\"async\" width=\"200\" height=\"60\" src=\"https:\/\/webs.uab.cat\/bhumanitats\/wp-content\/uploads\/sites\/197\/2013\/02\/musicologia.gif\" alt=\"musicologia.gif\" class=\"wp-image-42\"\/><\/a><\/figure>\n<\/div>\n\n\n<p>El <a href=\"http:\/\/pagines.uab.cat\/mmemima\/\" target=\"_blank\" rel=\"noopener\"><strong>M\u00e0ster de Musicologia, Educaci\u00f3 Musical i Interpretaci\u00f3 de la M\u00fasica Antiga<\/strong><\/a> t\u00e9 com a objectiu principal desenvolupar les capacitats i la formaci\u00f3 en recerca musicol\u00f2gica i en educaci\u00f3 musical. D&#8217;altra banda, el m\u00e0ster tamb\u00e9 desenvolupa una especialitzaci\u00f3 interpretativa centrada estrat\u00e8gicament en el sector de la m\u00fasica antiga.<\/p>\n\n\n\n<p>&nbsp;<\/p>\n\n\n\n<p><strong><a title=\"REAO\" href=\"http:\/\/www.bib.uab.cat\/human\/acreditacions\/planes\/publiques\/revistes\/eao.php?area=eao&amp;menuidioma=cat\" target=\"_blank\" rel=\"noopener\"><img decoding=\"async\" class=\"image image-_original \" style=\"float: left; border: 1px solid black; margin: 5px 15px; width: 138px; height: 80px;\" title=\"\" src=\"http:\/\/serveis.uab.cat\/bhumanitats\/sites\/serveis.uab.cat.bhumanitats\/files\/images\/reao.png\" alt=\"REAO\"><\/a><a title=\"REAO\" href=\"http:\/\/www.bib.uab.cat\/human\/acreditacions\/planes\/publiques\/revistes\/eao.php?area=eao&amp;menuidioma=cat\" target=\"_blank\" rel=\"noopener\">REAO,<\/a><\/strong><a title=\"REAO\" href=\"http:\/\/www.bib.uab.cat\/human\/acreditacions\/planes\/publiques\/revistes\/eao.php?area=eao&amp;menuidioma=cat\" target=\"_blank\" rel=\"noopener\"> Revistes dels Estudis de l&#8217;\u00c0sia Oriental<\/a> (indicadors de qualitat): portal que posa a l&#8217;abast del Personal Docent i Investigador (PDI) una eina \u00fatil per poder disposar de dades objectives sobre la qualitat i l\u2019impacte de les seves publicacions en revistes acad\u00e8miques. Entre d&#8217;altres informacions, destaquem que es pot trobar una llista de revistes acad\u00e8miques d\u2019aquesta \u00e0rea de coneixement amb els indicadors de qualitat dels diferents recursos que s\u00f3n valorats per les entitats d\u2019acreditaci\u00f3: AQU, ANECA i CNEAI.<\/p>\n\n\n\n<p>&nbsp;<\/p>\n\n\n<div class=\"wp-block-image\">\n<figure class=\"alignright\"><img loading=\"lazy\" decoding=\"async\" width=\"165\" height=\"78\" src=\"https:\/\/webs.uab.cat\/bhumanitats\/wp-content\/uploads\/sites\/197\/2013\/02\/ava.png\" alt=\"ava.png\" class=\"wp-image-43\"\/><\/figure>\n<\/div>\n\n\n<p><a href=\"http:\/\/pagines.uab.cat\/avaluaciotic\/ca\" target=\"_blank\" rel=\"noopener\"><strong>Recursos per a l&#8217;avaluaci\u00f3 formativa<\/strong><\/a>: recull de recursos, eines i reflexions per a l&#8217;avaluaci\u00f3 formativa. El present projecte es proposa identificar i analitzar recursos tecnol\u00f2gics que poden ser usats en l&#8217;avaluaci\u00f3 de l&#8217;estudiant.<\/p>\n\n\n\n<p>&nbsp;<\/p>\n\n\n\n<p><strong><a title=\"RETI\" href=\"http:\/\/www.bib.uab.cat\/human\/acreditacions\/planes\/publiques\/revistes\/eti.php?area=eti&amp;menuidioma=cat\" target=\"_blank\" rel=\"noopener\"><img decoding=\"async\" class=\"image image-_original \" style=\"float: left; border: 1px solid black; margin: 5px 15px; width: 138px; height: 80px;\" title=\"\" src=\"http:\/\/serveis.uab.cat\/bhumanitats\/sites\/serveis.uab.cat.bhumanitats\/files\/images\/reti.png\" alt=\"RETI\"><\/a><a title=\"RETI\" href=\"http:\/\/www.bib.uab.cat\/human\/acreditacions\/planes\/publiques\/revistes\/eti.php?area=eti&amp;menuidioma=cat\" target=\"_blank\" rel=\"noopener\">RETI, <\/a><\/strong><a title=\"RETI\" href=\"http:\/\/www.bib.uab.cat\/human\/acreditacions\/planes\/publiques\/revistes\/eti.php?area=eti&amp;menuidioma=cat\" target=\"_blank\" rel=\"noopener\">Revistes dels Estudis de Traducci\u00f3 i Interpretaci\u00f3<\/a> (indicadors de qualitat): portal que ser\u00e0 una eina molt \u00fatil per al PDI que hagi d&#8217;acreditar la seva traject\u00f2ria acad\u00e8mica o producci\u00f3 cient\u00edfica en l\u2019\u00e0mbit dels Estudis de Traducci\u00f3 i Interpretaci\u00f3. Igual que al portal anterior, hi podreu trobar una llista de revistes acad\u00e8miques d\u2019aquestes dues \u00e0rees de coneixement amb els indicadors de qualitat dels diferents recursos que s\u00f3n valorats per les entitats d\u2019acreditaci\u00f3: AQU, ANECA i CNEAI. Tamb\u00e9 s\u2019hi han afegit altres informacions, com ara els enlla\u00e7os a diferents cat\u00e0legs bibliogr\u00e0fics, les normes de publicaci\u00f3 dels articles segons l\u2019editor i els permisos d\u2019autoarxiu.<\/p>\n\n\n\n<p><a href=\"http:\/\/bibliotequesbh.uab.cat\/goldoni\/\" target=\"_blank\" rel=\"noopener\">&nbsp;<\/a><\/p>\n\n\n<div class=\"wp-block-image\">\n<figure class=\"alignright\"><img loading=\"lazy\" decoding=\"async\" width=\"164\" height=\"116\" src=\"https:\/\/webs.uab.cat\/bhumanitats\/wp-content\/uploads\/sites\/197\/2013\/02\/lucu.png\" alt=\"lucu.png\" class=\"wp-image-44\"\/><\/figure>\n<\/div>\n\n\n<p><a href=\"http:\/\/pagines.uab.cat\/luculentius\/\" target=\"_blank\" rel=\"noopener\"><strong>Study and critical edition of the Homiliary of Luculentius<\/strong><\/a>:&nbsp;projecte de recerca que no nom\u00e9s estudia aquesta font medieval sin\u00f3 que vol fer una edici\u00f3 completa d&#8217;aquest treball i identificar les seves fonts en el context religi\u00f3s, social i pol\u00edtic.<\/p>\n","protected":false},"excerpt":{"rendered":"<p>50 Anys d&#8217;Arqueologia a la UAB: exposici\u00f3 virtual de l\u2019activitat de la UAB en el camp de l\u2019Arqueologia durant els darrers 50 anys. S&#8217;ha volgut recuperar aqu\u00ed, com si fos una tasca arqueol\u00f2gica, nom\u00e9s alguns bocins d\u2019aquesta hist\u00f2ria amb els que la persona interessada s\u2019haur\u00e0 de fer una representaci\u00f3 de la imatge real. &nbsp; After [&hellip;]<\/p>\n","protected":false},"author":20,"featured_media":0,"parent":0,"menu_order":0,"comment_status":"closed","ping_status":"closed","template":"","meta":{"footnotes":""},"class_list":["post-45","page","type-page","status-publish","hentry"],"_links":{"self":[{"href":"https:\/\/webs.uab.cat\/bhumanitats\/wp-json\/wp\/v2\/pages\/45","targetHints":{"allow":["GET"]}}],"collection":[{"href":"https:\/\/webs.uab.cat\/bhumanitats\/wp-json\/wp\/v2\/pages"}],"about":[{"href":"https:\/\/webs.uab.cat\/bhumanitats\/wp-json\/wp\/v2\/types\/page"}],"author":[{"embeddable":true,"href":"https:\/\/webs.uab.cat\/bhumanitats\/wp-json\/wp\/v2\/users\/20"}],"replies":[{"embeddable":true,"href":"https:\/\/webs.uab.cat\/bhumanitats\/wp-json\/wp\/v2\/comments?post=45"}],"version-history":[{"count":1,"href":"https:\/\/webs.uab.cat\/bhumanitats\/wp-json\/wp\/v2\/pages\/45\/revisions"}],"predecessor-version":[{"id":214,"href":"https:\/\/webs.uab.cat\/bhumanitats\/wp-json\/wp\/v2\/pages\/45\/revisions\/214"}],"wp:attachment":[{"href":"https:\/\/webs.uab.cat\/bhumanitats\/wp-json\/wp\/v2\/media?parent=45"}],"curies":[{"name":"wp","href":"https:\/\/api.w.org\/{rel}","templated":true}]}}