{"id":67,"date":"2013-07-11T12:06:56","date_gmt":"2013-07-11T12:06:56","guid":{"rendered":"https:\/\/webs.uab.cat\/bhumanitats\/webs-de-jornades\/"},"modified":"2013-07-11T12:06:56","modified_gmt":"2013-07-11T12:06:56","slug":"webs-de-jornades","status":"publish","type":"page","link":"https:\/\/webs.uab.cat\/bhumanitats\/webs-de-jornades\/","title":{"rendered":"Webs de jornades"},"content":{"rendered":"<p align=\"justify\"><strong><span class=\"inline inline-none\"><a href=\"http:\/\/jornades.uab.cat\/dantevisual\/\" target=\"_blank\" rel=\"noopener\"><img loading=\"lazy\" decoding=\"async\" alt=\"\" class=\"image image-_original \" height=\"70\" src=\"http:\/\/serveis.uab.cat\/bhumanitats\/sites\/serveis.uab.cat.bhumanitats\/files\/images\/BHDante.png\" style=\"float: left; border: 1px solid black; margin-top: 5px; margin-bottom: 5px; margin-left: 15px; margin-right: 15px;\" title=\"\" width=\"180\" \/><\/a><\/span><a href=\"http:\/\/jornades.uab.cat\/dantevisual\/\" target=\"_blank\" rel=\"noopener\">Col\u00b7loqui internacional &#8220;Dante visualizzato&#8221;<\/a><\/strong>: col\u00b7loqui internacional a l&#8217;entorn dels manuscrits dantescos amb miniatures del s. XIV, just quan es celebren el 750 anys del naixement de Dante Alighieri. Organitza: Rivista &#8220;Dante e l&#8217;arte&#8221;.<\/p>\n<p align=\"justify\">&nbsp;<\/p>\n<p align=\"justify\"><strong><span class=\"inline inline-none\"><a href=\"http:\/\/pagines.uab.cat\/august\/\" target=\"_blank\" rel=\"noopener\"><img loading=\"lazy\" decoding=\"async\" alt=\"\" class=\"image image-_original \" height=\"70\" src=\"http:\/\/serveis.uab.cat\/bhumanitats\/sites\/serveis.uab.cat.bhumanitats\/files\/images\/BHAugust.png\" style=\"float: right; border: 1px solid black; margin-top: 5px; margin-bottom: 5px; margin-left: 15px; margin-right: 15px;\" title=\"\" width=\"180\" \/><\/a><\/span><a href=\"http:\/\/pagines.uab.cat\/august\/\" target=\"_blank\" rel=\"noopener\">Bimil\u00b7lenari d&#8217;August: 2000 anys de la seva mort<\/a><\/strong>: el 2014 es va commemorar el bimil\u00b7lenari de la mort d\u2019August. El&nbsp;Departament de Ci\u00e8ncies de l&#8217;Antiguitat i de l&#8217;Edat Mitjana de la UAB ha organitzat una exposici\u00f3 a l&#8217;entorn d&#8217;aquest emperador, per que August fou, certament, una figura cabdal per la hist\u00f2ria de Roma i d\u2019Europa.<\/p>\n<p align=\"justify\">&nbsp;<\/p>\n<p align=\"justify\"><strong><span class=\"inline inline-none\"><a href=\"http:\/\/jornades.uab.cat\/guerramundial\/\" target=\"_blank\" rel=\"noopener\"><img loading=\"lazy\" decoding=\"async\" alt=\"\" class=\"image image-_original \" height=\"70\" src=\"http:\/\/serveis.uab.cat\/bhumanitats\/sites\/serveis.uab.cat.bhumanitats\/files\/images\/BHGuerra.png\" style=\"float: left; border: 1px solid black; margin-top: 5px; margin-bottom: 5px; margin-left: 15px; margin-right: 15px;\" title=\"\" width=\"180\" \/><\/a><\/span><a href=\"http:\/\/jornades.uab.cat\/guerramundial\/\" target=\"_blank\" rel=\"noopener\">Congr\u00e9s Internacional: &#8220;La Gran Guerra i les seves conseq\u00fc\u00e8ncies&#8221;<\/a><\/strong>:el <a href=\"http:\/\/grupsderecerca.uab.cat\/republicaidemocracia\/\" target=\"_blank\" title=\"GERD\" rel=\"noopener\">GERD<\/a> (\u00abGrup d&#8217;Estudis Rep\u00fablica i Democr\u00e0cia\u00bb de la Universitat Aut\u00f2noma de Barcelona) ha impulsat la celebraci\u00f3 del Congr\u00e9s Internacional <em>La Gran Guerra i les seves conseq\u00fc\u00e8ncies. Les alternatives a la fallida de la civilitzaci\u00f3 liberal<\/em>. Aquest Congr\u00e9s pret\u00e9n ser una ocasi\u00f3 per al coneixement i debat de les visions m\u00e9s recents sobre el conflicte b\u00e8l\u00b7lic que va marcar definitivament el naixement de la contemporane\u00eftat<\/p>\n<p align=\"justify\">&nbsp;<\/p>\n<p align=\"justify\"><strong><span class=\"inline inline-none\"><a href=\"http:\/\/pagines.uab.cat\/arqueologiaoriental\/\" target=\"_blank\" rel=\"noopener\"><img loading=\"lazy\" decoding=\"async\" alt=\"\" class=\"image image-_original \" height=\"70\" src=\"http:\/\/serveis.uab.cat\/bhumanitats\/sites\/serveis.uab.cat.bhumanitats\/files\/images\/BHArqueologia.png\" style=\"float: right; border: 1px solid black; margin-top: 5px; margin-bottom: 5px; margin-left: 15px; margin-right: 15px;\" title=\"\" width=\"180\" \/><\/a><\/span><a href=\"http:\/\/pagines.uab.cat\/arqueologiaoriental\/\" target=\"_blank\" rel=\"noopener\">25 Anys d&#8217;arqueologia al Pr\u00f2xim Orient<\/a><\/strong>: aquesta exposici\u00f3 vol celebrar els 25 anys de treballs arqueol\u00f2gics al Pr\u00f2xim Orient per part del Seminari d\u2019Arqueologia del Pr\u00f2xim Orient (SAPPO) del Departament de Prehist\u00f2ria de la Universitat Aut\u00f2noma de Barcelona. Aquest Grup de Recerca Consolidat de la Generalitat de Catalunya, que ha estat recentment validat (2014 SGR 1248), t\u00e9 per objectiu l&#8217;estudi dels or\u00edgens i el desenvolupament de les primeres comunitats agr\u00edcoles a la Mediterr\u00e0nia oriental, aportant noves dades per estudiar i comprendre el proc\u00e9s de neolititzaci\u00f3 de la Mediterr\u00e0nia.<\/p>\n<p align=\"justify\">&nbsp;<\/p>\n<p align=\"justify\"><strong><span class=\"inline inline-none\"><a href=\"http:\/\/jornades.uab.cat\/2simposiespriu\/\" target=\"_blank\" title=\"II Simposi Internacional Salvador Espriu\" rel=\"noopener\"><img decoding=\"async\" alt=\"\" class=\"image image-_original \" src=\"http:\/\/serveis.uab.cat\/bhumanitats\/sites\/serveis.uab.cat.bhumanitats\/files\/images\/EspriuBH.png\" style=\"float: left; border: 1px solid black; margin: 5px 15px; width: 180px; height: 70px;\" title=\"\" \/><\/a><\/span><a href=\"http:\/\/jornades.uab.cat\/2simposiespriu\/\" target=\"_blank\" title=\"II Simposi Internacional Salvador Espriu\" rel=\"noopener\">II Simposi Internacional Salvador Espriu<\/a><\/strong>: organitzat en el marc de les commemoracions del centenari del naixement del poeta, es proposa aprofundir en el coneixement de la seva obra centrant-se sobretot en una fase concreta de la seva activitat, la que, despr\u00e9s de la publicaci\u00f3 de <em>La pell de brau<\/em>, es va veure condicionada per l\u2019\u00e8xit i la projecci\u00f3 nacional, peninsular i internacional aix\u00ed com pel significat c\u00edvic que es va atribuir al seu discurs po\u00e8tic.<\/p>\n<p align=\"justify\">&nbsp;<\/p>\n<p align=\"justify\"><span class=\"inline inline-none\"><a href=\"http:\/\/jornades.uab.cat\/simposiensenyamentcat\/\" target=\"_blank\" rel=\"noopener\"><img decoding=\"async\" alt=\"Simposi Ensenyament Llengua i Literatura Catalanes\" class=\"image image-_original \" src=\"http:\/\/serveis.uab.cat\/bhumanitats\/sites\/serveis.uab.cat.bhumanitats\/files\/images\/NewBHRecerca_1.png\" style=\"float: right; border: 1px solid black; margin: 5px 15px; width: 180px; height: 68px;\" title=\"\" \/><\/a><\/span><a href=\"http:\/\/jornades.uab.cat\/simposiensenyamentcat\/\" target=\"_blank\" title=\"Simposi Ensenyament Llengua i Literatura Catalanes\" rel=\"noopener\">Simposi sobre l&#8217;Ensenyament de la Llengua i la Literatura Catalanes a la Secund\u00e0ria i a la Universitat<\/a>: aquest simposi vol ser un espai de trobada, de reflexi\u00f3 i de debat en positiu entre els professors de tots dos \u00e0mbits educatius per intercanviar opinions, establir ponts de di\u00e0leg i discutir estrat\u00e8gies d\u2019aprenentatge. Aspira a contribuir tamb\u00e9 a l\u2019acostament entre la secund\u00e0ria i la universitat (i viceversa), a fi d\u2019afrontar de manera conjunta els grans reptes que tenim al davant.<\/p>\n<p align=\"justify\">&nbsp;<\/p>\n<p align=\"justify\"><span class=\"inline inline-none\"><a href=\"http:\/\/jornades.uab.cat\/congrestdahvalles\/\" target=\"_blank\" rel=\"noopener\"><img decoding=\"async\" alt=\"TDAH\" class=\"image image-_original \" src=\"http:\/\/serveis.uab.cat\/bhumanitats\/sites\/serveis.uab.cat.bhumanitats\/files\/images\/NewBHRecerca_0.png\" style=\"float: left; border: 1px solid black; margin: 5px 15px; width: 180px; height: 68px;\" title=\"\" \/><\/a><\/span><a href=\"http:\/\/jornades.uab.cat\/congrestdahvalles\/\" target=\"_blank\" title=\"TDAH\" rel=\"noopener\">I Congr\u00e9s Nacional Difer\u00e8ncies Individuals i Necessitats Educatives Espec\u00edfiques<\/a>: aquest congr\u00e9s es crea gr\u00e0cies a la col\u00b7laboraci\u00f3 i iniciativa de l\u2019<a href=\"http:\/\/www.tdahvalles.org\/\" target=\"_blank\" rel=\"noopener\">Associaci\u00f3 TDAH Vall\u00e8s<\/a> per a donar visibilitat, divulgar i premiar l\u2019estudi de les difer\u00e8ncies individuals i la seva influ\u00e8ncia en les dificultats i trastorns d&#8217;aprenentge.<\/p>\n<p align=\"justify\">&nbsp;<\/p>\n<p align=\"justify\"><span class=\"inline inline-none\"><span class=\"inline inline-none\"><a href=\"http:\/\/jornades.uab.cat\/grae\/\" target=\"_blank\" rel=\"noopener\"><img decoding=\"async\" alt=\"\" class=\"image image-_original \" src=\"http:\/\/serveis.uab.cat\/bhumanitats\/sites\/serveis.uab.cat.bhumanitats\/files\/images\/NewBHRecerca.png\" style=\"float: right; border: 1px solid black; margin: 5px 15px; width: 180px; height: 68px;\" title=\"\" \/><\/a><\/span><a href=\"http:\/\/jornades.uab.cat\/grae\/\" target=\"_blank\" title=\"GRAE\" rel=\"noopener\">Congr\u00e9s Internacional del GRAE<\/a>: El <a href=\"http:\/\/grupsderecerca.uab.cat\/grae\/\" target=\"_blank\" title=\"Grup de recerca GRAE\" rel=\"noopener\">Grup de Recerca en Arts Esc\u00e8niques<\/a> (GRAE) de la Universitat Aut\u00f2noma de Barcelona convida&nbsp; a participar en la celebraci\u00f3 del Primer Congr\u00e9s Internacional promogut per aquest col\u00b7lectiu de recerca, dedicat a la reflexi\u00f3 i estudi sobre les relacions entre el concepte de frontera i les relacions amb les arts esc\u00e8niques europees.<\/span><\/p>\n<p align=\"justify\">&nbsp;<\/p>\n<p align=\"justify\"><a href=\"http:\/\/jornades.uab.cat\/terrassaliteratura\/\" target=\"_blank\" rel=\"noopener\"><img decoding=\"async\" alt=\"\" src=\"http:\/\/serveis.uab.cat\/bhumanitats\/sites\/serveis.uab.cat.bhumanitats\/files\/terrassalit.gif\" style=\"border: 1px solid black; margin: 5px 15px; float: left; width: 180px; height: 78px;\" \/>El segle XX a Terrassa a trav\u00e9s de la literatura<\/a> : Terrassa com a context no passa desapercebuda per als escriptors. <em>La Ciutat<\/em><em> de les Persones<\/em> ha inspirat obres que ens parlen d\u2019homes, per\u00f2 tamb\u00e9 de m\u00e0quines, de f\u00e0briques, d\u2019intrigues per a aconseguir el poder, de fum i de carrers on nom\u00e9s s\u2019escolta el soroll que fan les llan\u00e7adores que treballen dia i nit, de barris constru\u00efts a corre-cuita. I tot aix\u00f2, com ja hem dit abans, simbolitza la modernitat. La Jornada que presentem deixa ben clar quin \u00e9s el paper que ha jugat Terrassa al llarg de la hist\u00f2ria del segle XX.<\/p>\n<p align=\"justify\">&nbsp;<\/p>\n<p align=\"justify\"><a href=\"http:\/\/jornades.uab.cat\/communicatio\/\" target=\"_blank\" rel=\"noopener\"><img decoding=\"async\" alt=\"\" src=\"http:\/\/serveis.uab.cat\/bhumanitats\/sites\/serveis.uab.cat.bhumanitats\/files\/communicatio.gif\" style=\"float: right; border: 1px solid black; margin: 5px 15px; width: 180px; height: 77px;\" \/>Communicatio, un itinerari hist\u00f2ric<\/a> : Aquesta jornada pret\u00e9n mostrar, en \u00e8poques hist\u00f2riques diverses i des d\u2019un punt de vista interdisciplinari (amb la participaci\u00f3 de fil\u00f2legs, historiadors, historiadors de l\u2019art, pale\u00f2grafs, periodistes, etc.), les manifestacions d\u2019aquest proc\u00e9s, els diferents suports que serviren de vehicle de transmissi\u00f3, els seus usos, la seva conservaci\u00f3 al llarg del temps, etc.<\/p>\n<p align=\"justify\">&nbsp;<\/p>\n<p align=\"justify\"><strong><a href=\"http:\/\/jornades.uab.cat\/antoninartaud\/\" target=\"_blank\" rel=\"noopener\"><img decoding=\"async\" alt=\"\" src=\"http:\/\/serveis.uab.cat\/bhumanitats\/sites\/serveis.uab.cat.bhumanitats\/files\/artaud.jpg\" style=\"float: left; border: 1px solid black; margin: 5px 15px; width: 180px; height: 48px;\" \/><\/a>&nbsp;<\/strong><a href=\"http:\/\/jornades.uab.cat\/antoninartaud\/\" target=\"_blank\" rel=\"noopener\">Col\u00b7loqui Internacional Antonin Artaud<\/a> :<span> Les organisateurs laissent toute libert\u00e9 aux \u00e9ventuels intervenants, l&#8217;enjeu du colloque \u00e9tant de questionner cette ultime oeuvre sans l&#8217;enfermer dans une approche m\u00e9thodologique ou th\u00e9matique. <\/span><\/p>\n<p align=\"justify\">&nbsp;<\/p>\n<p align=\"justify\"><a href=\"http:\/\/jornades.uab.cat\/indicities\/\" target=\"_blank\" rel=\"noopener\"><img decoding=\"async\" alt=\"\" src=\"http:\/\/serveis.uab.cat\/bhumanitats\/sites\/serveis.uab.cat.bhumanitats\/files\/indicities.gif\" style=\"float: right; border: 1px solid black; margin: 5px 15px; width: 180px; height: 53px;\" \/>Indicities<\/a> : By confronting texts from diverse parts of the Indian Ocean we aim to break down these hermetically sealed compartments in order to disclose the convergences and divergences between literary productions and their traditional criticism.&nbsp; This also enables us to question the celebratory tone with which the phenomenon of hybridity is analyzed in literature and observe the silences and tensions inherent in the writings of this rich, and insufficiently explored, cultural area.<\/p>\n<p>&nbsp;<\/p>\n<p align=\"justify\"><a href=\"http:\/\/ddd.uab.cat\/record\/35065?ln=es\" target=\"_blank\" rel=\"noopener\"><img decoding=\"async\" alt=\"\" class=\"image image-_original \" src=\"http:\/\/serveis.uab.cat\/bhumanitats\/sites\/serveis.uab.cat.bhumanitats\/files\/images\/Sin%20t\u00edtulo.png\" style=\"float: left; margin: 5px 15px; width: 180px; height: 70px;\" title=\"\" \/><\/a><a href=\"http:\/\/ddd.uab.cat\/record\/35065?ln=es\" target=\"_blank\" rel=\"noopener\">La dona en l&#8217;esfera laboral en l&#8217;\u00e8poca moderna<\/a>: durant el mar\u00e7 de 2009, va tenir lloc el XV\u00e8 cicle de confer\u00e8ncies del grup de recerca Manuscrits, amb la hist\u00f2ria de la dona com a objectiu principal, ja que durant molt de temps, havia estat un tema marginat per la historiografia tradicional.<\/p>\n<p>&nbsp;<\/p>\n","protected":false},"excerpt":{"rendered":"<p>Col\u00b7loqui internacional &#8220;Dante visualizzato&#8221;: col\u00b7loqui internacional a l&#8217;entorn dels manuscrits dantescos amb miniatures del s. XIV, just quan es celebren el 750 anys del naixement de Dante Alighieri. Organitza: Rivista &#8220;Dante e l&#8217;arte&#8221;. &nbsp; Bimil\u00b7lenari d&#8217;August: 2000 anys de la seva mort: el 2014 es va commemorar el bimil\u00b7lenari de la mort d\u2019August. El&nbsp;Departament de [&hellip;]<\/p>\n","protected":false},"author":20,"featured_media":0,"parent":0,"menu_order":0,"comment_status":"closed","ping_status":"closed","template":"","meta":{"footnotes":""},"class_list":["post-67","page","type-page","status-publish","hentry"],"_links":{"self":[{"href":"https:\/\/webs.uab.cat\/bhumanitats\/wp-json\/wp\/v2\/pages\/67","targetHints":{"allow":["GET"]}}],"collection":[{"href":"https:\/\/webs.uab.cat\/bhumanitats\/wp-json\/wp\/v2\/pages"}],"about":[{"href":"https:\/\/webs.uab.cat\/bhumanitats\/wp-json\/wp\/v2\/types\/page"}],"author":[{"embeddable":true,"href":"https:\/\/webs.uab.cat\/bhumanitats\/wp-json\/wp\/v2\/users\/20"}],"replies":[{"embeddable":true,"href":"https:\/\/webs.uab.cat\/bhumanitats\/wp-json\/wp\/v2\/comments?post=67"}],"version-history":[{"count":0,"href":"https:\/\/webs.uab.cat\/bhumanitats\/wp-json\/wp\/v2\/pages\/67\/revisions"}],"wp:attachment":[{"href":"https:\/\/webs.uab.cat\/bhumanitats\/wp-json\/wp\/v2\/media?parent=67"}],"curies":[{"name":"wp","href":"https:\/\/api.w.org\/{rel}","templated":true}]}}