{"id":18,"date":"2023-09-22T13:48:58","date_gmt":"2023-09-22T11:48:58","guid":{"rendered":"https:\/\/webs.uab.cat\/bioaqua\/?page_id=18"},"modified":"2023-09-27T09:37:34","modified_gmt":"2023-09-27T07:37:34","slug":"team-members","status":"publish","type":"page","link":"https:\/\/webs.uab.cat\/bioaqua\/team-members\/","title":{"rendered":"Team members"},"content":{"rendered":"\n<div class=\"wp-block-columns has-normal-font-size is-layout-flex wp-container-core-columns-is-layout-9d6595d7 wp-block-columns-is-layout-flex\">\n<div class=\"wp-block-column is-layout-flow wp-block-column-is-layout-flow\">\n<ul class=\"wp-block-list\">\n<li>Joan Cerd\u00e0 Luque (Coordinator)<\/li>\n\n\n\n<li>Nerea Roher Armentia<\/li>\n\n\n\n<li>Francesc Piferrer Circuns<\/li>\n\n\n\n<li>Xavier Daura Ribera<\/li>\n\n\n\n<li>Roderick N. Finn<\/li>\n\n\n\n<li>Fran\u00e7ois Chauvign\u00e9<\/li>\n\n\n\n<li>Mariana Teles Pereira<\/li>\n\n\n\n<li>Borja Ordo\u00f1ez<\/li>\n\n\n\n<li>Umar Farouk Mustapha<\/li>\n\n\n\n<li>Irene Brandts<\/li>\n\n\n\n<li>Angel Rey Alfonso<\/li>\n<\/ul>\n<\/div>\n\n\n\n<div class=\"wp-block-column is-layout-flow wp-block-column-is-layout-flow\">\n<ul class=\"wp-block-list\">\n<li>Noelia L\u00f3pez Fort\u00fan<\/li>\n\n\n\n<li>Marlid Garcia Ordo\u00f1ez<\/li>\n\n\n\n<li>Patricia Aceituno Abarzua<\/li>\n\n\n\n<li>Mauricio Rojas<\/li>\n\n\n\n<li>Oriana Zerpa<\/li>\n\n\n\n<li>Enrique Rodr\u00edguez Bote<\/li>\n\n\n\n<li>N\u00faria S\u00e1nchez Baiz\u00e1n<\/li>\n\n\n\n<li>Silvia Beato<\/li>\n\n\n\n<li>Oscar Conchillo Sol\u00e9<\/li>\n\n\n\n<li>S\u00edlvia Joly Ru\u00edz-Castellanos<\/li>\n<\/ul>\n<\/div>\n<\/div>\n","protected":false},"excerpt":{"rendered":"","protected":false},"author":1555,"featured_media":0,"parent":0,"menu_order":0,"comment_status":"closed","ping_status":"closed","template":"","meta":{"footnotes":""},"class_list":["post-18","page","type-page","status-publish","hentry"],"_links":{"self":[{"href":"https:\/\/webs.uab.cat\/bioaqua\/wp-json\/wp\/v2\/pages\/18","targetHints":{"allow":["GET"]}}],"collection":[{"href":"https:\/\/webs.uab.cat\/bioaqua\/wp-json\/wp\/v2\/pages"}],"about":[{"href":"https:\/\/webs.uab.cat\/bioaqua\/wp-json\/wp\/v2\/types\/page"}],"author":[{"embeddable":true,"href":"https:\/\/webs.uab.cat\/bioaqua\/wp-json\/wp\/v2\/users\/1555"}],"replies":[{"embeddable":true,"href":"https:\/\/webs.uab.cat\/bioaqua\/wp-json\/wp\/v2\/comments?post=18"}],"version-history":[{"count":2,"href":"https:\/\/webs.uab.cat\/bioaqua\/wp-json\/wp\/v2\/pages\/18\/revisions"}],"predecessor-version":[{"id":37,"href":"https:\/\/webs.uab.cat\/bioaqua\/wp-json\/wp\/v2\/pages\/18\/revisions\/37"}],"wp:attachment":[{"href":"https:\/\/webs.uab.cat\/bioaqua\/wp-json\/wp\/v2\/media?parent=18"}],"curies":[{"name":"wp","href":"https:\/\/api.w.org\/{rel}","templated":true}]}}