{"id":89,"date":"2017-10-05T16:49:34","date_gmt":"2017-10-05T16:49:34","guid":{"rendered":"https:\/\/webs.uab.cat\/biologiamarina\/recursos\/"},"modified":"2017-10-05T16:49:34","modified_gmt":"2017-10-05T16:49:34","slug":"recursos","status":"publish","type":"page","link":"https:\/\/webs.uab.cat\/biologiamarina\/recursos\/","title":{"rendered":"Recursos"},"content":{"rendered":"<p><strong>Centres de recerca d&#8217;inter\u00e8s<\/strong><\/p>\n<p><a href=\"http:\/\/www.icm.csic.es\/\">Institut de Ci\u00e8ncies del Mar &#8211; CSIC<\/a><\/p>\n<p><a href=\"http:\/\/www.ceab.csic.es\/es\/\">Centre d&#8217;Estudis Avan\u00e7ats de Blanes<\/a><\/p>\n<p><a href=\"http:\/\/www.irta.cat\/ca\/medi-ambient\/ecosistemes-aquatics\/\">IRTA &#8211; Ecosistemes aqu\u00e0tics<\/a><\/p>\n<p><strong>Webs d&#8217;inter\u00e8s<\/strong><\/p>\n<p><a href=\"http:\/\/www.mba.ac.uk\/\">Marine Biological Association &#8211; UK<\/a><\/p>\n<p><a href=\"http:\/\/www.recercaenaccio.cat\/\">Recerca en acci\u00f3<\/a><\/p>\n<p><a href=\"http:\/\/www.marinespecies.org\/\">World Register of Marine Species<\/a><\/p>\n<p><a href=\"http:\/\/medpan.org\/\">Marine Protected Areas &#8211; Mediterranean (MedPAN)<\/a><\/p>\n<p><strong>M\u00e0sters oficials d&#8217;inter\u00e8s<\/strong><\/p>\n<p><a href=\"http:\/\/www.uab.cat\/web\/estudiar\/l-oferta-de-masters-oficials\/informacio-general\/ecologia-terrestre-i-gestio-de-la-biodiversitat-1096480139517.html?param1=1204013168104\">Ecologia terrestre i gesti\u00f3 de la biodiversitat &#8211; UAB<\/a><\/p>\n<p><a href=\"http:\/\/www.ub.edu\/estudis\/mastersuniversitaris\/aquicultura\/index.php?lang=ca_ES\">Aq\u00fcicultura &#8211; UAB-UB-UPC<\/a><\/p>\n<p><a href=\"http:\/\/www.ub.edu\/estudis\/ca\/mastersuniversitaris\/oceanografia\/presentacio\">Oceanografia i gesti\u00f3 del medi mar\u00ed &#8211; UB<\/a><\/p>\n<p><strong>Revistes cient\u00edfiques indexades SCI d&#8217;inter\u00e8s<\/strong><\/p>\n<p><a href=\"https:\/\/link.springer.com\/journal\/227\">Marine biology<\/a><\/p>\n<p><a href=\"https:\/\/www.sciencedirect.com\/journal\/marine-pollution-bulletin\">Marine pollution bulletin<\/a><\/p>\n<p><a href=\"https:\/\/www.sciencedirect.com\/journal\/deep-sea-research-part-i-oceanographic-research-papers\">Deep-Sea Research I<\/a><\/p>\n<p><a href=\"https:\/\/www.sciencedirect.com\/journal\/deep-sea-research-part-ii-topical-studies-in-oceanography\">Deep-Sea Research II<\/a><\/p>\n<p><a href=\"https:\/\/www.sciencedirect.com\/journal\/estuarine-coastal-and-shelf-science\">Estuarine, Coastal and Shelf Science<\/a><\/p>\n<p><a href=\"https:\/\/link.springer.com\/journal\/volumesAndIssues\/12526\">Marine biodiversity<\/a><\/p>\n","protected":false},"excerpt":{"rendered":"<p>Centres de recerca d&#8217;inter\u00e8s Institut de Ci\u00e8ncies del Mar &#8211; CSIC Centre d&#8217;Estudis Avan\u00e7ats de Blanes IRTA &#8211; Ecosistemes aqu\u00e0tics Webs d&#8217;inter\u00e8s Marine Biological Association &#8211; UK Recerca en acci\u00f3 World Register of Marine Species Marine Protected Areas &#8211; Mediterranean (MedPAN) M\u00e0sters oficials d&#8217;inter\u00e8s Ecologia terrestre i gesti\u00f3 de la biodiversitat &#8211; UAB Aq\u00fcicultura &#8211; [&hellip;]<\/p>\n","protected":false},"author":20,"featured_media":0,"parent":0,"menu_order":0,"comment_status":"closed","ping_status":"closed","template":"","meta":{"footnotes":""},"class_list":["post-89","page","type-page","status-publish","hentry"],"_links":{"self":[{"href":"https:\/\/webs.uab.cat\/biologiamarina\/wp-json\/wp\/v2\/pages\/89","targetHints":{"allow":["GET"]}}],"collection":[{"href":"https:\/\/webs.uab.cat\/biologiamarina\/wp-json\/wp\/v2\/pages"}],"about":[{"href":"https:\/\/webs.uab.cat\/biologiamarina\/wp-json\/wp\/v2\/types\/page"}],"author":[{"embeddable":true,"href":"https:\/\/webs.uab.cat\/biologiamarina\/wp-json\/wp\/v2\/users\/20"}],"replies":[{"embeddable":true,"href":"https:\/\/webs.uab.cat\/biologiamarina\/wp-json\/wp\/v2\/comments?post=89"}],"version-history":[{"count":0,"href":"https:\/\/webs.uab.cat\/biologiamarina\/wp-json\/wp\/v2\/pages\/89\/revisions"}],"wp:attachment":[{"href":"https:\/\/webs.uab.cat\/biologiamarina\/wp-json\/wp\/v2\/media?parent=89"}],"curies":[{"name":"wp","href":"https:\/\/api.w.org\/{rel}","templated":true}]}}