{"id":1766,"date":"2025-11-25T10:31:23","date_gmt":"2025-11-25T10:31:23","guid":{"rendered":"https:\/\/webs.uab.cat\/cal\/?page_id=1766"},"modified":"2025-12-04T08:29:19","modified_gmt":"2025-12-04T08:29:19","slug":"competencia-comunicativa","status":"publish","type":"page","link":"https:\/\/webs.uab.cat\/cal\/competencia-comunicativa\/","title":{"rendered":"Compet\u00e8ncia comunicativa"},"content":{"rendered":"\n<div class=\"wp-block-media-text is-stacked-on-mobile\"><figure class=\"wp-block-media-text__media\"><img loading=\"lazy\" decoding=\"async\" width=\"300\" height=\"79\" src=\"https:\/\/webs.uab.cat\/cal\/wp-content\/uploads\/sites\/211\/2025\/11\/Argumenta-e1763985631917.jpg\" alt=\"\" class=\"wp-image-1768 size-full\" \/><\/figure><div class=\"wp-block-media-text__content\">\n<p><\/p>\n\n\n\n<figure class=\"wp-block-image size-full\"><img loading=\"lazy\" decoding=\"async\" width=\"400\" height=\"67\" src=\"https:\/\/webs.uab.cat\/cal\/wp-content\/uploads\/sites\/211\/2025\/11\/image.png\" alt=\"\" class=\"wp-image-1776\" srcset=\"https:\/\/webs.uab.cat\/cal\/wp-content\/uploads\/sites\/211\/2025\/11\/image.png 400w, https:\/\/webs.uab.cat\/cal\/wp-content\/uploads\/sites\/211\/2025\/11\/image-300x50.png 300w\" sizes=\"auto, (max-width: 400px) 100vw, 400px\" \/><\/figure>\n\n\n\n<p><\/p>\n<\/div><\/div>\n\n\n\n<p>Argumenta (2002-2009) \u00e9s un recurs de nou universitats catalanes dirigit pel Servei de Lleng\u00fces de la UAB i el Servei de Lleng\u00fces i Terminologia de la UPC. Ha gaudit de diversos ajuts NORMA i INTERLINGUA de la Generalitat de Catalunya.<\/p>\n\n\n<div class=\"wp-block-image\">\n<figure class=\"aligncenter size-large\"><img loading=\"lazy\" decoding=\"async\" width=\"1024\" height=\"67\" src=\"https:\/\/webs.uab.cat\/cal\/wp-content\/uploads\/sites\/211\/2025\/11\/credits-1024x67.png\" alt=\"\" class=\"wp-image-1779\" srcset=\"https:\/\/webs.uab.cat\/cal\/wp-content\/uploads\/sites\/211\/2025\/11\/credits-1024x67.png 1024w, https:\/\/webs.uab.cat\/cal\/wp-content\/uploads\/sites\/211\/2025\/11\/credits-300x20.png 300w, https:\/\/webs.uab.cat\/cal\/wp-content\/uploads\/sites\/211\/2025\/11\/credits-768x50.png 768w, https:\/\/webs.uab.cat\/cal\/wp-content\/uploads\/sites\/211\/2025\/11\/credits-1200x79.png 1200w, https:\/\/webs.uab.cat\/cal\/wp-content\/uploads\/sites\/211\/2025\/11\/credits.png 1391w\" sizes=\"auto, (max-width: 1024px) 100vw, 1024px\" \/><\/figure>\n<\/div>\n\n\n<div class=\"wp-block-group\"><div class=\"wp-block-group__inner-container is-layout-constrained wp-block-group-is-layout-constrained\">\n<div class=\"wp-block-columns is-layout-flex wp-container-core-columns-is-layout-9d6595d7 wp-block-columns-is-layout-flex\">\n<div class=\"wp-block-column is-layout-flow wp-block-column-is-layout-flow\" style=\"flex-basis:100%\">\n<figure class=\"wp-block-table\"><table class=\"has-fixed-layout\"><tbody><tr><td>Unitat 1. Apunts<\/td><td><a href=\"https:\/\/webs.uab.cat\/cal\/wp-content\/uploads\/sites\/211\/2025\/11\/Apunts_1.pdf\" target=\"_blank\" rel=\"noreferrer noopener\">Prendre apunts, nom\u00e9s a classe?<\/a><br><a href=\"https:\/\/webs.uab.cat\/cal\/wp-content\/uploads\/sites\/211\/2025\/11\/Apunts_2.pdf\" target=\"_blank\" rel=\"noreferrer noopener\">Els entendr\u00e9?<\/a><br><a href=\"https:\/\/webs.uab.cat\/cal\/wp-content\/uploads\/sites\/211\/2025\/11\/Apunts_3.pdf\" target=\"_blank\" rel=\"noreferrer noopener\">Qu\u00e8 en far\u00e9?<\/a><\/td><\/tr><tr><td>Unitat 2. Examen<\/td><td><a href=\"https:\/\/webs.uab.cat\/cal\/wp-content\/uploads\/sites\/211\/2025\/11\/Examen_1.pdf\" target=\"_blank\" rel=\"noreferrer noopener\">Aprenentatge i avaluaci\u00f3<\/a><br><a href=\"https:\/\/webs.uab.cat\/cal\/wp-content\/uploads\/sites\/211\/2025\/11\/Examen_2.pdf\" target=\"_blank\" rel=\"noreferrer noopener\">Preparar-se per a l&#8217;examen<\/a><br><a href=\"https:\/\/webs.uab.cat\/cal\/wp-content\/uploads\/sites\/211\/2025\/11\/Examen_3.pdf\" target=\"_blank\" rel=\"noreferrer noopener\">Respondre l&#8217;examen<\/a><\/td><\/tr><tr><td>Unitat 3. Hip\u00f2tesis<\/td><td><a href=\"https:\/\/webs.uab.cat\/cal\/wp-content\/uploads\/sites\/211\/2025\/11\/Hipotesi.pdf\" target=\"_blank\" rel=\"noreferrer noopener\">Com es formula una hip\u00f2tesi?<\/a><\/td><\/tr><tr><td>Unitat 4. Redactar webs<\/td><td><a href=\"https:\/\/webs.uab.cat\/cal\/wp-content\/uploads\/sites\/211\/2025\/11\/Redaccio_webs_1.pdf\" target=\"_blank\" rel=\"noreferrer noopener\">Entendre Internet<\/a><br><a href=\"https:\/\/webs.uab.cat\/cal\/wp-content\/uploads\/sites\/211\/2025\/11\/Redaccio_webs_2.pdf\" target=\"_blank\" rel=\"noreferrer noopener\">Fonaments web<\/a><br><a href=\"https:\/\/webs.uab.cat\/cal\/wp-content\/uploads\/sites\/211\/2025\/11\/Redaccio_webs_3.pdf\" target=\"_blank\" rel=\"noreferrer noopener\">Redacci\u00f3 web<\/a><\/td><\/tr><tr><td>Unitat 5. Diccionaris<\/td><td><a href=\"https:\/\/webs.uab.cat\/cal\/wp-content\/uploads\/sites\/211\/2025\/11\/Diccionaris_1.pdf\" target=\"_blank\" rel=\"noreferrer noopener\">Aproximaci\u00f3 als diccionaris<\/a><br><a href=\"https:\/\/webs.uab.cat\/cal\/wp-content\/uploads\/sites\/211\/2025\/11\/Diccionaris_2.pdf\" target=\"_blank\" rel=\"noreferrer noopener\">Tipologia de diccionaris<\/a><\/td><\/tr><tr><td>Unitat 6. Llegir amb rapidesa<\/td><td><a href=\"https:\/\/webs.uab.cat\/cal\/wp-content\/uploads\/sites\/211\/2025\/11\/Lectura_rapida_1.pdf\" target=\"_blank\" rel=\"noreferrer noopener\">Tria de lectura<\/a><br><a href=\"https:\/\/webs.uab.cat\/cal\/wp-content\/uploads\/sites\/211\/2025\/11\/Lectura_rapida_2.pdf\" target=\"_blank\" rel=\"noreferrer noopener\">Lectura r\u00e0pida<\/a><br><a href=\"https:\/\/webs.uab.cat\/cal\/wp-content\/uploads\/sites\/211\/2025\/11\/Lectura_rapida_3.pdf\" target=\"_blank\" rel=\"noreferrer noopener\">Lectura comprensiva<\/a><\/td><\/tr><tr><td>Unitat 7. Terminologia<\/td><td><a href=\"https:\/\/webs.uab.cat\/cal\/wp-content\/uploads\/sites\/211\/2025\/11\/Terminologia_1.pdf\" target=\"_blank\" rel=\"noreferrer noopener\">La terminologia<\/a><br><a href=\"https:\/\/webs.uab.cat\/cal\/wp-content\/uploads\/sites\/211\/2025\/11\/Terminologia_2.pdf\" target=\"_blank\" rel=\"noreferrer noopener\">Els termes<\/a><br><a href=\"https:\/\/webs.uab.cat\/cal\/wp-content\/uploads\/sites\/211\/2025\/11\/Terminologia_3.pdf\" target=\"_blank\" rel=\"noreferrer noopener\">Neologia i creaci\u00f3 de termes<\/a><\/td><\/tr><tr><td>Unitat 8. Corregir un text i traduir-lo<\/td><td><a href=\"https:\/\/webs.uab.cat\/cal\/wp-content\/uploads\/sites\/211\/2025\/11\/Correccio-i-traduccio_1.pdf\" target=\"_blank\" rel=\"noreferrer noopener\">La correcci\u00f3<\/a><br><a href=\"https:\/\/webs.uab.cat\/cal\/wp-content\/uploads\/sites\/211\/2025\/11\/Correccio-i-traduccio_2.pdf\" target=\"_blank\" rel=\"noreferrer noopener\">La traducci\u00f3<\/a><br><a href=\"https:\/\/webs.uab.cat\/cal\/wp-content\/uploads\/sites\/211\/2025\/11\/Correccio-i-traduccio_3.pdf\" target=\"_blank\" rel=\"noreferrer noopener\">L&#8217;assessorament ling\u00fc\u00edstic<\/a><\/td><\/tr><tr><td>Unitat 9. Exposici\u00f3 oral<\/td><td><a href=\"https:\/\/webs.uab.cat\/cal\/wp-content\/uploads\/sites\/211\/2025\/11\/Exposicio_oral_1.pdf\" target=\"_blank\" rel=\"noreferrer noopener\">L&#8217;exposici\u00f3 oral del coneixement cient\u00edfic<\/a><br><a href=\"https:\/\/webs.uab.cat\/cal\/wp-content\/uploads\/sites\/211\/2025\/11\/Exposicio_oral_2.pdf\" target=\"_blank\" rel=\"noreferrer noopener\">La preparaci\u00f3 de l&#8217;exposici\u00f3<\/a><br><a href=\"https:\/\/webs.uab.cat\/cal\/wp-content\/uploads\/sites\/211\/2025\/11\/Exposicio_oral_3.pdf\" target=\"_blank\" rel=\"noreferrer noopener\">Els elements comunicatius no verbals<\/a><\/td><\/tr><tr><td>Unitat 10. Ressenya<\/td><td><a href=\"https:\/\/webs.uab.cat\/cal\/wp-content\/uploads\/sites\/211\/2025\/11\/Ressenya_1.pdf\" target=\"_blank\" rel=\"noreferrer noopener\">La ressenya, eina de comunicaci\u00f3<\/a> <br><a href=\"https:\/\/webs.uab.cat\/cal\/wp-content\/uploads\/sites\/211\/2025\/11\/Ressenya_2.pdf\" target=\"_blank\" rel=\"noreferrer noopener\">La ressenya pas a pas<\/a><br><a href=\"https:\/\/webs.uab.cat\/cal\/wp-content\/uploads\/sites\/211\/2025\/11\/Ressenya_3.pdf\" target=\"_blank\" rel=\"noreferrer noopener\">La redacci\u00f3 de la ressenya<\/a><\/td><\/tr><tr><td>Unitat 11. Informe<\/td><td><a href=\"https:\/\/webs.uab.cat\/cal\/wp-content\/uploads\/sites\/211\/2025\/11\/Informe_1.pdf\" target=\"_blank\" rel=\"noreferrer noopener\">L&#8217;informe, eina de comunicaci\u00f3<\/a><br><a href=\"https:\/\/webs.uab.cat\/cal\/wp-content\/uploads\/sites\/211\/2025\/11\/Informe_2.pdf\" target=\"_blank\" rel=\"noreferrer noopener\">La redacci\u00f3 de l&#8217;informe<\/a><\/td><\/tr><tr><td>Unitat 12. Comunicaci\u00f3 virtual<\/td><td><a href=\"https:\/\/webs.uab.cat\/cal\/wp-content\/uploads\/sites\/211\/2025\/11\/Llengua_virtual_1.pdf\" target=\"_blank\" rel=\"noreferrer noopener\">La comunicaci\u00f3 mediatitzada per ordinador<\/a><br><a href=\"https:\/\/webs.uab.cat\/cal\/wp-content\/uploads\/sites\/211\/2025\/11\/Llengua_virtual_2.pdf\" target=\"_blank\" rel=\"noreferrer noopener\">Els g\u00e8neres electr\u00f2nics<\/a><br><a href=\"https:\/\/webs.uab.cat\/cal\/wp-content\/uploads\/sites\/211\/2025\/11\/Llengua_virtual_3.pdf\" target=\"_blank\" rel=\"noreferrer noopener\">Les normes de cortesia la Xarxa<\/a><\/td><\/tr><tr><td>Unitat 13. Triar la llengua<\/td><td><a href=\"https:\/\/webs.uab.cat\/cal\/wp-content\/uploads\/sites\/211\/2025\/11\/Tria-de-llengues_1.pdf\" target=\"_blank\" rel=\"noreferrer noopener\">L&#8217;aparador ling\u00fc\u00edstic<\/a><br><a href=\"https:\/\/webs.uab.cat\/cal\/wp-content\/uploads\/sites\/211\/2025\/11\/Tria-de-llengues_2.pdf\" target=\"_blank\" rel=\"noreferrer noopener\">L&#8217;elecci\u00f3 de la llengua<\/a><\/td><\/tr><tr><td>Unitat 14. P\u00f2ster<\/td><td><a href=\"https:\/\/webs.uab.cat\/cal\/wp-content\/uploads\/sites\/211\/2025\/11\/Poster_1.pdf\" target=\"_blank\" rel=\"noreferrer noopener\">El p\u00f2ster, eina de comunicaci\u00f3 cient\u00edfica<\/a><br><a href=\"https:\/\/webs.uab.cat\/cal\/wp-content\/uploads\/sites\/211\/2025\/11\/Poster_2.pdf\" target=\"_blank\" rel=\"noreferrer noopener\">El contingut del p\u00f2ster<\/a><\/td><\/tr><tr><td>Unitat 15. Argumentaci\u00f3<br><\/td><td><a href=\"https:\/\/webs.uab.cat\/cal\/wp-content\/uploads\/sites\/211\/2025\/11\/Argumentacio_1.pdf\" target=\"_blank\" rel=\"noreferrer noopener\">Argumentar<\/a><br><a href=\"https:\/\/webs.uab.cat\/cal\/wp-content\/uploads\/sites\/211\/2025\/11\/Argumentacio_2.pdf\" target=\"_blank\" rel=\"noreferrer noopener\">Tipus d&#8217;arguments<\/a><br><a href=\"https:\/\/webs.uab.cat\/cal\/wp-content\/uploads\/sites\/211\/2025\/11\/Argumentacio_3.pdf\" target=\"_blank\" rel=\"noreferrer noopener\">Construcci\u00f3 del text amb arguments<\/a><br><a href=\"https:\/\/youtu.be\/dlsOVLJe1Y8?si=T9r3vBAgLRmR8SGX\" target=\"_blank\" rel=\"noreferrer noopener\"><img loading=\"lazy\" decoding=\"async\" width=\"1172\" height=\"673\" class=\"wp-image-1872\" style=\"width: 150px\" src=\"https:\/\/webs.uab.cat\/cal\/wp-content\/uploads\/sites\/211\/2025\/12\/Enric-llibret-copy.png\" alt=\"Contingut en v\u00eddeo\" srcset=\"https:\/\/webs.uab.cat\/cal\/wp-content\/uploads\/sites\/211\/2025\/12\/Enric-llibret-copy.png 1172w, https:\/\/webs.uab.cat\/cal\/wp-content\/uploads\/sites\/211\/2025\/12\/Enric-llibret-copy-300x172.png 300w, https:\/\/webs.uab.cat\/cal\/wp-content\/uploads\/sites\/211\/2025\/12\/Enric-llibret-copy-1024x588.png 1024w, https:\/\/webs.uab.cat\/cal\/wp-content\/uploads\/sites\/211\/2025\/12\/Enric-llibret-copy-768x441.png 768w\" sizes=\"auto, (max-width: 1172px) 100vw, 1172px\" \/><\/a><br>(contingut en v\u00eddeo)<\/td><\/tr><tr><td>Unitat 16. Resum<\/td><td><a href=\"https:\/\/webs.uab.cat\/cal\/wp-content\/uploads\/sites\/211\/2025\/11\/Resum_1.pdf\" target=\"_blank\" rel=\"noreferrer noopener\">El resum, eina d&#8217;extracci\u00f3<\/a><br><a href=\"https:\/\/webs.uab.cat\/cal\/wp-content\/uploads\/sites\/211\/2025\/11\/Resum_2.pdf\" target=\"_blank\" rel=\"noreferrer noopener\">El resum pas a pas<\/a><br><a href=\"https:\/\/webs.uab.cat\/cal\/wp-content\/uploads\/sites\/211\/2025\/11\/Resum_3.pdf\" target=\"_blank\" rel=\"noreferrer noopener\">Models i exemples de resums<\/a><\/td><\/tr><tr><td>Unitat 17. Acollida ling\u00fc\u00edstica<\/td><td><a href=\"https:\/\/webs.uab.cat\/cal\/wp-content\/uploads\/sites\/211\/2025\/11\/Acollida_linguistica_1.pdf\" target=\"_blank\" rel=\"noreferrer noopener\">Reflexi\u00f3 socioling\u00fc\u00edstica<\/a><br><a href=\"https:\/\/webs.uab.cat\/cal\/wp-content\/uploads\/sites\/211\/2025\/11\/Acollida_linguistica_2.pdf\" target=\"_blank\" rel=\"noreferrer noopener\">Recursos ling\u00fc\u00edstics<\/a><br><a href=\"https:\/\/webs.uab.cat\/cal\/wp-content\/uploads\/sites\/211\/2025\/11\/Acollida_linguistica_3.pdf\" target=\"_blank\" rel=\"noreferrer noopener\">Recursos culturals<\/a><\/td><\/tr><tr><td>Unitat 18. Fitxa<\/td><td><a href=\"https:\/\/webs.uab.cat\/cal\/wp-content\/uploads\/sites\/211\/2025\/11\/Fitxa_1.pdf\" target=\"_blank\" rel=\"noreferrer noopener\">Les fitxes de lectura<\/a><br><a href=\"https:\/\/webs.uab.cat\/cal\/wp-content\/uploads\/sites\/211\/2025\/11\/Fitxa_2.pdf\" target=\"_blank\" rel=\"noreferrer noopener\">Elaboraci\u00f3 d&#8217;una fitxa<\/a><\/td><\/tr><tr><td>Unitat 19. Carpeta d&#8217;aprenentatge<\/td><td><a href=\"https:\/\/webs.uab.cat\/cal\/wp-content\/uploads\/sites\/211\/2025\/11\/Carpeta_aprenentatge_1.pdf\" target=\"_blank\" rel=\"noreferrer noopener\">Qu\u00e8 \u00e9s una carpeta d&#8217;aprenentatge?<\/a><br><a href=\"https:\/\/webs.uab.cat\/cal\/wp-content\/uploads\/sites\/211\/2025\/11\/Carpeta_aprenentatge_2.pdf\" target=\"_blank\" rel=\"noreferrer noopener\">Quins elements estructuren una carpeta d&#8217;aprenentatge?<\/a><br><a href=\"https:\/\/webs.uab.cat\/cal\/wp-content\/uploads\/sites\/211\/2025\/11\/Carpeta_aprenentatge_3.pdf\" target=\"_blank\" rel=\"noreferrer noopener\">Com he de fer la carpeta d&#8217;aprenentatge?<\/a><\/td><\/tr><tr><td>Unitat 20. Evitar el plagi<\/td><td><a href=\"https:\/\/webs.uab.cat\/cal\/wp-content\/uploads\/sites\/211\/2025\/11\/Evitar-el-plagi_1.pdf\" target=\"_blank\" rel=\"noreferrer noopener\">Del plagi a la intertextualitat<\/a><br><a href=\"https:\/\/webs.uab.cat\/cal\/wp-content\/uploads\/sites\/211\/2025\/11\/Evitar-el-plagi_2.pdf\" target=\"_blank\" rel=\"noreferrer noopener\">El plagi acad\u00e8mic<\/a><\/td><\/tr><tr><td>Unitat 21. Curr\u00edculum<\/td><td><a href=\"https:\/\/webs.uab.cat\/cal\/wp-content\/uploads\/sites\/211\/2025\/11\/Curriculum_1.pdf\" target=\"_blank\" rel=\"noreferrer noopener\">El curr\u00edculum, eina de comunicaci\u00f3 en el proc\u00e9s de cerca de feina<\/a><br><a href=\"https:\/\/webs.uab.cat\/cal\/wp-content\/uploads\/sites\/211\/2025\/11\/Curriculum_2.pdf\" target=\"_blank\" rel=\"noreferrer noopener\">El contingut informatiu del curr\u00edculum<\/a><br><a href=\"https:\/\/webs.uab.cat\/cal\/wp-content\/uploads\/sites\/211\/2025\/11\/Curriculum_3.pdf\" target=\"_blank\" rel=\"noreferrer noopener\">Aspectes expressius i formals del curr\u00edculum<\/a><\/td><\/tr><tr><td>Unitat 22. Entrevista de feina<\/td><td><a href=\"https:\/\/webs.uab.cat\/cal\/wp-content\/uploads\/sites\/211\/2025\/11\/Entrevista_feina_1.pdf\" target=\"_blank\" rel=\"noreferrer noopener\">L&#8217;entrevista de selecci\u00f3<\/a><br><a href=\"https:\/\/webs.uab.cat\/cal\/wp-content\/uploads\/sites\/211\/2025\/11\/Entrevista_feina_2.pdf\" target=\"_blank\" rel=\"noreferrer noopener\">Les fases de l&#8217;entrevista de selecci\u00f3<\/a><br><a href=\"https:\/\/webs.uab.cat\/cal\/wp-content\/uploads\/sites\/211\/2025\/11\/Entrevista_feina_3.pdf\" target=\"_blank\" rel=\"noreferrer noopener\">Actuaci\u00f3 i comportament en una entrevista de feina<\/a><\/td><\/tr><tr><td>Unitat 23. Producci\u00f3 de textos<\/td><td><a href=\"https:\/\/webs.uab.cat\/cal\/wp-content\/uploads\/sites\/211\/2025\/11\/Produir-textos_1.pdf\" target=\"_blank\" rel=\"noreferrer noopener\">La reflexi\u00f3<\/a><br><a href=\"https:\/\/webs.uab.cat\/cal\/wp-content\/uploads\/sites\/211\/2025\/11\/Produir-textos_2.pdf\" target=\"_blank\" rel=\"noreferrer noopener\">L&#8217;estructuraci\u00f3<\/a><br><a href=\"https:\/\/webs.uab.cat\/cal\/wp-content\/uploads\/sites\/211\/2025\/11\/Produir-textos_3.pdf\" target=\"_blank\" rel=\"noreferrer noopener\">La conceptualitzaci\u00f3<\/a><br><a href=\"https:\/\/webs.uab.cat\/cal\/wp-content\/uploads\/sites\/211\/2025\/11\/Produir-textos_4.pdf\" target=\"_blank\" rel=\"noreferrer noopener\">La formalitzaci\u00f3<\/a><br><a href=\"https:\/\/youtu.be\/lgZYxZtbrzM?si=MRyoimGMr_42d4yB\" target=\"_blank\" rel=\"noreferrer noopener\">V\u00eddeos<\/a><\/td><\/tr><tr><td>Unitat 24. Article<\/td><td><a href=\"https:\/\/webs.uab.cat\/cal\/wp-content\/uploads\/sites\/211\/2025\/11\/Article_1.pdf\" target=\"_blank\" rel=\"noreferrer noopener\">L&#8217;article cient\u00edfic, eina de comunicaci\u00f3<\/a><br><a href=\"https:\/\/webs.uab.cat\/cal\/wp-content\/uploads\/sites\/211\/2025\/11\/Article_2.pdf\" target=\"_blank\" rel=\"noreferrer noopener\">L&#8217;article cient\u00edfic pas a pas<\/a><br><a href=\"https:\/\/webs.uab.cat\/cal\/wp-content\/uploads\/sites\/211\/2025\/11\/Article_3.pdf\">La reda<\/a><a href=\"https:\/\/webs.uab.cat\/cal\/wp-content\/uploads\/sites\/211\/2025\/11\/Article_3.pdf\" target=\"_blank\" rel=\"noreferrer noopener\">c<\/a><a href=\"https:\/\/webs.uab.cat\/cal\/wp-content\/uploads\/sites\/211\/2025\/11\/Article_3.pdf\">ci\u00f3 de l&#8217;article<\/a><\/td><\/tr><\/tbody><\/table><\/figure>\n\n\n\n<p><\/p>\n<\/div>\n<\/div>\n<\/div><\/div>\n","protected":false},"excerpt":{"rendered":"<p>Argumenta (2002-2009) \u00e9s un recurs de nou universitats catalanes dirigit pel Servei de Lleng\u00fces de la UAB i el Servei de Lleng\u00fces i Terminologia de la UPC. Ha gaudit de diversos ajuts NORMA i INTERLINGUA de la Generalitat de Catalunya. Unitat 1. Apunts Prendre apunts, nom\u00e9s a classe?Els entendr\u00e9?Qu\u00e8 en far\u00e9? Unitat 2. Examen Aprenentatge [&hellip;]<\/p>\n","protected":false},"author":246,"featured_media":0,"parent":0,"menu_order":0,"comment_status":"closed","ping_status":"closed","template":"","meta":{"footnotes":""},"class_list":["post-1766","page","type-page","status-publish","hentry"],"_links":{"self":[{"href":"https:\/\/webs.uab.cat\/cal\/wp-json\/wp\/v2\/pages\/1766","targetHints":{"allow":["GET"]}}],"collection":[{"href":"https:\/\/webs.uab.cat\/cal\/wp-json\/wp\/v2\/pages"}],"about":[{"href":"https:\/\/webs.uab.cat\/cal\/wp-json\/wp\/v2\/types\/page"}],"author":[{"embeddable":true,"href":"https:\/\/webs.uab.cat\/cal\/wp-json\/wp\/v2\/users\/246"}],"replies":[{"embeddable":true,"href":"https:\/\/webs.uab.cat\/cal\/wp-json\/wp\/v2\/comments?post=1766"}],"version-history":[{"count":32,"href":"https:\/\/webs.uab.cat\/cal\/wp-json\/wp\/v2\/pages\/1766\/revisions"}],"predecessor-version":[{"id":1880,"href":"https:\/\/webs.uab.cat\/cal\/wp-json\/wp\/v2\/pages\/1766\/revisions\/1880"}],"wp:attachment":[{"href":"https:\/\/webs.uab.cat\/cal\/wp-json\/wp\/v2\/media?parent=1766"}],"curies":[{"name":"wp","href":"https:\/\/api.w.org\/{rel}","templated":true}]}}