{"id":52,"date":"2026-01-14T16:38:33","date_gmt":"2026-01-14T14:38:33","guid":{"rendered":"https:\/\/webs.uab.cat\/campus-social-educatiu\/?page_id=52"},"modified":"2026-03-02T08:43:10","modified_gmt":"2026-03-02T06:43:10","slug":"articles-i-llibres","status":"publish","type":"page","link":"https:\/\/webs.uab.cat\/campus-social-educatiu\/difusio\/articles-i-llibres\/","title":{"rendered":"Articles i llibres"},"content":{"rendered":"\n<h2 class=\"wp-block-heading alignwide\">2024<\/h2>\n\n\n\n<div class=\"wp-block-columns alignwide is-layout-flex wp-container-core-columns-is-layout-9d6595d7 wp-block-columns-is-layout-flex\">\n<div class=\"wp-block-column is-layout-flow wp-block-column-is-layout-flow\">\n<p>Participaci\u00f3n en la semana de la educaci\u00f3n abierta.\u00a0Enlace a la\u00a0<a href=\"https:\/\/ddd.uab.cat\/record\/289821?ln=ca\" target=\"_blank\" rel=\"noreferrer noopener\">presentaci\u00f3n y v\u00eddeo<\/a>\u00a0en el DDD<\/p>\n\n\n\n<p>Ensayo Valdivia-Vizarreta, P., &amp; Montalvan Castilla, J. E. (2024). Flexibility and playful learning as strategies for a transformative pedagogy in higher education.\u00a0<em>UiS Scholarly Publishing Services<\/em>, 1(1), 1-19.\u00a0<a href=\"https:\/\/doi.org\/10.31265\/USPS.295\">https:\/\/doi.org\/10.31265\/USPS.295<\/a><\/p>\n<\/div>\n<\/div>\n\n\n\n<h2 class=\"wp-block-heading alignwide\">2023<\/h2>\n\n\n\n<div class=\"wp-block-columns alignwide is-layout-flex wp-container-core-columns-is-layout-9d6595d7 wp-block-columns-is-layout-flex\">\n<div class=\"wp-block-column is-layout-flow wp-block-column-is-layout-flow\">\n<p>Sesi\u00f3n de presentaci\u00f3n y cocreaci\u00f3n sobre la virtualizaci\u00f3n y visita con personas del ayuntamiento, asociaciones y medios de comunicaci\u00f3n.<\/p>\n\n\n\n<p>Comunicaci\u00f3n y presentaci\u00f3n en FIET: &#8220;Aprenentatge Servei i co-creaci\u00f3 de recursos digitals educatius patrimonials des de la Universitat&#8221;. Realizado por Paloma Valdivia Vizarreta.<\/p>\n\n\n\n<p>Difusi\u00f3n del proyecto en la sala de revistas de la Biblioteca de Humanidades acogi\u00f3 la presentaci\u00f3n de recursos educativos en abierto creados por el estudiantado que desarroll\u00f3 sus propuestas dentro del proyecto PLUAB basado en el ApS.<\/p>\n\n\n\n<div class=\"wp-block-columns is-layout-flex wp-container-core-columns-is-layout-9d6595d7 wp-block-columns-is-layout-flex\">\n<div class=\"wp-block-column has-gris-pubilla-background-color has-background is-layout-flow wp-block-column-is-layout-flow\">\n<figure class=\"wp-block-embed is-type-video is-provider-youtube wp-block-embed-youtube wp-embed-aspect-16-9 wp-has-aspect-ratio\"><div class=\"wp-block-embed__wrapper\">\n<iframe loading=\"lazy\" title=\"Playful Learning Guide: El patrimoni a Palau-solit\u00e0 i Plegamans. Paloma Valdivia\" width=\"580\" height=\"326\" src=\"https:\/\/www.youtube.com\/embed\/DvaVJp3onac?list=PLfiwyQy5C38d415kRv7seZiqR6hruGvs5\" frameborder=\"0\" allow=\"accelerometer; autoplay; clipboard-write; encrypted-media; gyroscope; picture-in-picture; web-share\" referrerpolicy=\"strict-origin-when-cross-origin\" allowfullscreen><\/iframe>\n<\/div><\/figure>\n\n\n\n<p class=\"has-small-font-size\">Playful Learning Guide: El patrimoni a Palau-solit\u00e0 i Plegamans.<\/p>\n\n\n\n<p class=\"has-small-font-size\">Paloma Valdivia.<\/p>\n<\/div>\n\n\n\n<div class=\"wp-block-column has-gris-pubilla-background-color has-background is-layout-flow wp-block-column-is-layout-flow\">\n<figure class=\"wp-block-embed is-type-video is-provider-youtube wp-block-embed-youtube wp-embed-aspect-16-9 wp-has-aspect-ratio\"><div class=\"wp-block-embed__wrapper\">\n<iframe loading=\"lazy\" title=\"Ideaci\u00f3 de recursos digital oberts per fons literaris. Joana Grau.\" width=\"580\" height=\"326\" src=\"https:\/\/www.youtube.com\/embed\/4Si_eGex5pE?list=PLfiwyQy5C38d415kRv7seZiqR6hruGvs5\" frameborder=\"0\" allow=\"accelerometer; autoplay; clipboard-write; encrypted-media; gyroscope; picture-in-picture; web-share\" referrerpolicy=\"strict-origin-when-cross-origin\" allowfullscreen><\/iframe>\n<\/div><\/figure>\n\n\n\n<p class=\"has-small-font-size\">Ideaci\u00f3 de recursos digital oberts per fons literaris.\u00a0<\/p>\n\n\n\n<p class=\"has-small-font-size\">Joana Grau.<\/p>\n<\/div>\n\n\n\n<div class=\"wp-block-column has-gris-pubilla-background-color has-background is-layout-flow wp-block-column-is-layout-flow\">\n<figure class=\"wp-block-embed is-type-video is-provider-youtube wp-block-embed-youtube wp-embed-aspect-16-9 wp-has-aspect-ratio\"><div class=\"wp-block-embed__wrapper\">\n<iframe loading=\"lazy\" title=\"Narratives feministes: Dones de la f\u00e0brica amb Realitat Augmentada i Fotos 360. Suren V\u00e1zquez.\" width=\"580\" height=\"326\" src=\"https:\/\/www.youtube.com\/embed\/jY_qNq-TiEc?list=PLfiwyQy5C38d415kRv7seZiqR6hruGvs5\" frameborder=\"0\" allow=\"accelerometer; autoplay; clipboard-write; encrypted-media; gyroscope; picture-in-picture; web-share\" referrerpolicy=\"strict-origin-when-cross-origin\" allowfullscreen><\/iframe>\n<\/div><\/figure>\n\n\n\n<p class=\"has-small-font-size\">Narratives feministes: Dones de la f\u00e0brica amb Realitat Augmentada i Fotos 360.\u00a0<\/p>\n\n\n\n<p class=\"has-small-font-size\">Suren V\u00e1zquez.<\/p>\n<\/div>\n<\/div>\n\n\n\n<div class=\"wp-block-columns is-layout-flex wp-container-core-columns-is-layout-9d6595d7 wp-block-columns-is-layout-flex\">\n<div class=\"wp-block-column has-gris-pubilla-background-color has-background is-layout-flow wp-block-column-is-layout-flow\">\n<figure class=\"wp-block-embed is-type-video is-provider-youtube wp-block-embed-youtube wp-embed-aspect-16-9 wp-has-aspect-ratio\"><div class=\"wp-block-embed__wrapper\">\n<iframe loading=\"lazy\" title=\"Metodologia Photovoice i L\u00ednia de temps. Roberto Piqueras\" width=\"580\" height=\"326\" src=\"https:\/\/www.youtube.com\/embed\/O24-_K2YuyM?list=PLfiwyQy5C38d415kRv7seZiqR6hruGvs5\" frameborder=\"0\" allow=\"accelerometer; autoplay; clipboard-write; encrypted-media; gyroscope; picture-in-picture; web-share\" referrerpolicy=\"strict-origin-when-cross-origin\" allowfullscreen><\/iframe>\n<\/div><\/figure>\n\n\n\n<p class=\"has-small-font-size\">Metodologia Photovoice i L\u00ednia de temps. <\/p>\n\n\n\n<p class=\"has-small-font-size\">Roberto Piqueras.<\/p>\n<\/div>\n\n\n\n<div class=\"wp-block-column has-gris-pubilla-background-color has-background is-layout-flow wp-block-column-is-layout-flow\">\n<figure class=\"wp-block-embed is-type-video is-provider-youtube wp-block-embed-youtube wp-embed-aspect-16-9 wp-has-aspect-ratio\"><div class=\"wp-block-embed__wrapper\">\n<iframe loading=\"lazy\" title=\"Prototips: Les possibilitats de la talladora l\u00e0ser i la catifa dels Bee Boots. Ver\u00f3nica Valcarce\" width=\"580\" height=\"326\" src=\"https:\/\/www.youtube.com\/embed\/w5yYr3t8DwQ?list=PLfiwyQy5C38d415kRv7seZiqR6hruGvs5\" frameborder=\"0\" allow=\"accelerometer; autoplay; clipboard-write; encrypted-media; gyroscope; picture-in-picture; web-share\" referrerpolicy=\"strict-origin-when-cross-origin\" allowfullscreen><\/iframe>\n<\/div><\/figure>\n\n\n\n<p class=\"has-small-font-size\">Prototips: Les possibilitats de la talladora l\u00e0ser i la catifa dels Bee Boots.<\/p>\n\n\n\n<p class=\"has-small-font-size\"> Ver\u00f3nica Valcarce.<\/p>\n<\/div>\n\n\n\n<div class=\"wp-block-column has-gris-pubilla-background-color has-background is-layout-flow wp-block-column-is-layout-flow\">\n<figure class=\"wp-block-embed is-type-video is-provider-youtube wp-block-embed-youtube wp-embed-aspect-16-9 wp-has-aspect-ratio\"><div class=\"wp-block-embed__wrapper\">\n<iframe loading=\"lazy\" title=\"Recursos educatius oberts: Possibilitats de l&#039;H5P i Knight Lab. Francesc Vila.\" width=\"580\" height=\"326\" src=\"https:\/\/www.youtube.com\/embed\/nmpsPSvl1Xc?list=PLfiwyQy5C38d415kRv7seZiqR6hruGvs5\" frameborder=\"0\" allow=\"accelerometer; autoplay; clipboard-write; encrypted-media; gyroscope; picture-in-picture; web-share\" referrerpolicy=\"strict-origin-when-cross-origin\" allowfullscreen><\/iframe>\n<\/div><\/figure>\n\n\n\n<p class=\"has-small-font-size\">Recursos educatius oberts: Possibilitats de l&#8217;H5P i Knight Lab.<\/p>\n\n\n\n<p class=\"has-small-font-size\">Francesc Vila.<\/p>\n<\/div>\n<\/div>\n<\/div>\n<\/div>\n\n\n\n<h2 class=\"wp-block-heading alignwide\">2022<\/h2>\n\n\n\n<div class=\"wp-block-columns alignwide is-layout-flex wp-container-core-columns-is-layout-9d6595d7 wp-block-columns-is-layout-flex\">\n<div class=\"wp-block-column is-layout-flow wp-block-column-is-layout-flow\">\n<p>Comunicaci\u00f3n en el congreso de Vinculaci\u00f3n del medio el 21 de enero de 2022 organizado por la Universidad Andr\u00e9s Bello titulado &#8220;Aprendizaje Servicio en la universidad: Experiencias en espacios de co-creaci\u00f3n&#8221; <a href=\"https:\/\/ddd.uab.cat\/record\/251080\" target=\"_blank\" rel=\"noreferrer noopener\">Video de la presentaci\u00f3n\u00a0<\/a> Realizado por Veronica Valvarce de Veer.<\/p>\n<\/div>\n<\/div>\n\n\n\n<h2 class=\"wp-block-heading alignwide\">2021<\/h2>\n\n\n\n<div class=\"wp-block-columns alignwide is-layout-flex wp-container-core-columns-is-layout-9d6595d7 wp-block-columns-is-layout-flex\">\n<div class=\"wp-block-column is-layout-flow wp-block-column-is-layout-flow\">\n<p>La UAB crear\u00e1 proyectos de educaci\u00f3n y patrimonio en Palau-solit\u00e0 i Plegamans. <a href=\"https:\/\/www.uab.cat\/web\/detalle-noticia\/la-uab-creara-proyectos-de-educacion-y-patrimonio-en-palau-solita-i-plegamans-1345774819041.html?noticiaid=1345839679291\" target=\"_blank\" rel=\"noreferrer noopener\">Nota de prensa del Parc de Recerca<\/a><\/p>\n\n\n\n<p>La UAB colabora con el ayuntamiento de Palau-solit\u00e0 i Plegamans. <a href=\"https:\/\/www.uab.cat\/web\/sala-de-prensa\/detalle-noticia\/la-uab-colabora-con-el-ayuntamiento-de-palau-solita-i-plegamans-1345830290069.html?detid=1345842847623\" target=\"_blank\" rel=\"noreferrer noopener\">Nota de prensa de la Universidad Aut\u00f3noma de Barcelona del Open Lab<\/a> que detalla el d\u00eda que se firm\u00f3 el convenio.<\/p>\n\n\n\n<p>Diversas notas de prensa realizadas por el ayuntamiento de Palau-solit\u00e0 i Plegamans:<\/p>\n\n\n\n<ul class=\"wp-block-list\">\n<li><a href=\"https:\/\/www.palauplegamans.cat\/pl17\/actualitat\/noticies\/id3258\/el-projecte-socioeducatiu-del-dimoni-i-les-pedres-protagonista-del-v-forum-d-educacio.htm\">El projecte socioeducatiu \u2018Del dimoni i les pedres\u2019 protagonista del V F\u00f2rum d\u2019Educaci\u00f3<\/a><\/li>\n\n\n\n<li><a href=\"https:\/\/www.palauplegamans.cat\/pl17\/actualitat\/noticies\/id4032\/l-ajuntament-i-la-uab-presenten-el-seu-acord-per-impulsar-projectes-d-educacio-i-patrimoni.htm\">L&#8217;Ajuntament i la UAB presenten el seu acord per impulsar projectes d\u2019educaci\u00f3 i patrimoni<\/a><\/li>\n\n\n\n<li><a href=\"https:\/\/www.palauplegamans.cat\/pl17\/actualitat\/noticies\/id4640\/el-conveni-de-collaboracio-entre-l-ajuntament-i-la-uab-dona-els-seus-fruits.htm\">El Conveni de col\u00b7laboraci\u00f3 entre l\u2019Ajuntament i la UAB dona els seus fruits<\/a> <\/li>\n\n\n\n<li><a href=\"https:\/\/www.palauplegamans.cat\/pl17\/actualitat\/noticies\/id4282\/el-projecte-el-dimoni-i-les-pedres-difon-la-historia-i-les-tradicions-del-municipi-mitjancant-continguts-educatius-multimedia.htm\">El projecte \u201cEl dimoni i les pedres&#8221; difon la hist\u00f2ria i les tradicions del municipi mitjan\u00e7ant continguts educatius multim\u00e8dia<\/a><\/li>\n\n\n\n<li><a href=\"https:\/\/www.palauplegamans.cat\/pl17\/actualitat\/noticies\/id4060\/l-ajuntament-i-la-uab-es-reuneixen-per-avancar-en-el-conveni-per-impulsar-projectes-d-educacio-i-patrimoni.htm\">L\u2019Ajuntament i la UAB es reuneixen per avan\u00e7ar en el conveni per impulsar projectes d\u2019educaci\u00f3 i patrimoni<\/a><\/li>\n<\/ul>\n\n\n\n<p>Conferencia dentro del Master oficial de humanidades y patrimonio digital <a href=\"https:\/\/twitter.com\/Master_HD_UAB\">(UAB-UPF)<\/a>.\u00a0Titulada: &#8220;Patrimonio, educaci\u00f3n y comunidad. Proyecto socioeducativo del Ayuntamiento de Palau-solit\u00e0 i Plegamans. realizado por Paloma Valdivia Vizarreta.<\/p>\n\n\n\n<p>9 ena. TROBADA DE CENTRES INNOVADORS A CATALUNYA. Dijous 30 de setembre a la Instituci\u00f3 Cultural del CIC. Presentaci\u00f3n: <a href=\"https:\/\/hurukuta.blogspot.com\/2021\/09\/aps-patrimonio-inmaterial-y-tic.html\" target=\"_blank\" rel=\"noreferrer noopener\">ApS: Patrimonio inmmaterial i TICs. Proyecto socioeducativo del Ajuntamiento de Palau-solit\u00e0 i Plegamans<\/a>. Realizado por Paloma Sep\u00falveda Parrini.<\/p>\n<\/div>\n<\/div>\n","protected":false},"excerpt":{"rendered":"<p>2024 Participaci\u00f3n en la semana de la educaci\u00f3n abierta.\u00a0Enlace a la\u00a0presentaci\u00f3n y v\u00eddeo\u00a0en el DDD Ensayo Valdivia-Vizarreta, P., &amp; Montalvan Castilla, J. E. (2024). Flexibility and playful learning as strategies for a transformative pedagogy in higher education.\u00a0UiS Scholarly Publishing Services, 1(1), 1-19.\u00a0https:\/\/doi.org\/10.31265\/USPS.295 2023 Sesi\u00f3n de presentaci\u00f3n y cocreaci\u00f3n sobre la virtualizaci\u00f3n y visita con personas [&hellip;]<\/p>\n","protected":false},"author":3035,"featured_media":0,"parent":48,"menu_order":0,"comment_status":"closed","ping_status":"closed","template":"","meta":{"footnotes":""},"class_list":["post-52","page","type-page","status-publish","hentry"],"_links":{"self":[{"href":"https:\/\/webs.uab.cat\/campus-social-educatiu\/wp-json\/wp\/v2\/pages\/52","targetHints":{"allow":["GET"]}}],"collection":[{"href":"https:\/\/webs.uab.cat\/campus-social-educatiu\/wp-json\/wp\/v2\/pages"}],"about":[{"href":"https:\/\/webs.uab.cat\/campus-social-educatiu\/wp-json\/wp\/v2\/types\/page"}],"author":[{"embeddable":true,"href":"https:\/\/webs.uab.cat\/campus-social-educatiu\/wp-json\/wp\/v2\/users\/3035"}],"replies":[{"embeddable":true,"href":"https:\/\/webs.uab.cat\/campus-social-educatiu\/wp-json\/wp\/v2\/comments?post=52"}],"version-history":[{"count":20,"href":"https:\/\/webs.uab.cat\/campus-social-educatiu\/wp-json\/wp\/v2\/pages\/52\/revisions"}],"predecessor-version":[{"id":574,"href":"https:\/\/webs.uab.cat\/campus-social-educatiu\/wp-json\/wp\/v2\/pages\/52\/revisions\/574"}],"up":[{"embeddable":true,"href":"https:\/\/webs.uab.cat\/campus-social-educatiu\/wp-json\/wp\/v2\/pages\/48"}],"wp:attachment":[{"href":"https:\/\/webs.uab.cat\/campus-social-educatiu\/wp-json\/wp\/v2\/media?parent=52"}],"curies":[{"name":"wp","href":"https:\/\/api.w.org\/{rel}","templated":true}]}}