{"id":9,"date":"2026-01-14T16:27:53","date_gmt":"2026-01-14T14:27:53","guid":{"rendered":"https:\/\/webs.uab.cat\/campus-social-educatiu\/?page_id=9"},"modified":"2026-03-04T20:25:47","modified_gmt":"2026-03-04T18:25:47","slug":"campus-innovacio-social-i-educativa","status":"publish","type":"page","link":"https:\/\/webs.uab.cat\/campus-social-educatiu\/","title":{"rendered":"Campus innovaci\u00f3 social i educativa"},"content":{"rendered":"\n<div class=\"wp-block-columns alignwide has-gris-pubilla-background-color has-background is-layout-flex wp-container-core-columns-is-layout-9d6595d7 wp-block-columns-is-layout-flex\">\n<div class=\"wp-block-column is-layout-flow wp-block-column-is-layout-flow\">\n<p>El Campus Social i Educatiu de Palau-solit\u00e0 i Plegamans transforma el municipi en un espai viu d\u2019aprenentatge i col\u00b7laboraci\u00f3, on la universitat, l\u2019ajuntament, el teixit social i el sector privat treballen junts per abordar reptes locals a trav\u00e9s de projectes reals, co-creaci\u00f3 i avaluaci\u00f3 compartida, generant solucions aplicables i recursos educatius d\u2019acc\u00e9s obert. <\/p>\n\n\n\n<p>La iniciativa fomenta una <strong>comunitat per al canvi<\/strong>, promou <strong>reptes socials<\/strong> orientats a la inclusi\u00f3, la just\u00edcia i la sostenibilitat, i impulsa la <strong>co-creaci\u00f3<\/strong> entre diferents actors (universitat, administraci\u00f3, ciutadania i sector privat). Tamb\u00e9 destaca per l\u2019<strong>aprenentatge contextualitzat<\/strong>, l\u2019\u00fas de <strong>tecnologies amb prop\u00f2sit<\/strong> (com IA o realitats immersives), i la <strong>recerca aplicada<\/strong>, acompanyada d\u2019avaluaci\u00f3 i difusi\u00f3 transparents. <\/p>\n\n\n\n<p>El projecte, que va comen\u00e7ar el 2015 amb la digitalitzaci\u00f3 del patrimoni local, s\u2019ha consolidat amb convenis i acords que reforcen la col\u00b7laboraci\u00f3, la producci\u00f3 de recursos oberts i el retorn comunitari, convertint-se en un model d\u2019innovaci\u00f3 social i educativa amb impacte directe en el territori.<\/p>\n<\/div>\n\n\n\n<div class=\"wp-block-column is-layout-flow wp-block-column-is-layout-flow\">\n<figure class=\"wp-block-embed is-type-video is-provider-youtube wp-block-embed-youtube wp-embed-aspect-16-9 wp-has-aspect-ratio\"><div class=\"wp-block-embed__wrapper\">\n<iframe loading=\"lazy\" title=\"00 Presentaci\u00f3\" width=\"580\" height=\"326\" src=\"https:\/\/www.youtube.com\/embed\/FHtkijQ93YU?feature=oembed\" frameborder=\"0\" allow=\"accelerometer; autoplay; clipboard-write; encrypted-media; gyroscope; picture-in-picture; web-share\" referrerpolicy=\"strict-origin-when-cross-origin\" allowfullscreen><\/iframe>\n<\/div><\/figure>\n\n\n\n<div class=\"wp-block-buttons is-layout-flex wp-block-buttons-is-layout-flex\">\n<div class=\"wp-block-button\"><a class=\"wp-block-button__link wp-element-button\" href=\"https:\/\/webs.uab.cat\/campus-social-educatiu\/el-nostre-campus\/que-fem\/\">Qu\u00e8 fem?<\/a><\/div>\n\n\n\n<div class=\"wp-block-button\"><a class=\"wp-block-button__link has-negre-eben-background-color has-background wp-element-button\" href=\"https:\/\/webs.uab.cat\/campus-social-educatiu\/metodologies\/\">Metodologies<\/a><\/div>\n<\/div>\n<\/div>\n<\/div>\n\n\n\n<div class=\"wp-block-columns alignwide has-gris-pubilla-background-color has-background is-layout-flex wp-container-core-columns-is-layout-9d6595d7 wp-block-columns-is-layout-flex\">\n<div class=\"wp-block-column is-layout-flow wp-block-column-is-layout-flow\">\n<div class=\"wp-block-columns are-vertically-aligned-center is-layout-flex wp-container-core-columns-is-layout-9d6595d7 wp-block-columns-is-layout-flex\">\n<div class=\"wp-block-column is-vertically-aligned-center is-layout-flow wp-block-column-is-layout-flow\" style=\"flex-basis:50%\">\n<h3 class=\"wp-block-heading alignwide\">Recursos<\/h3>\n<\/div>\n\n\n\n<div class=\"wp-block-column is-vertically-aligned-center is-layout-flow wp-block-column-is-layout-flow\" style=\"flex-basis:50%\">\n<div class=\"wp-block-buttons is-content-justification-right is-layout-flex wp-container-core-buttons-is-layout-765c4724 wp-block-buttons-is-layout-flex\">\n<div class=\"wp-block-button is-style-outline is-style-outline--1\"><a class=\"wp-block-button__link wp-element-button\" href=\"https:\/\/webs.uab.cat\/campus-social-educatiu\/category\/recursos\/\">Totes les recursos<\/a><\/div>\n<\/div>\n<\/div>\n<\/div>\n\n\n\n<div class=\"wp-block-query is-layout-flow wp-block-query-is-layout-flow\"><ul class=\"columns-3 alignwide wp-block-post-template is-layout-grid wp-container-core-post-template-is-layout-2f3213d7 wp-block-post-template-is-layout-grid\"><li class=\"wp-block-post post-305 post type-post status-publish format-standard has-post-thumbnail hentry category-abr category-aps category-noticies category-ods11 category-ods4 category-patrimonio category-psip category-recursos category-tfe\">\n<figure style=\"aspect-ratio:4\/3;\" class=\"wp-block-post-featured-image\"><a href=\"https:\/\/webs.uab.cat\/campus-social-educatiu\/%f0%9f%8e%acpalautube-videos-animats-per-descobrir-el-patrimoni-cultural-de-palau-solita-i-plegamans\/\" target=\"_self\"  ><img loading=\"lazy\" decoding=\"async\" width=\"300\" height=\"167\" src=\"https:\/\/webs.uab.cat\/campus-social-educatiu\/wp-content\/uploads\/sites\/672\/2025\/06\/image-300x167.webp\" class=\"attachment-medium size-medium wp-post-image\" alt=\"\ud83c\udfacPalauTube: v\u00eddeos animats per descobrir el patrimoni cultural de Palau-solit\u00e0 i Plegamans\" style=\"width:100%;height:100%;object-fit:cover;\" srcset=\"https:\/\/webs.uab.cat\/campus-social-educatiu\/wp-content\/uploads\/sites\/672\/2025\/06\/image-300x167.webp 300w, https:\/\/webs.uab.cat\/campus-social-educatiu\/wp-content\/uploads\/sites\/672\/2025\/06\/image.webp 512w\" sizes=\"auto, (max-width: 300px) 100vw, 300px\" \/><\/a><\/figure>\n\n<h3 class=\"has-text-align-left has-link-color wp-elements-3bb4a4c22b85a3a069c2b45a1220fa6d wp-block-post-title has-text-color has-verd-tropic-color has-normal-font-size\"><a href=\"https:\/\/webs.uab.cat\/campus-social-educatiu\/%f0%9f%8e%acpalautube-videos-animats-per-descobrir-el-patrimoni-cultural-de-palau-solita-i-plegamans\/\" target=\"_self\" >\ud83c\udfacPalauTube: v\u00eddeos animats per descobrir el patrimoni cultural de Palau-solit\u00e0 i Plegamans<\/a><\/h3>\n<\/li><li class=\"wp-block-post post-312 post type-post status-publish format-standard has-post-thumbnail hentry category-abr category-aps category-noticies category-ods11 category-ods4 category-patrimonio category-psip category-recursos category-tfe\">\n<figure style=\"aspect-ratio:4\/3;\" class=\"wp-block-post-featured-image\"><a href=\"https:\/\/webs.uab.cat\/campus-social-educatiu\/%f0%9f%a7%a9-recupera-les-peces-perdudes-escape-room-educatiu-per-viatjar-en-el-temps-a-palau-solita-i-plegamans\/\" target=\"_self\"  ><img loading=\"lazy\" decoding=\"async\" width=\"300\" height=\"201\" src=\"https:\/\/webs.uab.cat\/campus-social-educatiu\/wp-content\/uploads\/sites\/672\/2025\/06\/Captura-de-pantalla-2025-06-27-190539-300x201.webp\" class=\"attachment-medium size-medium wp-post-image\" alt=\"\ud83e\udde9 Recupera les peces perdudes! Escape Room educatiu per viatjar en el temps a Palau-solit\u00e0 i Plegamans\" style=\"width:100%;height:100%;object-fit:cover;\" srcset=\"https:\/\/webs.uab.cat\/campus-social-educatiu\/wp-content\/uploads\/sites\/672\/2025\/06\/Captura-de-pantalla-2025-06-27-190539-300x201.webp 300w, https:\/\/webs.uab.cat\/campus-social-educatiu\/wp-content\/uploads\/sites\/672\/2025\/06\/Captura-de-pantalla-2025-06-27-190539.webp 320w\" sizes=\"auto, (max-width: 300px) 100vw, 300px\" \/><\/a><\/figure>\n\n<h3 class=\"has-text-align-left has-link-color wp-elements-3bb4a4c22b85a3a069c2b45a1220fa6d wp-block-post-title has-text-color has-verd-tropic-color has-normal-font-size\"><a href=\"https:\/\/webs.uab.cat\/campus-social-educatiu\/%f0%9f%a7%a9-recupera-les-peces-perdudes-escape-room-educatiu-per-viatjar-en-el-temps-a-palau-solita-i-plegamans\/\" target=\"_self\" >\ud83e\udde9 Recupera les peces perdudes! Escape Room educatiu per viatjar en el temps a Palau-solit\u00e0 i Plegamans<\/a><\/h3>\n<\/li><li class=\"wp-block-post post-311 post type-post status-publish format-standard has-post-thumbnail hentry category-abr category-aps category-noticies category-ods4 category-patrimonio category-psip category-recursos category-tfe\">\n<figure style=\"aspect-ratio:4\/3;\" class=\"wp-block-post-featured-image\"><a href=\"https:\/\/webs.uab.cat\/campus-social-educatiu\/%f0%9f%8e%adescenaris-de-memoria-relats-titelles-i-un-teatri-per-donar-vida-al-patrimoni\/\" target=\"_self\"  ><img loading=\"lazy\" decoding=\"async\" width=\"300\" height=\"107\" src=\"https:\/\/webs.uab.cat\/campus-social-educatiu\/wp-content\/uploads\/sites\/672\/2025\/06\/Captura-de-pantalla-2025-06-27-193122-300x107.webp\" class=\"attachment-medium size-medium wp-post-image\" alt=\"\ud83c\udfadEscenaris de mem\u00f2ria: Relats, titelles i un teatr\u00ed per donar vida al patrimoni\" style=\"width:100%;height:100%;object-fit:cover;\" srcset=\"https:\/\/webs.uab.cat\/campus-social-educatiu\/wp-content\/uploads\/sites\/672\/2025\/06\/Captura-de-pantalla-2025-06-27-193122-300x107.webp 300w, https:\/\/webs.uab.cat\/campus-social-educatiu\/wp-content\/uploads\/sites\/672\/2025\/06\/Captura-de-pantalla-2025-06-27-193122.webp 425w\" sizes=\"auto, (max-width: 300px) 100vw, 300px\" \/><\/a><\/figure>\n\n<h3 class=\"has-text-align-left has-link-color wp-elements-3bb4a4c22b85a3a069c2b45a1220fa6d wp-block-post-title has-text-color has-verd-tropic-color has-normal-font-size\"><a href=\"https:\/\/webs.uab.cat\/campus-social-educatiu\/%f0%9f%8e%adescenaris-de-memoria-relats-titelles-i-un-teatri-per-donar-vida-al-patrimoni\/\" target=\"_self\" >\ud83c\udfadEscenaris de mem\u00f2ria: Relats, titelles i un teatr\u00ed per donar vida al patrimoni<\/a><\/h3>\n<\/li><\/ul><\/div>\n<\/div>\n<\/div>\n\n\n\n<div class=\"wp-block-columns alignwide has-gris-pubilla-background-color has-background is-layout-flex wp-container-core-columns-is-layout-9d6595d7 wp-block-columns-is-layout-flex\">\n<div class=\"wp-block-column is-layout-flow wp-block-column-is-layout-flow\">\n<div class=\"wp-block-columns are-vertically-aligned-center is-layout-flex wp-container-core-columns-is-layout-9d6595d7 wp-block-columns-is-layout-flex\">\n<div class=\"wp-block-column is-vertically-aligned-center is-layout-flow wp-block-column-is-layout-flow\" style=\"flex-basis:50%\">\n<h3 class=\"wp-block-heading alignwide\">Not\u00edcies<\/h3>\n<\/div>\n\n\n\n<div class=\"wp-block-column is-vertically-aligned-center is-layout-flow wp-block-column-is-layout-flow\" style=\"flex-basis:50%\">\n<div class=\"wp-block-buttons is-content-justification-right is-layout-flex wp-container-core-buttons-is-layout-765c4724 wp-block-buttons-is-layout-flex\">\n<div class=\"wp-block-button is-style-outline is-style-outline--2\"><a class=\"wp-block-button__link wp-element-button\" href=\"https:\/\/webs.uab.cat\/campus-social-educatiu\/category\/noticies\/\">Totes les Not\u00edcies<\/a><\/div>\n<\/div>\n<\/div>\n<\/div>\n\n\n\n<div class=\"wp-block-query is-layout-flow wp-block-query-is-layout-flow\"><ul class=\"columns-3 alignwide wp-block-post-template is-layout-grid wp-container-core-post-template-is-layout-2f3213d7 wp-block-post-template-is-layout-grid\"><li class=\"wp-block-post post-313 post type-post status-publish format-standard has-post-thumbnail hentry category-deporte category-noticies category-ods4 category-ods5 category-psip\">\n<figure class=\"wp-block-post-featured-image\"><img loading=\"lazy\" decoding=\"async\" width=\"900\" height=\"600\" src=\"https:\/\/webs.uab.cat\/campus-social-educatiu\/wp-content\/uploads\/sites\/672\/2025\/12\/maria-victor-1.png\" class=\"attachment-post-thumbnail size-post-thumbnail wp-post-image\" alt=\"\" style=\"object-fit:cover;\" srcset=\"https:\/\/webs.uab.cat\/campus-social-educatiu\/wp-content\/uploads\/sites\/672\/2025\/12\/maria-victor-1.png 900w, https:\/\/webs.uab.cat\/campus-social-educatiu\/wp-content\/uploads\/sites\/672\/2025\/12\/maria-victor-1-300x200.png 300w, https:\/\/webs.uab.cat\/campus-social-educatiu\/wp-content\/uploads\/sites\/672\/2025\/12\/maria-victor-1-768x512.png 768w\" sizes=\"auto, (max-width: 900px) 100vw, 900px\" \/><\/figure>\n\n<h3 class=\"has-text-align-left has-link-color wp-elements-3bb4a4c22b85a3a069c2b45a1220fa6d wp-block-post-title has-text-color has-verd-tropic-color has-normal-font-size\"><a href=\"https:\/\/webs.uab.cat\/campus-social-educatiu\/del-atletismo-de-maria-victor-al-hockey-de-nuestras-campeonas-mujeres-haciendo-historia-en-palau\/\" target=\"_self\" >\u00abDel atletismo de Mar\u00eda V\u00edctor al hockey de nuestras campeonas: mujeres haciendo historia en Palau\u00bb.<\/a><\/h3>\n<\/li><li class=\"wp-block-post post-303 post type-post status-publish format-standard has-post-thumbnail hentry category-itinerario category-noticies category-ods11 category-ods15 category-patrimonio category-realidad-aumentada\">\n<figure class=\"wp-block-post-featured-image\"><img loading=\"lazy\" decoding=\"async\" width=\"900\" height=\"600\" src=\"https:\/\/webs.uab.cat\/campus-social-educatiu\/wp-content\/uploads\/sites\/672\/2025\/11\/millenial-smart-forest.png\" class=\"attachment-post-thumbnail size-post-thumbnail wp-post-image\" alt=\"\" style=\"object-fit:cover;\" srcset=\"https:\/\/webs.uab.cat\/campus-social-educatiu\/wp-content\/uploads\/sites\/672\/2025\/11\/millenial-smart-forest.png 900w, https:\/\/webs.uab.cat\/campus-social-educatiu\/wp-content\/uploads\/sites\/672\/2025\/11\/millenial-smart-forest-300x200.png 300w, https:\/\/webs.uab.cat\/campus-social-educatiu\/wp-content\/uploads\/sites\/672\/2025\/11\/millenial-smart-forest-768x512.png 768w\" sizes=\"auto, (max-width: 900px) 100vw, 900px\" \/><\/figure>\n\n<h3 class=\"has-text-align-left has-link-color wp-elements-3bb4a4c22b85a3a069c2b45a1220fa6d wp-block-post-title has-text-color has-verd-tropic-color has-normal-font-size\"><a href=\"https:\/\/webs.uab.cat\/campus-social-educatiu\/%f0%9f%8c%b2-millenial-angelats-smart-forest-tecnologia-sostenibilitat-i-educacio-en-un-bosc-mil%c2%b7lenari\/\" target=\"_self\" >\ud83c\udf32\u202fMillenial Angelats Smart Forest: tecnologia, sostenibilitat i educaci\u00f3 en un bosc mil\u00b7lenari<\/a><\/h3>\n<\/li><li class=\"wp-block-post post-310 post type-post status-publish format-standard has-post-thumbnail hentry category-itinerario category-noticies category-ods4 category-realidad-aumentada\">\n<figure class=\"wp-block-post-featured-image\"><img loading=\"lazy\" decoding=\"async\" width=\"900\" height=\"600\" src=\"https:\/\/webs.uab.cat\/campus-social-educatiu\/wp-content\/uploads\/sites\/672\/2025\/11\/millenial-smart-forest-1.png\" class=\"attachment-post-thumbnail size-post-thumbnail wp-post-image\" alt=\"\" style=\"object-fit:cover;\" srcset=\"https:\/\/webs.uab.cat\/campus-social-educatiu\/wp-content\/uploads\/sites\/672\/2025\/11\/millenial-smart-forest-1.png 900w, https:\/\/webs.uab.cat\/campus-social-educatiu\/wp-content\/uploads\/sites\/672\/2025\/11\/millenial-smart-forest-1-300x200.png 300w, https:\/\/webs.uab.cat\/campus-social-educatiu\/wp-content\/uploads\/sites\/672\/2025\/11\/millenial-smart-forest-1-768x512.png 768w\" sizes=\"auto, (max-width: 900px) 100vw, 900px\" \/><\/figure>\n\n<h3 class=\"has-text-align-left has-link-color wp-elements-3bb4a4c22b85a3a069c2b45a1220fa6d wp-block-post-title has-text-color has-verd-tropic-color has-normal-font-size\"><a href=\"https:\/\/webs.uab.cat\/campus-social-educatiu\/aprendizaje-situado-a-traves-de-una-visita-del-senior-lab-del-citilab-de-cornella-a-los-laboratorios-de-innovacion-abierta-de-la-uab\/\" target=\"_self\" >Aprendizaje situado a trav\u00e9s de una visita del Senior Lab del Citilab de Cornell\u00e0 a los laboratorios de Innovaci\u00f3n Abierta de la UAB<\/a><\/h3>\n<\/li><\/ul><\/div>\n<\/div>\n<\/div>\n\n\n\n<div class=\"wp-block-columns alignwide is-layout-flex wp-container-core-columns-is-layout-9d6595d7 wp-block-columns-is-layout-flex\">\n<div class=\"wp-block-column has-gris-pubilla-background-color has-background is-layout-flow wp-block-column-is-layout-flow\">\n<div class=\"wp-block-columns are-vertically-aligned-center is-layout-flex wp-container-core-columns-is-layout-9d6595d7 wp-block-columns-is-layout-flex\">\n<div class=\"wp-block-column is-vertically-aligned-center is-layout-flow wp-block-column-is-layout-flow\" style=\"flex-basis:50%\">\n<h3 class=\"wp-block-heading alignwide\">Projectes<\/h3>\n<\/div>\n\n\n\n<div class=\"wp-block-column is-vertically-aligned-center is-layout-flow wp-block-column-is-layout-flow\" style=\"flex-basis:50%\">\n<div class=\"wp-block-buttons is-content-justification-right is-layout-flex wp-container-core-buttons-is-layout-765c4724 wp-block-buttons-is-layout-flex\">\n<div class=\"wp-block-button is-style-outline is-style-outline--3\"><a class=\"wp-block-button__link wp-element-button\" href=\"https:\/\/webs.uab.cat\/campus-social-educatiu\/projectes\/\">Totes les Projectes<\/a><\/div>\n<\/div>\n<\/div>\n<\/div>\n\n\n\n<div class=\"wp-block-columns is-layout-flex wp-container-core-columns-is-layout-9d6595d7 wp-block-columns-is-layout-flex\">\n<div class=\"wp-block-column is-layout-flow wp-block-column-is-layout-flow\">\n<figure class=\"wp-block-image size-full\"><a href=\"https:\/\/webs.uab.cat\/campus-social-educatiu\/projectes\/\"><img loading=\"lazy\" decoding=\"async\" width=\"500\" height=\"500\" src=\"https:\/\/webs.uab.cat\/campus-social-educatiu\/wp-content\/uploads\/sites\/672\/2026\/01\/logo-campus.png\" alt=\"\" class=\"wp-image-274\" style=\"aspect-ratio:4\/3;object-fit:cover\" srcset=\"https:\/\/webs.uab.cat\/campus-social-educatiu\/wp-content\/uploads\/sites\/672\/2026\/01\/logo-campus.png 500w, https:\/\/webs.uab.cat\/campus-social-educatiu\/wp-content\/uploads\/sites\/672\/2026\/01\/logo-campus-300x300.png 300w, https:\/\/webs.uab.cat\/campus-social-educatiu\/wp-content\/uploads\/sites\/672\/2026\/01\/logo-campus-150x150.png 150w\" sizes=\"auto, (max-width: 500px) 100vw, 500px\" \/><\/a><\/figure>\n\n\n\n<h4 class=\"wp-block-heading has-verd-tropic-color has-text-color has-link-color wp-elements-85f44dd16b7da425a6370e43c0f16244\"><a href=\"https:\/\/webs.uab.cat\/campus-social-educatiu\/projectes\/\" data-type=\"page\" data-id=\"46\">Projecte Campus d\u2019Innovaci\u00f3<\/a><\/h4>\n<\/div>\n\n\n\n<div class=\"wp-block-column is-layout-flow wp-block-column-is-layout-flow\">\n<figure class=\"wp-block-image size-full\"><img loading=\"lazy\" decoding=\"async\" width=\"800\" height=\"600\" src=\"https:\/\/webs.uab.cat\/campus-social-educatiu\/wp-content\/uploads\/sites\/672\/2026\/03\/default-image.jpg\" alt=\"\" class=\"wp-image-589\" style=\"aspect-ratio:4\/3;object-fit:cover\" srcset=\"https:\/\/webs.uab.cat\/campus-social-educatiu\/wp-content\/uploads\/sites\/672\/2026\/03\/default-image.jpg 800w, https:\/\/webs.uab.cat\/campus-social-educatiu\/wp-content\/uploads\/sites\/672\/2026\/03\/default-image-300x225.jpg 300w, https:\/\/webs.uab.cat\/campus-social-educatiu\/wp-content\/uploads\/sites\/672\/2026\/03\/default-image-768x576.jpg 768w\" sizes=\"auto, (max-width: 800px) 100vw, 800px\" \/><\/figure>\n\n\n\n<h4 class=\"wp-block-heading has-verd-tropic-color has-text-color has-link-color wp-elements-fbcf64c3d21c697629a9a8de4d28b9a9\"><a href=\"https:\/\/webs.uab.cat\/campus-social-educatiu\/projectes\/\" data-type=\"page\" data-id=\"46\">Projecte Mem\u00f2ria oral i conreu de Palau-solit\u00e0 i Plegamans<\/a><\/h4>\n<\/div>\n\n\n\n<div class=\"wp-block-column is-layout-flow wp-block-column-is-layout-flow\">\n<figure class=\"wp-block-image size-full\"><img loading=\"lazy\" decoding=\"async\" width=\"800\" height=\"600\" src=\"https:\/\/webs.uab.cat\/campus-social-educatiu\/wp-content\/uploads\/sites\/672\/2026\/03\/default-image.jpg\" alt=\"\" class=\"wp-image-589\" style=\"aspect-ratio:4\/3;object-fit:cover\" srcset=\"https:\/\/webs.uab.cat\/campus-social-educatiu\/wp-content\/uploads\/sites\/672\/2026\/03\/default-image.jpg 800w, https:\/\/webs.uab.cat\/campus-social-educatiu\/wp-content\/uploads\/sites\/672\/2026\/03\/default-image-300x225.jpg 300w, https:\/\/webs.uab.cat\/campus-social-educatiu\/wp-content\/uploads\/sites\/672\/2026\/03\/default-image-768x576.jpg 768w\" sizes=\"auto, (max-width: 800px) 100vw, 800px\" \/><\/figure>\n\n\n\n<h4 class=\"wp-block-heading has-verd-tropic-color has-text-color has-link-color wp-elements-b2d2d5183f4588a5428a699f0f622c88\"><a href=\"https:\/\/webs.uab.cat\/campus-social-educatiu\/projectes\/\" data-type=\"page\" data-id=\"46\">Projecte esport<\/a><\/h4>\n<\/div>\n<\/div>\n<\/div>\n<\/div>\n","protected":false},"excerpt":{"rendered":"<p>El Campus Social i Educatiu de Palau-solit\u00e0 i Plegamans transforma el municipi en un espai viu d\u2019aprenentatge i col\u00b7laboraci\u00f3, on la universitat, l\u2019ajuntament, el teixit social i el sector privat treballen junts per abordar reptes locals a trav\u00e9s de projectes reals, co-creaci\u00f3 i avaluaci\u00f3 compartida, generant solucions aplicables i recursos educatius d\u2019acc\u00e9s obert. La iniciativa [&hellip;]<\/p>\n","protected":false},"author":3035,"featured_media":0,"parent":0,"menu_order":0,"comment_status":"closed","ping_status":"closed","template":"","meta":{"footnotes":""},"class_list":["post-9","page","type-page","status-publish","hentry"],"_links":{"self":[{"href":"https:\/\/webs.uab.cat\/campus-social-educatiu\/wp-json\/wp\/v2\/pages\/9","targetHints":{"allow":["GET"]}}],"collection":[{"href":"https:\/\/webs.uab.cat\/campus-social-educatiu\/wp-json\/wp\/v2\/pages"}],"about":[{"href":"https:\/\/webs.uab.cat\/campus-social-educatiu\/wp-json\/wp\/v2\/types\/page"}],"author":[{"embeddable":true,"href":"https:\/\/webs.uab.cat\/campus-social-educatiu\/wp-json\/wp\/v2\/users\/3035"}],"replies":[{"embeddable":true,"href":"https:\/\/webs.uab.cat\/campus-social-educatiu\/wp-json\/wp\/v2\/comments?post=9"}],"version-history":[{"count":49,"href":"https:\/\/webs.uab.cat\/campus-social-educatiu\/wp-json\/wp\/v2\/pages\/9\/revisions"}],"predecessor-version":[{"id":790,"href":"https:\/\/webs.uab.cat\/campus-social-educatiu\/wp-json\/wp\/v2\/pages\/9\/revisions\/790"}],"wp:attachment":[{"href":"https:\/\/webs.uab.cat\/campus-social-educatiu\/wp-json\/wp\/v2\/media?parent=9"}],"curies":[{"name":"wp","href":"https:\/\/api.w.org\/{rel}","templated":true}]}}