{"id":501,"date":"2022-09-08T16:38:19","date_gmt":"2022-09-08T14:38:19","guid":{"rendered":"https:\/\/webs.uab.cat\/campusdocentsigma\/?page_id=501"},"modified":"2022-09-13T16:32:35","modified_gmt":"2022-09-13T14:32:35","slug":"el-campus-docente-sigm","status":"publish","type":"page","link":"https:\/\/webs.uab.cat\/campusdocentsigma\/es\/","title":{"rendered":"El campus docente Sigm@"},"content":{"rendered":"\n<p>Ofrece acceso a la lista de clase y soporte a la evaluaci\u00f3n de los estudiantes y a la gesti\u00f3n de las actas de evaluaci\u00f3n.<\/p>\n\n<div class=\"wp-block-query is-layout-flow wp-block-query-is-layout-flow\"><ul class=\"wp-block-post-template is-layout-flow wp-block-post-template-is-layout-flow\"><li class=\"wp-block-post post-1374 post type-post status-publish format-standard hentry category-general\">\n<h2 class=\"wp-block-post-title\"><a href=\"https:\/\/webs.uab.cat\/campusdocentsigma\/es\/2024\/07\/22\/apertura-del-curso-2024-2025\/\" target=\"_self\" >Apertura del curso 2024-2025<\/a><\/h2>\n\n\n\n<div class=\"wp-block-post-excerpt\"><p class=\"wp-block-post-excerpt__excerpt\">Ya pod\u00e9is acceder a la informaci\u00f3n del curso 2024-2025 en el campus docente Sigm@. Para este curso queremos destacar algunas novedades: El reparto de los alumnos en los grupos no matriculables. Ver en el manual de uso 2.5. Reparto alumnos La gesti\u00f3n de las actas de evaluaci\u00f3n del seguimiento de los programas de doctorado. Ver&hellip; <\/p><\/div>\n\n\n<hr class=\"wp-block-separator has-css-opacity\" \/>\n\n\n<div class=\"wp-block-post-date\"><time datetime=\"2024-07-22T10:33:53+02:00\">22 de julio de 2024<\/time><\/div>\n<\/li><li class=\"wp-block-post post-681 post type-post status-publish format-standard hentry category-general\">\n<h2 class=\"wp-block-post-title\"><a href=\"https:\/\/webs.uab.cat\/campusdocentsigma\/es\/2022\/09\/12\/la-gestion-electronica-de-las-actas-de-evaluacion-de-estudios-propios\/\" target=\"_self\" >La gesti\u00f3n electr\u00f3nica de las actas de evaluaci\u00f3n de estudios propios<\/a><\/h2>\n\n\n\n<div class=\"wp-block-post-excerpt\"><p class=\"wp-block-post-excerpt__excerpt\">Se ha activado la gesti\u00f3n electr\u00f3nica de las actas de evaluaci\u00f3n de estudios propios que incorpora mejoras en el campus docente Sigm@ en la gesti\u00f3n de la calificaci\u00f3n de las actas de evaluaci\u00f3n de estos estudios y permite ejecutar el cierre y la firma de las actas desde el propio sistema Sigm@. Pod\u00e9is ver el&hellip; <\/p><\/div>\n\n\n<hr class=\"wp-block-separator has-css-opacity\" \/>\n\n\n<div class=\"wp-block-post-date\"><time datetime=\"2022-09-12T13:00:00+02:00\">12 de septiembre de 2022<\/time><\/div>\n<\/li><li class=\"wp-block-post post-677 post type-post status-publish format-standard hentry category-general\">\n<h2 class=\"wp-block-post-title\"><a href=\"https:\/\/webs.uab.cat\/campusdocentsigma\/es\/2022\/09\/01\/activacion-del-curso-2022-2023\/\" target=\"_self\" >Activaci\u00f3n del curso 2022-2023<\/a><\/h2>\n\n\n\n<div class=\"wp-block-post-excerpt\"><p class=\"wp-block-post-excerpt__excerpt\">Se ha activado el curso 2022-2023 en el campus docente Sigm@. Recordad que tendr\u00e9is acceso a los grupos a medida que se hayan establecido vuestros permisos en el plan docente y los estudiantes est\u00e9n matriculados. <\/p><\/div>\n\n\n<hr class=\"wp-block-separator has-css-opacity\" \/>\n\n\n<div class=\"wp-block-post-date\"><time datetime=\"2022-09-01T06:00:00+02:00\">1 de septiembre de 2022<\/time><\/div>\n<\/li><\/ul><\/div>\n","protected":false},"excerpt":{"rendered":"<p>Ofrece acceso a la lista de clase y soporte a la evaluaci\u00f3n de los estudiantes y a la gesti\u00f3n de las actas de evaluaci\u00f3n.<\/p>\n","protected":false},"author":113,"featured_media":0,"parent":0,"menu_order":0,"comment_status":"closed","ping_status":"closed","template":"","meta":{"footnotes":""},"class_list":["post-501","page","type-page","status-publish","hentry"],"_links":{"self":[{"href":"https:\/\/webs.uab.cat\/campusdocentsigma\/es\/wp-json\/wp\/v2\/pages\/501","targetHints":{"allow":["GET"]}}],"collection":[{"href":"https:\/\/webs.uab.cat\/campusdocentsigma\/es\/wp-json\/wp\/v2\/pages"}],"about":[{"href":"https:\/\/webs.uab.cat\/campusdocentsigma\/es\/wp-json\/wp\/v2\/types\/page"}],"author":[{"embeddable":true,"href":"https:\/\/webs.uab.cat\/campusdocentsigma\/es\/wp-json\/wp\/v2\/users\/113"}],"replies":[{"embeddable":true,"href":"https:\/\/webs.uab.cat\/campusdocentsigma\/es\/wp-json\/wp\/v2\/comments?post=501"}],"version-history":[{"count":2,"href":"https:\/\/webs.uab.cat\/campusdocentsigma\/es\/wp-json\/wp\/v2\/pages\/501\/revisions"}],"predecessor-version":[{"id":593,"href":"https:\/\/webs.uab.cat\/campusdocentsigma\/es\/wp-json\/wp\/v2\/pages\/501\/revisions\/593"}],"wp:attachment":[{"href":"https:\/\/webs.uab.cat\/campusdocentsigma\/es\/wp-json\/wp\/v2\/media?parent=501"}],"curies":[{"name":"wp","href":"https:\/\/api.w.org\/{rel}","templated":true}]}}

<p>Ofrece acceso a la lista de clase y soporte a la evaluación de los estudiantes y a la gestión de las actas de evaluación.</p>

<div class="wp-block-query is-layout-flow wp-block-query-is-layout-flow"><ul class="wp-block-post-template is-layout-flow wp-block-post-template-is-layout-flow"><li class="wp-block-post post-1374 post type-post status-publish format-standard hentry category-general">
<h2 class="wp-block-post-title"><a href="https://webs.uab.cat/campusdocentsigma/es/2024/07/22/apertura-del-curso-2024-2025/" target="_self" >Apertura del curso 2024-2025</a></h2>



<div class="wp-block-post-excerpt"><p class="wp-block-post-excerpt__excerpt">Ya podéis acceder a la información del curso 2024-2025 en el campus docente Sigm@. Para este curso queremos destacar algunas novedades: El reparto de los alumnos en los grupos no matriculables. Ver en el manual de uso 2.5. Reparto alumnos La gestión de las actas de evaluación del seguimiento de los programas de doctorado. Ver&hellip; </p></div>


<hr class="wp-block-separator has-css-opacity" />


<div class="wp-block-post-date"><time datetime="2024-07-22T10:33:53+02:00">22 de julio de 2024</time></div>
</li><li class="wp-block-post post-681 post type-post status-publish format-standard hentry category-general">
<h2 class="wp-block-post-title"><a href="https://webs.uab.cat/campusdocentsigma/es/2022/09/12/la-gestion-electronica-de-las-actas-de-evaluacion-de-estudios-propios/" target="_self" >La gestión electrónica de las actas de evaluación de estudios propios</a></h2>



<div class="wp-block-post-excerpt"><p class="wp-block-post-excerpt__excerpt">Se ha activado la gestión electrónica de las actas de evaluación de estudios propios que incorpora mejoras en el campus docente Sigm@ en la gestión de la calificación de las actas de evaluación de estos estudios y permite ejecutar el cierre y la firma de las actas desde el propio sistema Sigm@. Podéis ver el&hellip; </p></div>


<hr class="wp-block-separator has-css-opacity" />


<div class="wp-block-post-date"><time datetime="2022-09-12T13:00:00+02:00">12 de septiembre de 2022</time></div>
</li><li class="wp-block-post post-677 post type-post status-publish format-standard hentry category-general">
<h2 class="wp-block-post-title"><a href="https://webs.uab.cat/campusdocentsigma/es/2022/09/01/activacion-del-curso-2022-2023/" target="_self" >Activación del curso 2022-2023</a></h2>



<div class="wp-block-post-excerpt"><p class="wp-block-post-excerpt__excerpt">Se ha activado el curso 2022-2023 en el campus docente Sigm@. Recordad que tendréis acceso a los grupos a medida que se hayan establecido vuestros permisos en el plan docente y los estudiantes estén matriculados. </p></div>


<hr class="wp-block-separator has-css-opacity" />


<div class="wp-block-post-date"><time datetime="2022-09-01T06:00:00+02:00">1 de septiembre de 2022</time></div>
</li></ul></div>

<p>Ofrece acceso a la lista de clase y soporte a la evaluación de los estudiantes y a la gestión de las actas de evaluación.</p>
