{"id":1164,"date":"2024-05-23T10:48:22","date_gmt":"2024-05-23T08:48:22","guid":{"rendered":"https:\/\/webs.uab.cat\/campusdocentsigma\/?page_id=1164"},"modified":"2024-06-27T11:41:23","modified_gmt":"2024-06-27T09:41:23","slug":"6-2-qualificar-el-seguiment","status":"publish","type":"page","link":"https:\/\/webs.uab.cat\/campusdocentsigma\/6-2-qualificar-el-seguiment\/","title":{"rendered":"6.2. Qualificar el seguiment del programa de doctorat"},"content":{"rendered":"\n<p>A l&#8217;apartat <strong><em>Qualificacions &gt; Qualificar finals<\/em><\/strong> podeu introduir les qualificacions dels estudiants.<\/p>\n\n\n\n<figure class=\"wp-block-image size-large\"><img loading=\"lazy\" decoding=\"async\" width=\"1024\" height=\"357\" src=\"https:\/\/webs.uab.cat\/campusdocentsigma\/wp-content\/uploads\/sites\/184\/2024\/05\/seguiment_alumnes_qualificar-1024x357.png\" alt=\"qualificar els estudiants del seguiment del programa de doctorat\" class=\"wp-image-1165\" srcset=\"https:\/\/webs.uab.cat\/campusdocentsigma\/wp-content\/uploads\/sites\/184\/2024\/05\/seguiment_alumnes_qualificar-1024x357.png 1024w, https:\/\/webs.uab.cat\/campusdocentsigma\/wp-content\/uploads\/sites\/184\/2024\/05\/seguiment_alumnes_qualificar-300x104.png 300w, https:\/\/webs.uab.cat\/campusdocentsigma\/wp-content\/uploads\/sites\/184\/2024\/05\/seguiment_alumnes_qualificar-768x268.png 768w, https:\/\/webs.uab.cat\/campusdocentsigma\/wp-content\/uploads\/sites\/184\/2024\/05\/seguiment_alumnes_qualificar.png 1045w\" sizes=\"auto, (max-width: 1024px) 100vw, 1024px\" \/><\/figure>\n\n\n\n<p>Disposeu de les seg\u00fcents qualificacions per avaluar el seguiment de la tesi doctoral:<\/p>\n\n\n\n<blockquote class=\"wp-block-quote is-layout-flow wp-block-quote-is-layout-flow\">\n<p><strong><em>Avaluaci\u00f3 positiva<\/em><\/strong> si ha superat l&#8217;avaluaci\u00f3.<\/p>\n\n\n\n<p><strong><em>Avaluaci\u00f3 negativa<\/em><\/strong> si no ha superat l&#8217;avaluaci\u00f3.<\/p>\n\n\n\n<p><strong><em>No avaluable<\/em><\/strong> si no es presenta al seguiment.<\/p>\n\n\n\n<p><strong><em>Doctorand\/a en baixa temporal<\/em><\/strong> si la persona est\u00e0 en situaci\u00f3 de baixa en el moment de l&#8217;avaluaci\u00f3 del seguiment i no es pot presentar.<\/p>\n<\/blockquote>\n\n\n\n<p>Per cada estudiant, la icona situada a la part esquerra del registre permet accedir a la seva fitxa.<\/p>\n","protected":false},"excerpt":{"rendered":"<p>A l&#8217;apartat Qualificacions &gt; Qualificar finals podeu introduir les qualificacions dels estudiants. Disposeu de les seg\u00fcents qualificacions per avaluar el seguiment de la tesi doctoral: Avaluaci\u00f3 positiva si ha superat l&#8217;avaluaci\u00f3. Avaluaci\u00f3 negativa si no ha superat l&#8217;avaluaci\u00f3. No avaluable si no es presenta al seguiment. Doctorand\/a en baixa temporal si la persona est\u00e0 en [&hellip;]<\/p>\n","protected":false},"author":113,"featured_media":0,"parent":0,"menu_order":0,"comment_status":"closed","ping_status":"closed","template":"","meta":{"footnotes":""},"class_list":["post-1164","page","type-page","status-publish","hentry"],"_links":{"self":[{"href":"https:\/\/webs.uab.cat\/campusdocentsigma\/wp-json\/wp\/v2\/pages\/1164","targetHints":{"allow":["GET"]}}],"collection":[{"href":"https:\/\/webs.uab.cat\/campusdocentsigma\/wp-json\/wp\/v2\/pages"}],"about":[{"href":"https:\/\/webs.uab.cat\/campusdocentsigma\/wp-json\/wp\/v2\/types\/page"}],"author":[{"embeddable":true,"href":"https:\/\/webs.uab.cat\/campusdocentsigma\/wp-json\/wp\/v2\/users\/113"}],"replies":[{"embeddable":true,"href":"https:\/\/webs.uab.cat\/campusdocentsigma\/wp-json\/wp\/v2\/comments?post=1164"}],"version-history":[{"count":7,"href":"https:\/\/webs.uab.cat\/campusdocentsigma\/wp-json\/wp\/v2\/pages\/1164\/revisions"}],"predecessor-version":[{"id":1343,"href":"https:\/\/webs.uab.cat\/campusdocentsigma\/wp-json\/wp\/v2\/pages\/1164\/revisions\/1343"}],"wp:attachment":[{"href":"https:\/\/webs.uab.cat\/campusdocentsigma\/wp-json\/wp\/v2\/media?parent=1164"}],"curies":[{"name":"wp","href":"https:\/\/api.w.org\/{rel}","templated":true}]}}