{"id":1171,"date":"2013-11-20T13:19:59","date_gmt":"2013-11-20T11:19:59","guid":{"rendered":"https:\/\/webs.uab.cat\/canalce\/fitxa-pre\/la-professionalitzacio-dels-docents-secundaria-un-llarg-cami\/"},"modified":"2013-11-20T13:19:59","modified_gmt":"2013-11-20T11:19:59","slug":"la-professionalitzacio-dels-docents-secundaria-un-llarg-cami","status":"publish","type":"fitxa_pre","link":"https:\/\/webs.uab.cat\/canalce\/fitxa-pre\/la-professionalitzacio-dels-docents-secundaria-un-llarg-cami\/","title":{"rendered":"La Professionalitzaci\u00f3 dels docents a secund\u00e0ria: un llarg cam\u00ed"},"content":{"rendered":"<p>\n<video controls=\"\" height=\"360\" poster=\"http:\/\/videosdigitals.uab.cat\/uploads\/pic\/Serial\/476\/Video\/3364\/436.2_150.png\" title=\"M\u00e0ster universitari de formaci\u00f3 del professorat d\u00b4educaci\u00f3 secund\u00e0ria obligatoria i batxillerat, formaci\u00f3 professional i ensenyament d\u00b4idiomes\" width=\"640\"><source src=\"http:\/\/videosdigitals.uab.cat\/almacen\/downloads\/476\/1607.mp4\" type=\"video\/mp4\" \/>Your browser does not support the video tag.<\/video><\/p>\n","protected":false},"excerpt":{"rendered":"<p>Your browser does not support the video tag.<\/p>\n","protected":false},"author":20,"featured_media":1172,"template":"","vocabulary_1_tax":[18],"class_list":["post-1171","fitxa_pre","type-fitxa_pre","status-publish","has-post-thumbnail","hentry","vocabulary_1_tax-institucional"],"_links":{"self":[{"href":"https:\/\/webs.uab.cat\/canalce\/wp-json\/wp\/v2\/fitxa_pre\/1171","targetHints":{"allow":["GET"]}}],"collection":[{"href":"https:\/\/webs.uab.cat\/canalce\/wp-json\/wp\/v2\/fitxa_pre"}],"about":[{"href":"https:\/\/webs.uab.cat\/canalce\/wp-json\/wp\/v2\/types\/fitxa_pre"}],"author":[{"embeddable":true,"href":"https:\/\/webs.uab.cat\/canalce\/wp-json\/wp\/v2\/users\/20"}],"wp:featuredmedia":[{"embeddable":true,"href":"https:\/\/webs.uab.cat\/canalce\/wp-json\/wp\/v2\/media\/1172"}],"wp:attachment":[{"href":"https:\/\/webs.uab.cat\/canalce\/wp-json\/wp\/v2\/media?parent=1171"}],"wp:term":[{"taxonomy":"vocabulary_1_tax","embeddable":true,"href":"https:\/\/webs.uab.cat\/canalce\/wp-json\/wp\/v2\/vocabulary_1_tax?post=1171"}],"curies":[{"name":"wp","href":"https:\/\/api.w.org\/{rel}","templated":true}]}}

La Professionalització dels docents a secundària: un llarg camí

<p>
<video controls="" height="360" poster="http://videosdigitals.uab.cat/uploads/pic/Serial/476/Video/3364/436.2_150.png" title="Màster universitari de formació del professorat d´educació secundària obligatoria i batxillerat, formació professional i ensenyament d´idiomes" width="640"><source src="http://videosdigitals.uab.cat/almacen/downloads/476/1607.mp4" type="video/mp4" />Your browser does not support the video tag.</video></p>
