{"id":649,"date":"2011-10-03T13:03:56","date_gmt":"2011-10-03T11:03:56","guid":{"rendered":"https:\/\/webs.uab.cat\/canalce\/fitxa-pre\/participacio-animacio-i-intervencio-socioeducativa\/"},"modified":"2011-10-03T13:03:56","modified_gmt":"2011-10-03T11:03:56","slug":"participacio-animacio-i-intervencio-socioeducativa","status":"publish","type":"fitxa_pre","link":"https:\/\/webs.uab.cat\/canalce\/fitxa-pre\/participacio-animacio-i-intervencio-socioeducativa\/","title":{"rendered":"Participaci\u00f3, animaci\u00f3 i intervenci\u00f3 socioeducativa"},"content":{"rendered":"<p>\n<video controls=\"\" height=\"360\" poster=\"http:\/\/videosdigitals.uab.cat\/uploads\/pic\/Serial\/474\/Video\/4572\/300cat150_1.png\" title=\"1r Congr\u00e9s Internacional i Interdisciplinar Socio-educativo - Inauguraci\u00f3\" width=\"640\"><source src=\"http:\/\/videosdigitals.uab.cat\/almacen\/downloads\/474\/2714.mp4\" type=\"video\/mp4\" \/>Your browser does not support the video tag.<\/video><\/p>\n","protected":false},"excerpt":{"rendered":"<p>Your browser does not support the video tag.<\/p>\n","protected":false},"author":20,"featured_media":650,"template":"","vocabulary_1_tax":[20],"class_list":["post-649","fitxa_pre","type-fitxa_pre","status-publish","has-post-thumbnail","hentry","vocabulary_1_tax-jornades"],"_links":{"self":[{"href":"https:\/\/webs.uab.cat\/canalce\/wp-json\/wp\/v2\/fitxa_pre\/649","targetHints":{"allow":["GET"]}}],"collection":[{"href":"https:\/\/webs.uab.cat\/canalce\/wp-json\/wp\/v2\/fitxa_pre"}],"about":[{"href":"https:\/\/webs.uab.cat\/canalce\/wp-json\/wp\/v2\/types\/fitxa_pre"}],"author":[{"embeddable":true,"href":"https:\/\/webs.uab.cat\/canalce\/wp-json\/wp\/v2\/users\/20"}],"wp:featuredmedia":[{"embeddable":true,"href":"https:\/\/webs.uab.cat\/canalce\/wp-json\/wp\/v2\/media\/650"}],"wp:attachment":[{"href":"https:\/\/webs.uab.cat\/canalce\/wp-json\/wp\/v2\/media?parent=649"}],"wp:term":[{"taxonomy":"vocabulary_1_tax","embeddable":true,"href":"https:\/\/webs.uab.cat\/canalce\/wp-json\/wp\/v2\/vocabulary_1_tax?post=649"}],"curies":[{"name":"wp","href":"https:\/\/api.w.org\/{rel}","templated":true}]}}

Participació, animació i intervenció socioeducativa

<p>
<video controls="" height="360" poster="http://videosdigitals.uab.cat/uploads/pic/Serial/474/Video/4572/300cat150_1.png" title="1r Congrés Internacional i Interdisciplinar Socio-educativo - Inauguració" width="640"><source src="http://videosdigitals.uab.cat/almacen/downloads/474/2714.mp4" type="video/mp4" />Your browser does not support the video tag.</video></p>
