{"id":3072,"date":"2022-10-10T13:37:52","date_gmt":"2022-10-10T11:37:52","guid":{"rendered":"https:\/\/webs.uab.cat\/canalce\/?page_id=3072"},"modified":"2023-06-12T12:56:46","modified_gmt":"2023-06-12T10:56:46","slug":"serveis","status":"publish","type":"page","link":"https:\/\/webs.uab.cat\/canalce\/serveis\/","title":{"rendered":"Serveis"},"content":{"rendered":"\n<h2 class=\"wp-block-heading\">Serveis<\/h2>\n\n\n\n<div class=\"wp-block-columns alignwide is-layout-flex wp-container-core-columns-is-layout-9d6595d7 wp-block-columns-is-layout-flex\">\n<div class=\"wp-block-column is-layout-flow wp-block-column-is-layout-flow\" style=\"flex-basis:33.33%\">\n<figure class=\"wp-block-gallery has-nested-images columns-default is-cropped wp-block-gallery-1 is-layout-flex wp-block-gallery-is-layout-flex\">\n<figure class=\"wp-block-image size-large\"><img loading=\"lazy\" decoding=\"async\" width=\"1024\" height=\"683\" data-id=\"3620\" src=\"https:\/\/webs.uab.cat\/canalce\/wp-content\/uploads\/sites\/249\/2023\/06\/20181010_inauguracio18_19-9-1024x683.jpg\" alt=\"\" class=\"wp-image-3620\" srcset=\"https:\/\/webs.uab.cat\/canalce\/wp-content\/uploads\/sites\/249\/2023\/06\/20181010_inauguracio18_19-9-1024x683.jpg 1024w, https:\/\/webs.uab.cat\/canalce\/wp-content\/uploads\/sites\/249\/2023\/06\/20181010_inauguracio18_19-9-300x200.jpg 300w, https:\/\/webs.uab.cat\/canalce\/wp-content\/uploads\/sites\/249\/2023\/06\/20181010_inauguracio18_19-9-768x512.jpg 768w, https:\/\/webs.uab.cat\/canalce\/wp-content\/uploads\/sites\/249\/2023\/06\/20181010_inauguracio18_19-9-1536x1024.jpg 1536w, https:\/\/webs.uab.cat\/canalce\/wp-content\/uploads\/sites\/249\/2023\/06\/20181010_inauguracio18_19-9-2048x1365.jpg 2048w, https:\/\/webs.uab.cat\/canalce\/wp-content\/uploads\/sites\/249\/2023\/06\/20181010_inauguracio18_19-9-1200x800.jpg 1200w, https:\/\/webs.uab.cat\/canalce\/wp-content\/uploads\/sites\/249\/2023\/06\/20181010_inauguracio18_19-9-1980x1320.jpg 1980w\" sizes=\"auto, (max-width: 1024px) 100vw, 1024px\" \/><\/figure>\n<\/figure>\n\n\n\n<figure class=\"wp-block-gallery has-nested-images columns-default is-cropped wp-block-gallery-2 is-layout-flex wp-block-gallery-is-layout-flex\">\n<figure class=\"wp-block-image size-large\"><img loading=\"lazy\" decoding=\"async\" width=\"1024\" height=\"590\" data-id=\"3441\" src=\"https:\/\/webs.uab.cat\/canalce\/wp-content\/uploads\/sites\/249\/2023\/01\/03a-1024x590.jpg\" alt=\"\" class=\"wp-image-3441\" srcset=\"https:\/\/webs.uab.cat\/canalce\/wp-content\/uploads\/sites\/249\/2023\/01\/03a-1024x590.jpg 1024w, https:\/\/webs.uab.cat\/canalce\/wp-content\/uploads\/sites\/249\/2023\/01\/03a-300x173.jpg 300w, https:\/\/webs.uab.cat\/canalce\/wp-content\/uploads\/sites\/249\/2023\/01\/03a-768x442.jpg 768w, https:\/\/webs.uab.cat\/canalce\/wp-content\/uploads\/sites\/249\/2023\/01\/03a-1536x884.jpg 1536w, https:\/\/webs.uab.cat\/canalce\/wp-content\/uploads\/sites\/249\/2023\/01\/03a-2048x1179.jpg 2048w, https:\/\/webs.uab.cat\/canalce\/wp-content\/uploads\/sites\/249\/2023\/01\/03a-1200x691.jpg 1200w, https:\/\/webs.uab.cat\/canalce\/wp-content\/uploads\/sites\/249\/2023\/01\/03a-1980x1140.jpg 1980w\" sizes=\"auto, (max-width: 1024px) 100vw, 1024px\" \/><\/figure>\n<\/figure>\n<\/div>\n\n\n\n<div class=\"wp-block-column is-layout-flow wp-block-column-is-layout-flow\" style=\"flex-basis:66.66%\">\n<p><\/p>\n\n\n\n<p>Producci\u00f3 de materials multim\u00e8dia destinats a la doc\u00e8ncia i la recerca.<\/p>\n\n\n\n<p>Conversions de v\u00eddeo i \u00e0udio, ja siguin formats anal\u00f2gics com digitals.<\/p>\n\n\n\n<p>Formats anal\u00f2gics disponibles: VHS, SVHS, miniDV, Dvcam, DVD, CD, cassette d&#8217;\u00e0udio.<\/p>\n\n\n\n<p>Enregistrament de confer\u00e8ncies, actes, classes, jornades&#8230;<\/p>\n\n\n\n<p><\/p>\n\n\n\n<p><\/p>\n<\/div>\n<\/div>\n","protected":false},"excerpt":{"rendered":"<p>Serveis Producci\u00f3 de materials multim\u00e8dia destinats a la doc\u00e8ncia i la recerca. Conversions de v\u00eddeo i \u00e0udio, ja siguin formats anal\u00f2gics com digitals. Formats anal\u00f2gics disponibles: VHS, SVHS, miniDV, Dvcam, DVD, CD, cassette d&#8217;\u00e0udio. Enregistrament de confer\u00e8ncies, actes, classes, jornades&#8230;<\/p>\n","protected":false},"author":20,"featured_media":0,"parent":0,"menu_order":0,"comment_status":"closed","ping_status":"closed","template":"","meta":{"footnotes":""},"class_list":["post-3072","page","type-page","status-publish","hentry"],"_links":{"self":[{"href":"https:\/\/webs.uab.cat\/canalce\/wp-json\/wp\/v2\/pages\/3072","targetHints":{"allow":["GET"]}}],"collection":[{"href":"https:\/\/webs.uab.cat\/canalce\/wp-json\/wp\/v2\/pages"}],"about":[{"href":"https:\/\/webs.uab.cat\/canalce\/wp-json\/wp\/v2\/types\/page"}],"author":[{"embeddable":true,"href":"https:\/\/webs.uab.cat\/canalce\/wp-json\/wp\/v2\/users\/20"}],"replies":[{"embeddable":true,"href":"https:\/\/webs.uab.cat\/canalce\/wp-json\/wp\/v2\/comments?post=3072"}],"version-history":[{"count":11,"href":"https:\/\/webs.uab.cat\/canalce\/wp-json\/wp\/v2\/pages\/3072\/revisions"}],"predecessor-version":[{"id":3627,"href":"https:\/\/webs.uab.cat\/canalce\/wp-json\/wp\/v2\/pages\/3072\/revisions\/3627"}],"wp:attachment":[{"href":"https:\/\/webs.uab.cat\/canalce\/wp-json\/wp\/v2\/media?parent=3072"}],"curies":[{"name":"wp","href":"https:\/\/api.w.org\/{rel}","templated":true}]}}