{"id":125,"date":"2023-06-13T16:06:57","date_gmt":"2023-06-13T14:06:57","guid":{"rendered":"https:\/\/webs.uab.cat\/capenrisg\/?page_id=125"},"modified":"2024-07-30T10:53:42","modified_gmt":"2024-07-30T08:53:42","slug":"publicaciones-vinculadas","status":"publish","type":"page","link":"https:\/\/webs.uab.cat\/capenrisg\/publicaciones\/publicaciones-vinculadas\/","title":{"rendered":"PUBLICACIONES VINCULADAS"},"content":{"rendered":"\n<h2 class=\"wp-block-heading has-verd-tropic-color has-text-color\"><strong>PUBLICACIONES VINCULADAS A LA TEM\u00c1TICA<\/strong><\/h2>\n\n\n\n<p>Barranco, Oriol; Lozares, Carlos &amp; Muntanyola-Saura, Dafne (2019). Heterophily in social groups formation: a social network Analysis.&nbsp;<em>Quality and Quantity<\/em>, 53(2), 599\u2013619.&nbsp;<a href=\"https:\/\/doi.org\/10.1007\/s11135-018-0777-7\">https:\/\/doi.org\/10.1007\/s11135-018-0777-7<\/a><\/p>\n\n\n\n<p>Bol\u00edbar, Mireia (2016). Macro, meso, micro: broadening the \u2018social\u2019 of social network analysis with a mixed methods approach. <em>Quality &amp; Quantity<\/em>, Volume 50, Issue 5, pp 2217\u20132236.&nbsp;<a href=\"https:\/\/doi.org\/10.1007\/s11135-015-0259-0\">https:\/\/doi.org\/10.1007\/s11135-015-0259-0<\/a><\/p>\n\n\n\n<p>Bol\u00edbar, Mireia (2011). Las asociaciones en las redes personales. \u00bfMecanismo de integraci\u00f3n de la poblaci\u00f3n inmigrante?. <em>REDES- Revista hispana para el an\u00e1lisis de redes sociales<\/em>, Vol.20, <a href=\"http:\/\/revista-redes.rediris.es\">http:\/\/revista-redes.rediris.es<\/a><\/p>\n\n\n\n<p>Bol\u00edbar, Mireia; Mart\u00ed, Joel &amp; Verd, Joan MiqueL (2015). Just a question of time? The composition and evolution of immigrants\u2019 personal networks in Catalonia.&nbsp;<em>International Sociology,<\/em>&nbsp;Vol. 30(6) 579\u2013598.&nbsp;<a href=\"https:\/\/doi.org\/10.1177\/026858091557992\">https:\/\/doi.org\/10.1177\/026858091557992<\/a><\/p>\n\n\n\n<p>Bol\u00edbar, Mireia; Verd, Joan Miquel &amp; Barranco, Oriol (2019). The downward spiral of youth unemployment: An approach considering social networks and family background.&nbsp;<em>Work, Employment and Society<\/em>, 33(3), 401-421.&nbsp;<a href=\"http:\/\/dx.doi.org\/10.1177\/0950017018822918\">http:\/\/dx.doi.org\/10.1177\/0950017018822918<\/a><\/p>\n\n\n\n<p>Gonz\u00e1lez-Heras, Alejandro (2023). Los tipos de capital social bonding, bridging y linking: una revisi\u00f3n de los indicadores cuantitativos utilizados para su operacionalizaci\u00f3n. <em>Empiria. Revista de metodolog\u00eda de Ciencias Sociales<\/em>, (58), 75\u201397. <a href=\"https:\/\/doi.org\/10.5944\/empiria.58.2023.37381\">https:\/\/doi.org\/10.5944\/empiria.58.2023.37381<\/a><\/p>\n\n\n\n<p>Gonz\u00e1lez-Heras, Alejandro (2022). Las perspectivas del capital social, parte I.&nbsp;<em>Cinta de Moebio<\/em>&nbsp;74,121-131.&nbsp;<a href=\"https:\/\/doi.org\/10.4067\/S0717-554X2022000200121\">https:\/\/doi.org\/10.4067\/S0717-554X2022000200121<\/a><\/p>\n\n\n\n<p>Gonz\u00e1lez-Heras, Alejandro (2022). Las perspectivas del capital social, parte II.&nbsp;<em>Cinta De Moebio<\/em>, 75, 132\u2013144.&nbsp;<a href=\"http:\/\/dx.doi.org\/10.4067\/s0717-554x2022000300132\">http:\/\/dx.doi.org\/10.4067\/s0717-554\u00d72022000300132<\/a><\/p>\n\n\n\n<p>Lozares, Carlos; Verd, Joan Miquel; Cruz, Irene &amp; Barranco, Oriol (2013). Homophily and heterophily in personal networks. From mutual acquaintance to relationship intensity.\u202f<em>Quality &amp; Quantity International Journal of Methodology<\/em>, 48, 2657\u20132670 <a href=\"https:\/\/doi.org\/10.1007\/s11135-013-9915-4&nbsp;\">https:\/\/doi.org\/10.1007\/s11135-013-9915-4&nbsp;<\/a><\/p>\n\n\n\n<p>Mart\u00ed, Joel; Bol\u00edbar, Mireia &amp; Lozares, Carlos (2016). Network cohesion and social support. <em>Social Networks<\/em>, 48, 192\u2013201.&nbsp; <a href=\"http:\/\/dx.doi.org\/10.1016\/j.socnet.2016.08.006\">http:\/\/dx.doi.org\/10.1016\/j.socnet.2016.08.006<\/a><\/p>\n\n\n\n<p>Muntanyola-Saura, Dafne; Barranco, Oriol &amp; Vacchiano, Mattia (2019). Inequality beyond networking: Personal networks and mobilization of contacts by young job seekers in Barcelona.&nbsp;<em>Revista Espa\u00f1ola de Sociolog\u00eda<\/em>, 28(2), 207\u2013226.&nbsp;<a href=\"https:\/\/doi.org\/10.22325\/fes\/res.2019.01\">https:\/\/doi.org\/10.22325\/fes\/res.2019.01<\/a><\/p>\n\n\n\n<p>Rodr\u00edguez-Soler, Joan, &amp; Verd, Joan Miquel (2023).&nbsp; &nbsp;Informal social capital building in local employment services: Its role in the labour market integration of disadvantaged young people.&nbsp;<em>Social Policy and Administration,<\/em> 1-21 (Early access). <a rel=\"noreferrer noopener\" href=\"https:\/\/doi.org\/10.1111\/spol.12900\" target=\"_blank\">https:\/\/doi.org\/10.1111\/spol.12900<\/a>&nbsp;<\/p>\n\n\n\n<p>Rodr\u00edguez-Soler, Joan &amp; Verd, Joan Miquel (2018). The design and deployment of the youth guarantee system in Spain. A documentary Analysis. [El dise\u00f1o y despliegue del sistema de garant\u00eda juvenil en Espa\u00f1a. Un an\u00e1lisis documental]&nbsp;<em>Revista Espa\u00f1ola De Sociologia<\/em>, 27(3), 395-412.&nbsp;<a href=\"https:\/\/doi.org\/10.22325\/fes\/res.2018.22\">https:\/\/doi.org\/10.22325\/fes\/res.2018.22<\/a><\/p>\n\n\n\n<p>Rodr\u00edguez-Soler, Joan &amp; Verd, Joan Miquel (2018). The youth guarantee system in Spain: Tailored youth policy or broad-brush employment policy?.\u202f<em>Social Work and Society<\/em>, 16(2) <a rel=\"noreferrer noopener\" href=\"https:\/\/ejournals.bib.uni-wuppertal.de\/index.php\/sws\/article\/view\/573\" target=\"_blank\">https:\/\/ejournals.bib.uni-wuppertal.de\/index.php\/sws\/article\/view\/573<\/a>&nbsp;<\/p>\n\n\n\n<p>Verd, Joan Miquel (2023). Using a hybrid data collection tool: Analysis of youth labour market trajectories integrating quantitative, qualitative and social network data.&nbsp;<em>International Journal of Social Welfare<\/em>, 00, 1\u2013 11.&nbsp; <a href=\"https:\/\/doi.org\/10.1111\/ijsw.12528\">https:\/\/doi.org\/10.1111\/ijsw.12528<\/a><\/p>\n\n\n\n<p>Verd, Joan Miquel; Barranco, Oriol &amp; Bol\u00edbar, Mireia (2019). Youth unemployment and employment trajectories in Spain during the great recession: What are the determinants?&nbsp;<em>Journal for Labour Market Research<\/em>, 53(1). <a href=\"https:\/\/doi.org\/10.1186\/s12651-019-0254-3\">https:\/\/doi.org\/10.1186\/s12651-019-0254-3<\/a><\/p>\n\n\n\n<p>Verd, Joan Miquel; L\u00f3pez-Andreu, Mart\u00ed (2016): Crisis del empleo y polarizaci\u00f3n de las trayectorias laborales. El caso de los adultos j\u00f3venes en Catalu\u00f1a. <em>Papers<\/em>, 101\/1, 5-30.&nbsp;<a href=\"http:\/\/dx.doi.org\/10.5565\/rev\/papers.2167\">http:\/\/dx.doi.org\/10.5565\/rev\/papers.2167&nbsp;<\/a><\/p>\n\n\n\n<p>Verd, Joan Miquel; Lozares, Carlos; Cruz, Irene; Barranco, Oriol (2014): La homofilia\/heterofilia en el marco de la teor\u00eda y an\u00e1lisis de redes sociales.Orientaci\u00f3n metodol\u00f3gica, medici\u00f3n y aplicaciones.&nbsp;<em>Metodolog\u00eda de Encuestas<\/em>, Vol. 16, N\u00ba. 0, pp. 5-25.<\/p>\n\n\n\n<p>Verd Peric\u00e0s, Joan Miquel; Rodr\u00edguez-Soler, Joan &amp; Gonz\u00e1lez Heras, Alejandro (2021). El papel de las pol\u00edticas activas de empleo en las trayectorias laborales inestables de la poblaci\u00f3n joven.&nbsp;<em>Anuario IET de Trabajo y Relaciones Laborales, 7<\/em>, 123-152.&nbsp;<a href=\"https:\/\/doi.org\/10.5565\/rev\/aiet.97\">https:\/\/doi.org\/10.5565\/rev\/aiet.97<\/a><\/p>\n\n\n\n<p>Verd Peric\u00e0s, Joan Miquel &amp; Yepes Cayuela, Lidia. (2021). El empleo irregular en las trayectorias laborales de la poblaci\u00f3n joven. Una aproximaci\u00f3n mixta de car\u00e1cter descriptivo y secuencial.&nbsp;<em>Cuadernos de Relaciones Laborales<\/em>,&nbsp;39(2), 329-350.&nbsp;<a href=\"https:\/\/doi.org\/10.5209\/crla.70237\">https:\/\/doi.org\/10.5209\/crla.70237<\/a><\/p>\n","protected":false},"excerpt":{"rendered":"<p>PUBLICACIONES VINCULADAS A LA TEM\u00c1TICA Barranco, Oriol; Lozares, Carlos &amp; Muntanyola-Saura, Dafne (2019). Heterophily in social groups formation: a social network Analysis.&nbsp;Quality and Quantity, 53(2), 599\u2013619.&nbsp;https:\/\/doi.org\/10.1007\/s11135-018-0777-7 Bol\u00edbar, Mireia (2016). Macro, meso, micro: broadening the \u2018social\u2019 of social network analysis with a mixed methods approach. Quality &amp; Quantity, Volume 50, Issue 5, pp 2217\u20132236.&nbsp;https:\/\/doi.org\/10.1007\/s11135-015-0259-0 Bol\u00edbar, Mireia [&hellip;]<\/p>\n","protected":false},"author":2648,"featured_media":0,"parent":16,"menu_order":1,"comment_status":"closed","ping_status":"closed","template":"","meta":{"footnotes":""},"class_list":["post-125","page","type-page","status-publish","hentry"],"_links":{"self":[{"href":"https:\/\/webs.uab.cat\/capenrisg\/wp-json\/wp\/v2\/pages\/125","targetHints":{"allow":["GET"]}}],"collection":[{"href":"https:\/\/webs.uab.cat\/capenrisg\/wp-json\/wp\/v2\/pages"}],"about":[{"href":"https:\/\/webs.uab.cat\/capenrisg\/wp-json\/wp\/v2\/types\/page"}],"author":[{"embeddable":true,"href":"https:\/\/webs.uab.cat\/capenrisg\/wp-json\/wp\/v2\/users\/2648"}],"replies":[{"embeddable":true,"href":"https:\/\/webs.uab.cat\/capenrisg\/wp-json\/wp\/v2\/comments?post=125"}],"version-history":[{"count":5,"href":"https:\/\/webs.uab.cat\/capenrisg\/wp-json\/wp\/v2\/pages\/125\/revisions"}],"predecessor-version":[{"id":199,"href":"https:\/\/webs.uab.cat\/capenrisg\/wp-json\/wp\/v2\/pages\/125\/revisions\/199"}],"up":[{"embeddable":true,"href":"https:\/\/webs.uab.cat\/capenrisg\/wp-json\/wp\/v2\/pages\/16"}],"wp:attachment":[{"href":"https:\/\/webs.uab.cat\/capenrisg\/wp-json\/wp\/v2\/media?parent=125"}],"curies":[{"name":"wp","href":"https:\/\/api.w.org\/{rel}","templated":true}]}}