{"id":127,"date":"2023-06-13T16:07:23","date_gmt":"2023-06-13T14:07:23","guid":{"rendered":"https:\/\/webs.uab.cat\/capenrisg\/?page_id=127"},"modified":"2024-07-30T10:54:23","modified_gmt":"2024-07-30T08:54:23","slug":"publicaciones-derivadas","status":"publish","type":"page","link":"https:\/\/webs.uab.cat\/capenrisg\/publicaciones\/publicaciones-derivadas\/","title":{"rendered":"PUBLICACIONES DERIVADAS"},"content":{"rendered":"\n<h2 class=\"wp-block-heading has-verd-tropic-color has-text-color has-large-font-size\"><strong>PUBLICACIONES DERIVADAS DEL PROYECTO<\/strong><\/h2>\n\n\n\n<p>Eixarch, Adriana; Verd, Joan Miquel &amp; Barranco, Oriol (2024). El proceso de muestreo en el proyecto \u201cCapital social y entorno residencial en la poblaci\u00f3n joven con riesgo de exclusi\u00f3n laboral. Un estudio de casos<a href=\"https:\/\/ddd.uab.cat\/record\/287948\">.<\/a>\u201d&nbsp;<em>QUIT Working paper series<\/em>, n. 30. <a href=\"https:\/\/ddd.uab.cat\/record\/287948\">https:\/\/ddd.uab.cat\/record\/287948<\/a><\/p>\n\n\n\n<p>Barranco, Oriol; Gonz\u00e1lez-Heras, Alejandro &amp; Peligro Moreno, Carles (2023). Situacions i traject\u00f2ries laborals de la joventut catalana. En: J. M. Verd (coord.). <em>Enquesta a la Joventut de Catalunya<\/em> 2022.&nbsp;Volum 1.&nbsp;Col\u00b7lecci\u00f3 Estudis, n\u00fam. 42. (pp. 137-209). Generalitat de Catalunya. <\/p>\n\n\n\n<p>Verd, Joan Miquel; Gonz\u00e1lez-Heras, Alejandro &amp; Rodr\u00edguez-Soler, Joan (2023). Una mirada global a les traject\u00f2ries i transicions de la poblaci\u00f3 jove. En: J. M. Verd (coord.). <em>Enquesta a la Joventut de Catalunya<\/em> 2022.&nbsp;Volum 1. Col\u00b7lecci\u00f3 Estudis, n\u00fam. 42. (pp. 299-341). Generalitat de Catalunya.<\/p>\n","protected":false},"excerpt":{"rendered":"<p>PUBLICACIONES DERIVADAS DEL PROYECTO Eixarch, Adriana; Verd, Joan Miquel &amp; Barranco, Oriol (2024). El proceso de muestreo en el proyecto \u201cCapital social y entorno residencial en la poblaci\u00f3n joven con riesgo de exclusi\u00f3n laboral. Un estudio de casos.\u201d&nbsp;QUIT Working paper series, n. 30. https:\/\/ddd.uab.cat\/record\/287948 Barranco, Oriol; Gonz\u00e1lez-Heras, Alejandro &amp; Peligro Moreno, Carles (2023). Situacions i [&hellip;]<\/p>\n","protected":false},"author":2648,"featured_media":0,"parent":16,"menu_order":2,"comment_status":"closed","ping_status":"closed","template":"","meta":{"footnotes":""},"class_list":["post-127","page","type-page","status-publish","hentry"],"_links":{"self":[{"href":"https:\/\/webs.uab.cat\/capenrisg\/wp-json\/wp\/v2\/pages\/127","targetHints":{"allow":["GET"]}}],"collection":[{"href":"https:\/\/webs.uab.cat\/capenrisg\/wp-json\/wp\/v2\/pages"}],"about":[{"href":"https:\/\/webs.uab.cat\/capenrisg\/wp-json\/wp\/v2\/types\/page"}],"author":[{"embeddable":true,"href":"https:\/\/webs.uab.cat\/capenrisg\/wp-json\/wp\/v2\/users\/2648"}],"replies":[{"embeddable":true,"href":"https:\/\/webs.uab.cat\/capenrisg\/wp-json\/wp\/v2\/comments?post=127"}],"version-history":[{"count":7,"href":"https:\/\/webs.uab.cat\/capenrisg\/wp-json\/wp\/v2\/pages\/127\/revisions"}],"predecessor-version":[{"id":200,"href":"https:\/\/webs.uab.cat\/capenrisg\/wp-json\/wp\/v2\/pages\/127\/revisions\/200"}],"up":[{"embeddable":true,"href":"https:\/\/webs.uab.cat\/capenrisg\/wp-json\/wp\/v2\/pages\/16"}],"wp:attachment":[{"href":"https:\/\/webs.uab.cat\/capenrisg\/wp-json\/wp\/v2\/media?parent=127"}],"curies":[{"name":"wp","href":"https:\/\/api.w.org\/{rel}","templated":true}]}}

<h2 class="wp-block-heading has-verd-tropic-color has-text-color has-large-font-size"><strong>PUBLICACIONES DERIVADAS DEL PROYECTO</strong></h2>



<p>Eixarch, Adriana; Verd, Joan Miquel &amp; Barranco, Oriol (2024). El proceso de muestreo en el proyecto “Capital social y entorno residencial en la población joven con riesgo de exclusión laboral. Un estudio de casos<a href="https://ddd.uab.cat/record/287948">.</a>”&nbsp;<em>QUIT Working paper series</em>, n. 30. <a href="https://ddd.uab.cat/record/287948">https://ddd.uab.cat/record/287948</a></p>



<p>Barranco, Oriol; González-Heras, Alejandro &amp; Peligro Moreno, Carles (2023). Situacions i trajectòries laborals de la joventut catalana. En: J. M. Verd (coord.). <em>Enquesta a la Joventut de Catalunya</em> 2022.&nbsp;Volum 1.&nbsp;Col·lecció Estudis, núm. 42. (pp. 137-209). Generalitat de Catalunya. </p>



<p>Verd, Joan Miquel; González-Heras, Alejandro &amp; Rodríguez-Soler, Joan (2023). Una mirada global a les trajectòries i transicions de la població jove. En: J. M. Verd (coord.). <em>Enquesta a la Joventut de Catalunya</em> 2022.&nbsp;Volum 1. Col·lecció Estudis, núm. 42. (pp. 299-341). Generalitat de Catalunya.</p>

<p>PUBLICACIONES DERIVADAS DEL PROYECTO Eixarch, Adriana; Verd, Joan Miquel &amp; Barranco, Oriol (2024). El proceso de muestreo en el proyecto “Capital social y entorno residencial en la población joven con riesgo de exclusión laboral. Un estudio de casos.”&nbsp;QUIT Working paper series, n. 30. https://ddd.uab.cat/record/287948 Barranco, Oriol; González-Heras, Alejandro &amp; Peligro Moreno, Carles (2023). Situacions i [&hellip;]</p>
