{"id":160,"date":"2024-07-08T11:10:30","date_gmt":"2024-07-08T09:10:30","guid":{"rendered":"https:\/\/webs.uab.cat\/capenrisg\/?page_id=160"},"modified":"2024-07-30T10:57:09","modified_gmt":"2024-07-30T08:57:09","slug":"pablo-bariego","status":"publish","type":"page","link":"https:\/\/webs.uab.cat\/capenrisg\/equipo\/pablo-bariego\/","title":{"rendered":"Pablo Bariego"},"content":{"rendered":"\n<h2 class=\"wp-block-heading has-verd-tropic-color has-text-color has-normal-font-size\"><strong>PABLO BARIEGO<\/strong><\/h2>\n\n\n\n<div class=\"wp-block-media-text has-media-on-the-right is-stacked-on-mobile\" style=\"grid-template-columns:auto 25%\"><div class=\"wp-block-media-text__content\">\n<p>Pablo realiza su tesis doctoral en la Universidad Aut\u00f3noma de Barcelona (UAB) en el marco del proyecto \u201cCapital social y entorno residencial en la poblaci\u00f3n joven con riesgo de exclusi\u00f3n laboral. Un estudio de casos (CAPENRISG)\u201d con un contrato predoctoral FPI.<\/p>\n<\/div><figure class=\"wp-block-media-text__media\"><img loading=\"lazy\" decoding=\"async\" width=\"100\" height=\"100\" src=\"https:\/\/webs.uab.cat\/capenrisg\/wp-content\/uploads\/sites\/423\/2024\/07\/Diseno-sin-titulo-5.png\" alt=\"\" class=\"wp-image-155 size-large\" \/><\/figure><\/div>\n\n\n\n<p>Graduado en Sociolog\u00eda por la Universidad de Salamanca (USAL). M\u00e1ster en Estudios Avanzados en Trabajo y Empleo por la Universidad Complutense de Madrid (UCM) y Posgrado en Investigaci\u00f3n Social Aplicada y An\u00e1lisis de Datos por el Centro de Investigaciones Sociol\u00f3gicas (CIS).<\/p>\n\n\n\n<p class=\"has-verd-tropic-color has-text-color\"><strong>Intereses de investigaci\u00f3n<\/strong><\/p>\n\n\n\n<p>Sus intereses de investigaci\u00f3n se encuentran en el campo de la sociolog\u00eda del trabajo, la sociolog\u00eda de la salud y la metodolog\u00eda cualitativa.<\/p>\n\n\n\n<p>Actualmente su l\u00ednea de investigaci\u00f3n de tesis doctoral aborda cuestiones como el desempleo, las relaciones sociales, la segregaci\u00f3n residencial y la clase social.<\/p>\n","protected":false},"excerpt":{"rendered":"<p>PABLO BARIEGO Pablo realiza su tesis doctoral en la Universidad Aut\u00f3noma de Barcelona (UAB) en el marco del proyecto \u201cCapital social y entorno residencial en la poblaci\u00f3n joven con riesgo de exclusi\u00f3n laboral. Un estudio de casos (CAPENRISG)\u201d con un contrato predoctoral FPI. Graduado en Sociolog\u00eda por la Universidad de Salamanca (USAL). M\u00e1ster en Estudios [&hellip;]<\/p>\n","protected":false},"author":2648,"featured_media":0,"parent":14,"menu_order":10,"comment_status":"closed","ping_status":"closed","template":"","meta":{"footnotes":""},"class_list":["post-160","page","type-page","status-publish","hentry"],"_links":{"self":[{"href":"https:\/\/webs.uab.cat\/capenrisg\/wp-json\/wp\/v2\/pages\/160","targetHints":{"allow":["GET"]}}],"collection":[{"href":"https:\/\/webs.uab.cat\/capenrisg\/wp-json\/wp\/v2\/pages"}],"about":[{"href":"https:\/\/webs.uab.cat\/capenrisg\/wp-json\/wp\/v2\/types\/page"}],"author":[{"embeddable":true,"href":"https:\/\/webs.uab.cat\/capenrisg\/wp-json\/wp\/v2\/users\/2648"}],"replies":[{"embeddable":true,"href":"https:\/\/webs.uab.cat\/capenrisg\/wp-json\/wp\/v2\/comments?post=160"}],"version-history":[{"count":2,"href":"https:\/\/webs.uab.cat\/capenrisg\/wp-json\/wp\/v2\/pages\/160\/revisions"}],"predecessor-version":[{"id":211,"href":"https:\/\/webs.uab.cat\/capenrisg\/wp-json\/wp\/v2\/pages\/160\/revisions\/211"}],"up":[{"embeddable":true,"href":"https:\/\/webs.uab.cat\/capenrisg\/wp-json\/wp\/v2\/pages\/14"}],"wp:attachment":[{"href":"https:\/\/webs.uab.cat\/capenrisg\/wp-json\/wp\/v2\/media?parent=160"}],"curies":[{"name":"wp","href":"https:\/\/api.w.org\/{rel}","templated":true}]}}

<h2 class="wp-block-heading has-verd-tropic-color has-text-color has-normal-font-size"><strong>PABLO BARIEGO</strong></h2>



<div class="wp-block-media-text has-media-on-the-right is-stacked-on-mobile" style="grid-template-columns:auto 25%"><div class="wp-block-media-text__content">
<p>Pablo realiza su tesis doctoral en la Universidad Autónoma de Barcelona (UAB) en el marco del proyecto “Capital social y entorno residencial en la población joven con riesgo de exclusión laboral. Un estudio de casos (CAPENRISG)” con un contrato predoctoral FPI.</p>
</div><figure class="wp-block-media-text__media"><img loading="lazy" decoding="async" width="100" height="100" src="https://webs.uab.cat/capenrisg/wp-content/uploads/sites/423/2024/07/Diseno-sin-titulo-5.png" alt="" class="wp-image-155 size-large" /></figure></div>



<p>Graduado en Sociología por la Universidad de Salamanca (USAL). Máster en Estudios Avanzados en Trabajo y Empleo por la Universidad Complutense de Madrid (UCM) y Posgrado en Investigación Social Aplicada y Análisis de Datos por el Centro de Investigaciones Sociológicas (CIS).</p>



<p class="has-verd-tropic-color has-text-color"><strong>Intereses de investigación</strong></p>



<p>Sus intereses de investigación se encuentran en el campo de la sociología del trabajo, la sociología de la salud y la metodología cualitativa.</p>



<p>Actualmente su línea de investigación de tesis doctoral aborda cuestiones como el desempleo, las relaciones sociales, la segregación residencial y la clase social.</p>

<p>PABLO BARIEGO Pablo realiza su tesis doctoral en la Universidad Autónoma de Barcelona (UAB) en el marco del proyecto “Capital social y entorno residencial en la población joven con riesgo de exclusión laboral. Un estudio de casos (CAPENRISG)” con un contrato predoctoral FPI. Graduado en Sociología por la Universidad de Salamanca (USAL). Máster en Estudios [&hellip;]</p>
