{"id":163,"date":"2024-07-08T11:20:59","date_gmt":"2024-07-08T09:20:59","guid":{"rendered":"https:\/\/webs.uab.cat\/capenrisg\/?page_id=163"},"modified":"2025-09-30T12:55:09","modified_gmt":"2025-09-30T10:55:09","slug":"actividades-de-divulgacion-2","status":"publish","type":"page","link":"https:\/\/webs.uab.cat\/capenrisg\/actividades-de-divulgacion-2\/","title":{"rendered":"ACTIVIDADES DE DIVULGACI\u00d3N"},"content":{"rendered":"\n<p class=\"has-small-font-size\">Acciones de transferencia ligadas a los resultados del proyecto:<\/p>\n\n\n\n<h2 class=\"wp-block-heading has-verd-tropic-color has-text-color has-link-color wp-elements-349e11f7e6dabda8df15fe395a506bac\">\ud83d\udcf0Organizaci\u00f3n de jornadas<\/h2>\n\n\n\n<p class=\"has-small-font-size\">Seminario experto: <strong>Capital social, sociabilidad y desigualdad en grupos desfavorecidos<\/strong><\/p>\n\n\n\n<p class=\"has-small-font-size\">\ud83d\udccd Facultad de Ciencias Pol\u00edticas y de Sociolog\u00eda, UAB<br>\ud83d\udcc5 Mi\u00e9rcoles, 21 de mayo de 2025<\/p>\n\n\n\n<p class=\"has-small-font-size\">En el marco del proyecto <strong>CAPENRISG<\/strong>, esta jornada reuni\u00f3 a un panel internacional de personas expertas en la investigaci\u00f3n sobre el capital social y la sociabilidad. Durante el encuentro se compartieron reflexiones te\u00f3ricas y metodol\u00f3gicas sobre las desigualdades relacionales y el papel de los entornos residenciales en la inserci\u00f3n laboral de la juventud en riesgo de exclusi\u00f3n. La actividad cont\u00f3 con investigadoras e investigadores de distintas disciplinas<\/p>\n\n\n\n<p class=\"has-small-font-size\">\ud83d\udd17 <strong>Programa <a href=\"https:\/\/webs.uab.cat\/capenrisg\/wp-content\/uploads\/sites\/423\/2025\/07\/Programa_Jornada-CAPENRISG-2.pdf\">completo<\/a><\/strong><\/p>\n\n\n<div class=\"wp-block-image\">\n<figure class=\"aligncenter size-full\"><img loading=\"lazy\" decoding=\"async\" width=\"1024\" height=\"460\" src=\"https:\/\/webs.uab.cat\/capenrisg\/wp-content\/uploads\/sites\/423\/2025\/07\/Image-_18_.jpg\" alt=\"\" class=\"wp-image-257\" srcset=\"https:\/\/webs.uab.cat\/capenrisg\/wp-content\/uploads\/sites\/423\/2025\/07\/Image-_18_.jpg 1024w, https:\/\/webs.uab.cat\/capenrisg\/wp-content\/uploads\/sites\/423\/2025\/07\/Image-_18_-300x135.jpg 300w, https:\/\/webs.uab.cat\/capenrisg\/wp-content\/uploads\/sites\/423\/2025\/07\/Image-_18_-768x345.jpg 768w\" sizes=\"auto, (max-width: 1024px) 100vw, 1024px\" \/><\/figure>\n<\/div>\n\n\n<h2 class=\"wp-block-heading has-verd-tropic-color has-text-color has-link-color wp-elements-5f18f888c2d5992dc33e148ba2363d60\"><br>\ud83d\udcf0Impacto en medios<\/h2>\n\n\n\n<ul class=\"wp-block-list\">\n<li class=\"has-small-font-size\">EFE. (2024, Junio 18). El 78% de j\u00f3venes con formaci\u00f3n superior trabaja, pero con una temporalidad superior al 30%. <em>EFE <\/em> <a href=\"https:\/\/efe.com\/espana\/2024-06-18\/empleo-jovenes-estudios-superiores\/\" target=\"_blank\" rel=\"noreferrer noopener\">https:\/\/efe.com\/espana\/2024-06-18\/empleo-jovenes-estudios-superiores\/<\/a><\/li>\n<\/ul>\n\n\n\n<p><\/p>\n\n\n\n<h2 class=\"wp-block-heading has-verd-tropic-color has-text-color has-link-color wp-elements-6971348cbbd8164079e8a4b035a0678d\"><br>\ud83e\udd1dTransferencia de conocimiento<\/h2>\n\n\n\n<p class=\"has-small-font-size\">Verd, Joan Miquel (2024, Abril 26). <em>Sobre precariedad laboral. <\/em>[Conferencia invitada]. Acto de conmemoraci\u00f3n del Dia Internacional del Trabajo. Ajuntament de Barcelona.<\/p>\n\n\n\n<figure class=\"wp-block-gallery has-nested-images columns-default is-cropped wp-block-gallery-1 is-layout-flex wp-block-gallery-is-layout-flex\">\n<figure class=\"wp-block-image size-large\"><img loading=\"lazy\" decoding=\"async\" width=\"1021\" height=\"487\" data-id=\"179\" src=\"https:\/\/webs.uab.cat\/capenrisg\/wp-content\/uploads\/sites\/423\/2024\/07\/photo1682519609.jpg\" alt=\"\" class=\"wp-image-179\" srcset=\"https:\/\/webs.uab.cat\/capenrisg\/wp-content\/uploads\/sites\/423\/2024\/07\/photo1682519609.jpg 1021w, https:\/\/webs.uab.cat\/capenrisg\/wp-content\/uploads\/sites\/423\/2024\/07\/photo1682519609-300x143.jpg 300w, https:\/\/webs.uab.cat\/capenrisg\/wp-content\/uploads\/sites\/423\/2024\/07\/photo1682519609-768x366.jpg 768w\" sizes=\"auto, (max-width: 1021px) 100vw, 1021px\" \/><\/figure>\n<\/figure>\n\n\n\n<p><\/p>\n","protected":false},"excerpt":{"rendered":"<p>Acciones de transferencia ligadas a los resultados del proyecto: \ud83d\udcf0Organizaci\u00f3n de jornadas Seminario experto: Capital social, sociabilidad y desigualdad en grupos desfavorecidos \ud83d\udccd Facultad de Ciencias Pol\u00edticas y de Sociolog\u00eda, UAB\ud83d\udcc5 Mi\u00e9rcoles, 21 de mayo de 2025 En el marco del proyecto CAPENRISG, esta jornada reuni\u00f3 a un panel internacional de personas expertas en la [&hellip;]<\/p>\n","protected":false},"author":2648,"featured_media":0,"parent":0,"menu_order":6,"comment_status":"closed","ping_status":"closed","template":"","meta":{"footnotes":""},"class_list":["post-163","page","type-page","status-publish","hentry"],"_links":{"self":[{"href":"https:\/\/webs.uab.cat\/capenrisg\/wp-json\/wp\/v2\/pages\/163","targetHints":{"allow":["GET"]}}],"collection":[{"href":"https:\/\/webs.uab.cat\/capenrisg\/wp-json\/wp\/v2\/pages"}],"about":[{"href":"https:\/\/webs.uab.cat\/capenrisg\/wp-json\/wp\/v2\/types\/page"}],"author":[{"embeddable":true,"href":"https:\/\/webs.uab.cat\/capenrisg\/wp-json\/wp\/v2\/users\/2648"}],"replies":[{"embeddable":true,"href":"https:\/\/webs.uab.cat\/capenrisg\/wp-json\/wp\/v2\/comments?post=163"}],"version-history":[{"count":13,"href":"https:\/\/webs.uab.cat\/capenrisg\/wp-json\/wp\/v2\/pages\/163\/revisions"}],"predecessor-version":[{"id":279,"href":"https:\/\/webs.uab.cat\/capenrisg\/wp-json\/wp\/v2\/pages\/163\/revisions\/279"}],"wp:attachment":[{"href":"https:\/\/webs.uab.cat\/capenrisg\/wp-json\/wp\/v2\/media?parent=163"}],"curies":[{"name":"wp","href":"https:\/\/api.w.org\/{rel}","templated":true}]}}

ACTIVIDADES DE DIVULGACIÓN

<p class="has-small-font-size">Acciones de transferencia ligadas a los resultados del proyecto:</p>



<h2 class="wp-block-heading has-verd-tropic-color has-text-color has-link-color wp-elements-349e11f7e6dabda8df15fe395a506bac">📰Organización de jornadas</h2>



<p class="has-small-font-size">Seminario experto: <strong>Capital social, sociabilidad y desigualdad en grupos desfavorecidos</strong></p>



<p class="has-small-font-size">📍 Facultad de Ciencias Políticas y de Sociología, UAB<br>📅 Miércoles, 21 de mayo de 2025</p>



<p class="has-small-font-size">En el marco del proyecto <strong>CAPENRISG</strong>, esta jornada reunió a un panel internacional de personas expertas en la investigación sobre el capital social y la sociabilidad. Durante el encuentro se compartieron reflexiones teóricas y metodológicas sobre las desigualdades relacionales y el papel de los entornos residenciales en la inserción laboral de la juventud en riesgo de exclusión. La actividad contó con investigadoras e investigadores de distintas disciplinas</p>



<p class="has-small-font-size">🔗 <strong>Programa <a href="https://webs.uab.cat/capenrisg/wp-content/uploads/sites/423/2025/07/Programa_Jornada-CAPENRISG-2.pdf">completo</a></strong></p>


<div class="wp-block-image">
<figure class="aligncenter size-full"><img loading="lazy" decoding="async" width="1024" height="460" src="https://webs.uab.cat/capenrisg/wp-content/uploads/sites/423/2025/07/Image-_18_.jpg" alt="" class="wp-image-257" srcset="https://webs.uab.cat/capenrisg/wp-content/uploads/sites/423/2025/07/Image-_18_.jpg 1024w, https://webs.uab.cat/capenrisg/wp-content/uploads/sites/423/2025/07/Image-_18_-300x135.jpg 300w, https://webs.uab.cat/capenrisg/wp-content/uploads/sites/423/2025/07/Image-_18_-768x345.jpg 768w" sizes="auto, (max-width: 1024px) 100vw, 1024px" /></figure>
</div>


<h2 class="wp-block-heading has-verd-tropic-color has-text-color has-link-color wp-elements-5f18f888c2d5992dc33e148ba2363d60"><br>📰Impacto en medios</h2>



<ul class="wp-block-list">
<li class="has-small-font-size">EFE. (2024, Junio 18). El 78% de jóvenes con formación superior trabaja, pero con una temporalidad superior al 30%. <em>EFE </em> <a href="https://efe.com/espana/2024-06-18/empleo-jovenes-estudios-superiores/" target="_blank" rel="noreferrer noopener">https://efe.com/espana/2024-06-18/empleo-jovenes-estudios-superiores/</a></li>
</ul>



<p></p>



<h2 class="wp-block-heading has-verd-tropic-color has-text-color has-link-color wp-elements-6971348cbbd8164079e8a4b035a0678d"><br>🤝Transferencia de conocimiento</h2>



<p class="has-small-font-size">Verd, Joan Miquel (2024, Abril 26). <em>Sobre precariedad laboral. </em>[Conferencia invitada]. Acto de conmemoración del Dia Internacional del Trabajo. Ajuntament de Barcelona.</p>



<figure class="wp-block-gallery has-nested-images columns-default is-cropped wp-block-gallery-1 is-layout-flex wp-block-gallery-is-layout-flex">
<figure class="wp-block-image size-large"><img loading="lazy" decoding="async" width="1021" height="487" data-id="179" src="https://webs.uab.cat/capenrisg/wp-content/uploads/sites/423/2024/07/photo1682519609.jpg" alt="" class="wp-image-179" srcset="https://webs.uab.cat/capenrisg/wp-content/uploads/sites/423/2024/07/photo1682519609.jpg 1021w, https://webs.uab.cat/capenrisg/wp-content/uploads/sites/423/2024/07/photo1682519609-300x143.jpg 300w, https://webs.uab.cat/capenrisg/wp-content/uploads/sites/423/2024/07/photo1682519609-768x366.jpg 768w" sizes="auto, (max-width: 1021px) 100vw, 1021px" /></figure>
</figure>



<p></p>

<p>Acciones de transferencia ligadas a los resultados del proyecto: 📰Organización de jornadas Seminario experto: Capital social, sociabilidad y desigualdad en grupos desfavorecidos 📍 Facultad de Ciencias Políticas y de Sociología, UAB📅 Miércoles, 21 de mayo de 2025 En el marco del proyecto CAPENRISG, esta jornada reunió a un panel internacional de personas expertas en la [&hellip;]</p>
