{"id":165,"date":"2024-07-11T12:50:18","date_gmt":"2024-07-11T10:50:18","guid":{"rendered":"https:\/\/webs.uab.cat\/capenrisg\/?page_id=165"},"modified":"2025-09-29T14:15:14","modified_gmt":"2025-09-29T12:15:14","slug":"participacion-en-congresos","status":"publish","type":"page","link":"https:\/\/webs.uab.cat\/capenrisg\/participacion-en-congresos\/","title":{"rendered":"PARTICIPACI\u00d3N EN CONGRESOS"},"content":{"rendered":"\n<ul class=\"wp-block-list\">\n<li>Nualart Mortatalla, Laia; Bariego Carricajo, Pablo; Eixarch Alejos, Adriana; Su\u00e1rez Gonz\u00e1lez, Jes\u00fas &amp; Molina, \u00d3scar. (2025, 6-11 July). The effects of unemployment on the social isolation of young adults with precarious employment trajectories. [RC34: Examining Contemporary Youth Transitions through Qualitative Longitudinal Research (2)]. <a href=\"https:\/\/www.isa-sociology.org\/uploads\/imgen\/2252-5th-isa-forum-of-sociology-abstracts-book.pdf\" target=\"_blank\" rel=\"noreferrer noopener\">5th ISA Forum of Sociology. Knowing Justice in the Anthropocene<\/a>. Rabat-Morocco.<\/li>\n<\/ul>\n\n\n<div class=\"wp-block-image\">\n<figure class=\"aligncenter size-full is-resized\"><img loading=\"lazy\" decoding=\"async\" width=\"1920\" height=\"1080\" src=\"https:\/\/webs.uab.cat\/capenrisg\/wp-content\/uploads\/sites\/423\/2025\/09\/Diseno-sin-titulo-17.png\" alt=\"\" class=\"wp-image-271\" style=\"aspect-ratio:1.3333333333333333;object-fit:cover;width:597px;height:auto\" srcset=\"https:\/\/webs.uab.cat\/capenrisg\/wp-content\/uploads\/sites\/423\/2025\/09\/Diseno-sin-titulo-17.png 1920w, https:\/\/webs.uab.cat\/capenrisg\/wp-content\/uploads\/sites\/423\/2025\/09\/Diseno-sin-titulo-17-300x169.png 300w, https:\/\/webs.uab.cat\/capenrisg\/wp-content\/uploads\/sites\/423\/2025\/09\/Diseno-sin-titulo-17-1024x576.png 1024w, https:\/\/webs.uab.cat\/capenrisg\/wp-content\/uploads\/sites\/423\/2025\/09\/Diseno-sin-titulo-17-768x432.png 768w, https:\/\/webs.uab.cat\/capenrisg\/wp-content\/uploads\/sites\/423\/2025\/09\/Diseno-sin-titulo-17-1536x864.png 1536w, https:\/\/webs.uab.cat\/capenrisg\/wp-content\/uploads\/sites\/423\/2025\/09\/Diseno-sin-titulo-17-1200x675.png 1200w\" sizes=\"auto, (max-width: 1920px) 100vw, 1920px\" \/><\/figure>\n<\/div>\n\n\n<ul class=\"wp-block-list\">\n<li>Gonz\u00e1lez Heras, Alejandro; Nualart Moratalla, Laia; Bariego Carricajo, Pablo &amp; Eixarch Alejos, Adriana (2024, 27-30 August). Qualitative Geographic Information Systems (GIS) as a Link in the Methodological Integration of Interviews and Qualitative Observation<em>.<\/em> [RN20_T09_02: Space and Materialities]. <a href=\"https:\/\/isociologia.up.pt\/sites\/default\/files\/2024-08\/Final%20Programme_ESA_Conference_31.07.pdf\" target=\"_blank\" rel=\"noreferrer noopener\">16th ESA Conference. Tension, Trust, and Transformation<\/a>, Porto-Portugal.<\/li>\n<\/ul>\n\n\n\n<ul class=\"wp-block-list\">\n<li>Eixarch Alejos, Adriana; &nbsp;Bariego Carricajo, Pablo; Nualart Moratalla, Laia &amp; Gonz\u00e1lez Heras, Alejandro (2024, 27-30 August). Multimethod sampling as a way of slow research&nbsp;<em>.<\/em> [RN20_T05_01: Mixed Method]. <a href=\"https:\/\/isociologia.up.pt\/sites\/default\/files\/2024-08\/Final%20Programme_ESA_Conference_31.07.pdf\" target=\"_blank\" rel=\"noreferrer noopener\">16th ESA Conference. Tension, Trust, and Transformation<\/a>, Porto-Portugal.<\/li>\n<\/ul>\n\n\n\n<figure class=\"wp-block-image size-full\"><img loading=\"lazy\" decoding=\"async\" width=\"4140\" height=\"1570\" src=\"https:\/\/webs.uab.cat\/capenrisg\/wp-content\/uploads\/sites\/423\/2024\/09\/image-2.png\" alt=\"\" class=\"wp-image-225\" srcset=\"https:\/\/webs.uab.cat\/capenrisg\/wp-content\/uploads\/sites\/423\/2024\/09\/image-2.png 4140w, https:\/\/webs.uab.cat\/capenrisg\/wp-content\/uploads\/sites\/423\/2024\/09\/image-2-300x114.png 300w, https:\/\/webs.uab.cat\/capenrisg\/wp-content\/uploads\/sites\/423\/2024\/09\/image-2-1024x388.png 1024w, https:\/\/webs.uab.cat\/capenrisg\/wp-content\/uploads\/sites\/423\/2024\/09\/image-2-768x291.png 768w, https:\/\/webs.uab.cat\/capenrisg\/wp-content\/uploads\/sites\/423\/2024\/09\/image-2-1536x582.png 1536w, https:\/\/webs.uab.cat\/capenrisg\/wp-content\/uploads\/sites\/423\/2024\/09\/image-2-2048x777.png 2048w, https:\/\/webs.uab.cat\/capenrisg\/wp-content\/uploads\/sites\/423\/2024\/09\/image-2-1200x455.png 1200w, https:\/\/webs.uab.cat\/capenrisg\/wp-content\/uploads\/sites\/423\/2024\/09\/image-2-1980x751.png 1980w\" sizes=\"auto, (max-width: 4140px) 100vw, 4140px\" \/><\/figure>\n\n\n\n<ul class=\"wp-block-list\">\n<li>Nualart Moratalla, Laia; Gonz\u00e1lez Heras, Alejandro;  Verd Peric\u00e0s, Joan Miquel;  Barranco Font, Oriol; Bariego Carricajo, Pablo &amp; Eixarch Alejos, Adriana  (2024, 26, 27, 28 y 29 de junio). El Sistema de Informaci\u00f3n Geogr\u00e1fica (SIG) cualitativo como punto de uni\u00f3n en la articulaci\u00f3n metodol\u00f3gica entre entrevistas y observaci\u00f3n cualitativa<em>.<\/em> [GT01-SES02: Recogida de informaci\u00f3n obtenida con metodolog\u00eda cualitativa]. <a href=\"https:\/\/congreso2024.fes-sociologia.com\/\">XVI Congreso Espa\u00f1ol de Sociolog\u00eda. Sociolog\u00eda para la sociedad digital<\/a> (FES), Sevilla.<\/li>\n<\/ul>\n\n\n\n<ul class=\"wp-block-list\">\n<li>Eixarch Alejos, Adriana;  Bariego Carricajo, Pablo; Verd Peric\u00e0s, Joan Miquel; Barranco Font, Oriol; Rodr\u00edguez-Soler, Joan &amp; Nualart Moratalla, Laia  (2024, 26, 27, 28 y 29 de junio). El muestreo multim\u00e9todo como forma de slow research<em>.<\/em> [GT01-SES04: Investigaci\u00f3n multim\u00e9todo]. <a href=\"https:\/\/congreso2024.fes-sociologia.com\/\">XVI Congreso Espa\u00f1ol de Sociolog\u00eda. Sociolog\u00eda para la sociedad digital<\/a> (FES), Sevilla.<\/li>\n<\/ul>\n","protected":false},"excerpt":{"rendered":"","protected":false},"author":2648,"featured_media":0,"parent":0,"menu_order":5,"comment_status":"closed","ping_status":"closed","template":"","meta":{"footnotes":""},"class_list":["post-165","page","type-page","status-publish","hentry"],"_links":{"self":[{"href":"https:\/\/webs.uab.cat\/capenrisg\/wp-json\/wp\/v2\/pages\/165","targetHints":{"allow":["GET"]}}],"collection":[{"href":"https:\/\/webs.uab.cat\/capenrisg\/wp-json\/wp\/v2\/pages"}],"about":[{"href":"https:\/\/webs.uab.cat\/capenrisg\/wp-json\/wp\/v2\/types\/page"}],"author":[{"embeddable":true,"href":"https:\/\/webs.uab.cat\/capenrisg\/wp-json\/wp\/v2\/users\/2648"}],"replies":[{"embeddable":true,"href":"https:\/\/webs.uab.cat\/capenrisg\/wp-json\/wp\/v2\/comments?post=165"}],"version-history":[{"count":6,"href":"https:\/\/webs.uab.cat\/capenrisg\/wp-json\/wp\/v2\/pages\/165\/revisions"}],"predecessor-version":[{"id":273,"href":"https:\/\/webs.uab.cat\/capenrisg\/wp-json\/wp\/v2\/pages\/165\/revisions\/273"}],"wp:attachment":[{"href":"https:\/\/webs.uab.cat\/capenrisg\/wp-json\/wp\/v2\/media?parent=165"}],"curies":[{"name":"wp","href":"https:\/\/api.w.org\/{rel}","templated":true}]}}

PARTICIPACIÓN EN CONGRESOS

<ul class="wp-block-list">
<li>Nualart Mortatalla, Laia; Bariego Carricajo, Pablo; Eixarch Alejos, Adriana; Suárez González, Jesús &amp; Molina, Óscar. (2025, 6-11 July). The effects of unemployment on the social isolation of young adults with precarious employment trajectories. [RC34: Examining Contemporary Youth Transitions through Qualitative Longitudinal Research (2)]. <a href="https://www.isa-sociology.org/uploads/imgen/2252-5th-isa-forum-of-sociology-abstracts-book.pdf" target="_blank" rel="noreferrer noopener">5th ISA Forum of Sociology. Knowing Justice in the Anthropocene</a>. Rabat-Morocco.</li>
</ul>


<div class="wp-block-image">
<figure class="aligncenter size-full is-resized"><img loading="lazy" decoding="async" width="1920" height="1080" src="https://webs.uab.cat/capenrisg/wp-content/uploads/sites/423/2025/09/Diseno-sin-titulo-17.png" alt="" class="wp-image-271" style="aspect-ratio:1.3333333333333333;object-fit:cover;width:597px;height:auto" srcset="https://webs.uab.cat/capenrisg/wp-content/uploads/sites/423/2025/09/Diseno-sin-titulo-17.png 1920w, https://webs.uab.cat/capenrisg/wp-content/uploads/sites/423/2025/09/Diseno-sin-titulo-17-300x169.png 300w, https://webs.uab.cat/capenrisg/wp-content/uploads/sites/423/2025/09/Diseno-sin-titulo-17-1024x576.png 1024w, https://webs.uab.cat/capenrisg/wp-content/uploads/sites/423/2025/09/Diseno-sin-titulo-17-768x432.png 768w, https://webs.uab.cat/capenrisg/wp-content/uploads/sites/423/2025/09/Diseno-sin-titulo-17-1536x864.png 1536w, https://webs.uab.cat/capenrisg/wp-content/uploads/sites/423/2025/09/Diseno-sin-titulo-17-1200x675.png 1200w" sizes="auto, (max-width: 1920px) 100vw, 1920px" /></figure>
</div>


<ul class="wp-block-list">
<li>González Heras, Alejandro; Nualart Moratalla, Laia; Bariego Carricajo, Pablo &amp; Eixarch Alejos, Adriana (2024, 27-30 August). Qualitative Geographic Information Systems (GIS) as a Link in the Methodological Integration of Interviews and Qualitative Observation<em>.</em> [RN20_T09_02: Space and Materialities]. <a href="https://isociologia.up.pt/sites/default/files/2024-08/Final%20Programme_ESA_Conference_31.07.pdf" target="_blank" rel="noreferrer noopener">16th ESA Conference. Tension, Trust, and Transformation</a>, Porto-Portugal.</li>
</ul>



<ul class="wp-block-list">
<li>Eixarch Alejos, Adriana; &nbsp;Bariego Carricajo, Pablo; Nualart Moratalla, Laia &amp; González Heras, Alejandro (2024, 27-30 August). Multimethod sampling as a way of slow research&nbsp;<em>.</em> [RN20_T05_01: Mixed Method]. <a href="https://isociologia.up.pt/sites/default/files/2024-08/Final%20Programme_ESA_Conference_31.07.pdf" target="_blank" rel="noreferrer noopener">16th ESA Conference. Tension, Trust, and Transformation</a>, Porto-Portugal.</li>
</ul>



<figure class="wp-block-image size-full"><img loading="lazy" decoding="async" width="4140" height="1570" src="https://webs.uab.cat/capenrisg/wp-content/uploads/sites/423/2024/09/image-2.png" alt="" class="wp-image-225" srcset="https://webs.uab.cat/capenrisg/wp-content/uploads/sites/423/2024/09/image-2.png 4140w, https://webs.uab.cat/capenrisg/wp-content/uploads/sites/423/2024/09/image-2-300x114.png 300w, https://webs.uab.cat/capenrisg/wp-content/uploads/sites/423/2024/09/image-2-1024x388.png 1024w, https://webs.uab.cat/capenrisg/wp-content/uploads/sites/423/2024/09/image-2-768x291.png 768w, https://webs.uab.cat/capenrisg/wp-content/uploads/sites/423/2024/09/image-2-1536x582.png 1536w, https://webs.uab.cat/capenrisg/wp-content/uploads/sites/423/2024/09/image-2-2048x777.png 2048w, https://webs.uab.cat/capenrisg/wp-content/uploads/sites/423/2024/09/image-2-1200x455.png 1200w, https://webs.uab.cat/capenrisg/wp-content/uploads/sites/423/2024/09/image-2-1980x751.png 1980w" sizes="auto, (max-width: 4140px) 100vw, 4140px" /></figure>



<ul class="wp-block-list">
<li>Nualart Moratalla, Laia; González Heras, Alejandro;  Verd Pericàs, Joan Miquel;  Barranco Font, Oriol; Bariego Carricajo, Pablo &amp; Eixarch Alejos, Adriana  (2024, 26, 27, 28 y 29 de junio). El Sistema de Información Geográfica (SIG) cualitativo como punto de unión en la articulación metodológica entre entrevistas y observación cualitativa<em>.</em> [GT01-SES02: Recogida de información obtenida con metodología cualitativa]. <a href="https://congreso2024.fes-sociologia.com/">XVI Congreso Español de Sociología. Sociología para la sociedad digital</a> (FES), Sevilla.</li>
</ul>



<ul class="wp-block-list">
<li>Eixarch Alejos, Adriana;  Bariego Carricajo, Pablo; Verd Pericàs, Joan Miquel; Barranco Font, Oriol; Rodríguez-Soler, Joan &amp; Nualart Moratalla, Laia  (2024, 26, 27, 28 y 29 de junio). El muestreo multimétodo como forma de slow research<em>.</em> [GT01-SES04: Investigación multimétodo]. <a href="https://congreso2024.fes-sociologia.com/">XVI Congreso Español de Sociología. Sociología para la sociedad digital</a> (FES), Sevilla.</li>
</ul>
