{"id":213,"date":"2024-07-31T10:52:54","date_gmt":"2024-07-31T08:52:54","guid":{"rendered":"https:\/\/webs.uab.cat\/capenrisg\/?page_id=213"},"modified":"2024-07-31T10:52:54","modified_gmt":"2024-07-31T08:52:54","slug":"adriana-eixarch","status":"publish","type":"page","link":"https:\/\/webs.uab.cat\/capenrisg\/equipo\/adriana-eixarch\/","title":{"rendered":"Adriana Eixarch"},"content":{"rendered":"\n<h2 class=\"wp-block-heading has-verd-tropic-color has-text-color has-normal-font-size\"><strong>ADRIANA EIXARCH<\/strong><\/h2>\n\n\n\n<div class=\"wp-block-media-text has-media-on-the-right is-stacked-on-mobile\" style=\"grid-template-columns:auto 25%\"><div class=\"wp-block-media-text__content\">\n<p>Graduada en Sociolog\u00eda por la Universidad Aut\u00f3noma de Barcelona (2023), actualmente est\u00e1 cursando el M\u00e1ster Oficial en Pol\u00edtica Social, Trabajo y Bienestar, coordinado por la Universidad Aut\u00f3noma de Barcelona.<\/p>\n<\/div><figure class=\"wp-block-media-text__media\"><img loading=\"lazy\" decoding=\"async\" width=\"150\" height=\"150\" src=\"https:\/\/webs.uab.cat\/capenrisg\/wp-content\/uploads\/sites\/423\/2024\/07\/foto-perfil.png\" alt=\"\" class=\"wp-image-214 size-large\" \/><\/figure><\/div>\n\n\n\n<p>Durante el curso 2022\/2023 realiz\u00f3 las pr\u00e1cticas curriculares al Centre de Recerca en Socioling\u00fc\u00edstica i Comunicaci\u00f3 de la Universitat de Barcelona (CUSC-UB), y tambi\u00e9n fue beneficiaria de la Beca de Colaboraci\u00f3n en Departamentos Universitarios (Ministerio de Educaci\u00f3n i Formaci\u00f3n Profesional) para el Departamento de Sociolog\u00eda de la Universidad Aut\u00f3noma de Barcelona.<\/p>\n\n\n\n<p>Mediante esta beca, se incorpor\u00f3 al proyecto \u201cCapital social y entorno residencial en la poblaci\u00f3n joven con riesgo de exclusi\u00f3n laboral. Un estudio de casos \u2013 CAPENRISG\u201d. Actualmente sigue vinculada al proyecto CAPENRISG como T\u00e9cnica de Apoyo a la Investigaci\u00f3n en el Centre de Recerca sobre la Vida Quotidiana i el Treball (QUIT-UAB).<\/p>\n","protected":false},"excerpt":{"rendered":"<p>ADRIANA EIXARCH Graduada en Sociolog\u00eda por la Universidad Aut\u00f3noma de Barcelona (2023), actualmente est\u00e1 cursando el M\u00e1ster Oficial en Pol\u00edtica Social, Trabajo y Bienestar, coordinado por la Universidad Aut\u00f3noma de Barcelona. Durante el curso 2022\/2023 realiz\u00f3 las pr\u00e1cticas curriculares al Centre de Recerca en Socioling\u00fc\u00edstica i Comunicaci\u00f3 de la Universitat de Barcelona (CUSC-UB), y tambi\u00e9n [&hellip;]<\/p>\n","protected":false},"author":2648,"featured_media":0,"parent":14,"menu_order":11,"comment_status":"closed","ping_status":"closed","template":"","meta":{"footnotes":""},"class_list":["post-213","page","type-page","status-publish","hentry"],"_links":{"self":[{"href":"https:\/\/webs.uab.cat\/capenrisg\/wp-json\/wp\/v2\/pages\/213","targetHints":{"allow":["GET"]}}],"collection":[{"href":"https:\/\/webs.uab.cat\/capenrisg\/wp-json\/wp\/v2\/pages"}],"about":[{"href":"https:\/\/webs.uab.cat\/capenrisg\/wp-json\/wp\/v2\/types\/page"}],"author":[{"embeddable":true,"href":"https:\/\/webs.uab.cat\/capenrisg\/wp-json\/wp\/v2\/users\/2648"}],"replies":[{"embeddable":true,"href":"https:\/\/webs.uab.cat\/capenrisg\/wp-json\/wp\/v2\/comments?post=213"}],"version-history":[{"count":1,"href":"https:\/\/webs.uab.cat\/capenrisg\/wp-json\/wp\/v2\/pages\/213\/revisions"}],"predecessor-version":[{"id":215,"href":"https:\/\/webs.uab.cat\/capenrisg\/wp-json\/wp\/v2\/pages\/213\/revisions\/215"}],"up":[{"embeddable":true,"href":"https:\/\/webs.uab.cat\/capenrisg\/wp-json\/wp\/v2\/pages\/14"}],"wp:attachment":[{"href":"https:\/\/webs.uab.cat\/capenrisg\/wp-json\/wp\/v2\/media?parent=213"}],"curies":[{"name":"wp","href":"https:\/\/api.w.org\/{rel}","templated":true}]}}

<h2 class="wp-block-heading has-verd-tropic-color has-text-color has-normal-font-size"><strong>ADRIANA EIXARCH</strong></h2>



<div class="wp-block-media-text has-media-on-the-right is-stacked-on-mobile" style="grid-template-columns:auto 25%"><div class="wp-block-media-text__content">
<p>Graduada en Sociología por la Universidad Autónoma de Barcelona (2023), actualmente está cursando el Máster Oficial en Política Social, Trabajo y Bienestar, coordinado por la Universidad Autónoma de Barcelona.</p>
</div><figure class="wp-block-media-text__media"><img loading="lazy" decoding="async" width="150" height="150" src="https://webs.uab.cat/capenrisg/wp-content/uploads/sites/423/2024/07/foto-perfil.png" alt="" class="wp-image-214 size-large" /></figure></div>



<p>Durante el curso 2022/2023 realizó las prácticas curriculares al Centre de Recerca en Sociolingüística i Comunicació de la Universitat de Barcelona (CUSC-UB), y también fue beneficiaria de la Beca de Colaboración en Departamentos Universitarios (Ministerio de Educación i Formación Profesional) para el Departamento de Sociología de la Universidad Autónoma de Barcelona.</p>



<p>Mediante esta beca, se incorporó al proyecto “Capital social y entorno residencial en la población joven con riesgo de exclusión laboral. Un estudio de casos – CAPENRISG”. Actualmente sigue vinculada al proyecto CAPENRISG como Técnica de Apoyo a la Investigación en el Centre de Recerca sobre la Vida Quotidiana i el Treball (QUIT-UAB).</p>

<p>ADRIANA EIXARCH Graduada en Sociología por la Universidad Autónoma de Barcelona (2023), actualmente está cursando el Máster Oficial en Política Social, Trabajo y Bienestar, coordinado por la Universidad Autónoma de Barcelona. Durante el curso 2022/2023 realizó las prácticas curriculares al Centre de Recerca en Sociolingüística i Comunicació de la Universitat de Barcelona (CUSC-UB), y también [&hellip;]</p>
