{"id":62,"date":"2023-05-25T13:10:48","date_gmt":"2023-05-25T11:10:48","guid":{"rendered":"https:\/\/webs.uab.cat\/capenrisg\/?page_id=62"},"modified":"2024-07-30T10:56:12","modified_gmt":"2024-07-30T08:56:12","slug":"pilar-carrasquer","status":"publish","type":"page","link":"https:\/\/webs.uab.cat\/capenrisg\/equipo\/pilar-carrasquer\/","title":{"rendered":"Pilar Carrasquer"},"content":{"rendered":"\n<h2 class=\"wp-block-heading has-verd-tropic-color has-text-color has-normal-font-size\"><strong>PILAR CARRASQUER OTO<\/strong><\/h2>\n\n\n\n<div class=\"wp-block-media-text has-media-on-the-right is-stacked-on-mobile\" style=\"grid-template-columns:auto 25%\"><div class=\"wp-block-media-text__content\">\n<p class=\"has-text-align-left has-small-font-size\">Profesora de Sociolog\u00eda en el Grado de Relaciones Laborales y de Sociolog\u00eda en la Facultad de Ciencias Pol\u00edticas y Sociolog\u00eda, de la Universidad Aut\u00f3noma de Barcelona, es actualmente directora del Instituto de Estudios del Trabajo.<\/p>\n<\/div><figure class=\"wp-block-media-text__media\"><img loading=\"lazy\" decoding=\"async\" width=\"1024\" height=\"1024\" src=\"https:\/\/webs.uab.cat\/capenrisg\/wp-content\/uploads\/sites\/423\/2023\/05\/Pilar-1024x1024.png\" alt=\"\" class=\"wp-image-28 size-large\" srcset=\"https:\/\/webs.uab.cat\/capenrisg\/wp-content\/uploads\/sites\/423\/2023\/05\/Pilar-1024x1024.png 1024w, https:\/\/webs.uab.cat\/capenrisg\/wp-content\/uploads\/sites\/423\/2023\/05\/Pilar-300x300.png 300w, https:\/\/webs.uab.cat\/capenrisg\/wp-content\/uploads\/sites\/423\/2023\/05\/Pilar-150x150.png 150w, https:\/\/webs.uab.cat\/capenrisg\/wp-content\/uploads\/sites\/423\/2023\/05\/Pilar-768x768.png 768w, https:\/\/webs.uab.cat\/capenrisg\/wp-content\/uploads\/sites\/423\/2023\/05\/Pilar-1200x1200.png 1200w, https:\/\/webs.uab.cat\/capenrisg\/wp-content\/uploads\/sites\/423\/2023\/05\/Pilar.png 1349w\" sizes=\"auto, (max-width: 1024px) 100vw, 1024px\" \/><\/figure><\/div>\n\n\n\n<p>Diplomada en Ciencias Sociales por el Instituto de Ciencias Sociales de Barcelona (ICESB), licenciada y doctorada en Sociolog\u00eda por la Facultad de Ciencias Pol\u00edticas y Sociolog\u00eda de la Universidad Aut\u00f3noma de Barcelona.<\/p>\n\n\n\n<p class=\"has-verd-tropic-color has-text-color\"><strong>Intereses de investigaci\u00f3n<\/strong><\/p>\n\n\n\n<p>En su trayectoria investigadora destacan sus estudios enfocados en la situaci\u00f3n laboral de la mujer en Espa\u00f1a: Perfil sociolaboral del paro femenino en Espa\u00f1a, 1994; Situaci\u00f3n de las trabajadoras en el sector financiero espa\u00f1ol, 1995; Las implicaciones del reparto del trabajo sobre el empleo y la vida cotidiana, 2001; El estudio de la doble presencia: una apuesta por la conciliaci\u00f3n de la vida laboral y familiar, 2002; El tiempo de trabajo en la negociaci\u00f3n colectiva y sus efectos sociales, 2004.<\/p>\n","protected":false},"excerpt":{"rendered":"<p>PILAR CARRASQUER OTO Profesora de Sociolog\u00eda en el Grado de Relaciones Laborales y de Sociolog\u00eda en la Facultad de Ciencias Pol\u00edticas y Sociolog\u00eda, de la Universidad Aut\u00f3noma de Barcelona, es actualmente directora del Instituto de Estudios del Trabajo. Diplomada en Ciencias Sociales por el Instituto de Ciencias Sociales de Barcelona (ICESB), licenciada y doctorada en [&hellip;]<\/p>\n","protected":false},"author":2648,"featured_media":0,"parent":14,"menu_order":3,"comment_status":"closed","ping_status":"closed","template":"","meta":{"footnotes":""},"class_list":["post-62","page","type-page","status-publish","hentry"],"_links":{"self":[{"href":"https:\/\/webs.uab.cat\/capenrisg\/wp-json\/wp\/v2\/pages\/62","targetHints":{"allow":["GET"]}}],"collection":[{"href":"https:\/\/webs.uab.cat\/capenrisg\/wp-json\/wp\/v2\/pages"}],"about":[{"href":"https:\/\/webs.uab.cat\/capenrisg\/wp-json\/wp\/v2\/types\/page"}],"author":[{"embeddable":true,"href":"https:\/\/webs.uab.cat\/capenrisg\/wp-json\/wp\/v2\/users\/2648"}],"replies":[{"embeddable":true,"href":"https:\/\/webs.uab.cat\/capenrisg\/wp-json\/wp\/v2\/comments?post=62"}],"version-history":[{"count":4,"href":"https:\/\/webs.uab.cat\/capenrisg\/wp-json\/wp\/v2\/pages\/62\/revisions"}],"predecessor-version":[{"id":204,"href":"https:\/\/webs.uab.cat\/capenrisg\/wp-json\/wp\/v2\/pages\/62\/revisions\/204"}],"up":[{"embeddable":true,"href":"https:\/\/webs.uab.cat\/capenrisg\/wp-json\/wp\/v2\/pages\/14"}],"wp:attachment":[{"href":"https:\/\/webs.uab.cat\/capenrisg\/wp-json\/wp\/v2\/media?parent=62"}],"curies":[{"name":"wp","href":"https:\/\/api.w.org\/{rel}","templated":true}]}}