{"id":40,"date":"2021-06-24T21:24:41","date_gmt":"2021-06-24T19:24:41","guid":{"rendered":"https:\/\/blogs.uab.cat\/carmefont\/?page_id=40"},"modified":"2026-03-08T12:00:07","modified_gmt":"2026-03-08T10:00:07","slug":"education","status":"publish","type":"page","link":"https:\/\/webs.uab.cat\/carmefont\/education\/","title":{"rendered":"Education"},"content":{"rendered":"\n<p><strong>Ph.D.<\/strong>, March 4, 2011: Universitat Aut\u00f2noma de Barcelona, Spain.<br>Title of the dissertation: \u201c\u2018I Was Sent to Persuade You in the Name of the Lord\u2019: Public Self-Representation and Authority in Four Seventeenth-Century Women Prophets\u201d.<br>Qualification: Sobresaliente Cum Laude. With European Mention (Loughborough University, UK).<br>Committee: Suzanne Trill, Beatriz Ferr\u00fas, Francisco Jos\u00e9 Borge. Consulta en <a href=\"https:\/\/www.educacion.gob.es\/teseo\/imprimirFicheroTesis.do\" target=\"_blank\" rel=\"noopener\" data-cke-saved-href=\"https:\/\/www.educacion.gob.es\/teseo\/imprimirFicheroTesis.do\">TESEO<\/a>.<\/p>\n\n\n\n<p><strong>D.E.A.<\/strong>, 2008. Diploma in Advanced Research&nbsp;(Diploma d&#8217;Estudis en Recerca Avan\u00e7ada): Universitat Aut\u00f2noma de Barcelona, Spain.<\/p>\n\n\n\n<p><strong>M.A.<\/strong>, October 18, 2007: Universitat Aut\u00f2noma de Barcelona, Spain. &nbsp;Title of the thesis: Transgressions of the Spirit: Selfhood and Voice in Katherine Evans\u2019 and Sarah Cheevers\u2019 A Short Relation of Their Sufferings (1662).<\/p>\n\n\n\n<p><strong>B.A.<\/strong>, 1995. Degree in English Studies (Llicenciatura en Filologia Anglesa i German\u00edstica): Universitat Aut\u00f2noma de Barcelona, Spain.<\/p>\n\n\n\n<p>Graduate Semester Course, June 2002. \u201cContemporary Practice in the Publishing Industry in the Spanish-speaking World\u201d: Universitat Pompeu Fabra, Barcelona, Spain.<\/p>\n\n\n\n<p>1996-1998. \u201cLiterary Translation English-Spanish\u201d: Escuela Sampere de Traductores e Int\u00e9rpretes, Madrid, and Institute of Linguistics, London, UK.<\/p>\n\n\n<div class=\"wp-block-image\">\n<figure class=\"alignright\"><img loading=\"lazy\" decoding=\"async\" width=\"300\" height=\"296\" src=\"https:\/\/webs.uab.cat\/carmefont\/wp-content\/uploads\/sites\/72\/2021\/06\/Women-Reading-1-300x296.jpg\" alt=\"\" class=\"wp-image-41\" srcset=\"https:\/\/webs.uab.cat\/carmefont\/wp-content\/uploads\/sites\/72\/2021\/06\/Women-Reading-1-300x296.jpg 300w, https:\/\/webs.uab.cat\/carmefont\/wp-content\/uploads\/sites\/72\/2021\/06\/Women-Reading-1.jpg 736w\" sizes=\"auto, (max-width: 300px) 100vw, 300px\" \/><\/figure>\n<\/div>\n\n\n<p><strong>Credentials<\/strong><\/p>\n\n\n\n<p>3 Trams de Recerca\u00a0awarded\u00a0(AQU): 2007-2012; 2013-2018; 2019-2024.<\/p>\n\n\n\n<p>2 Trams Docents (AQU). 2005-2015; 2015-2022.<\/p>\n\n\n\n<p>Acreditaci\u00f3 de Recerca Avan\u00e7ada (Catedr\u00e0tica). AQU, 27 October 2021.<\/p>\n\n\n\n<p>Acreditaci\u00f3 de Recerca (Agregat). AQU, 29 November, 2018.<\/p>\n\n\n\n<p>Acreditaci\u00f3 de Profesora Contratada Doctora, ANECA, 26 September, 2012.<\/p>\n\n\n\n<p>Acreditaci\u00f3 de Profesora Ayudante Doctora, ANECA, 26 September, 2012.<\/p>\n\n\n\n<p>Acreditaci\u00f3 de Profesora de Universidad Privada, ANECA, 26 September, 2012.<\/p>\n\n\n\n<p>Acreditaci\u00f3 de Professora Lectora. AQU, 20 June, 2011.<\/p>\n","protected":false},"excerpt":{"rendered":"<p>Ph.D., March 4, 2011: Universitat Aut\u00f2noma de Barcelona, Spain.Title of the dissertation: \u201c\u2018I Was Sent to Persuade You in the Name of the Lord\u2019: Public Self-Representation and Authority in Four Seventeenth-Century Women Prophets\u201d.Qualification: Sobresaliente Cum Laude. With European Mention (Loughborough University, UK).Committee: Suzanne Trill, Beatriz Ferr\u00fas, Francisco Jos\u00e9 Borge. Consulta en TESEO. D.E.A., 2008. Diploma [&hellip;]<\/p>\n","protected":false},"author":47,"featured_media":0,"parent":0,"menu_order":0,"comment_status":"closed","ping_status":"closed","template":"","meta":{"footnotes":""},"class_list":["post-40","page","type-page","status-publish","hentry"],"_links":{"self":[{"href":"https:\/\/webs.uab.cat\/carmefont\/wp-json\/wp\/v2\/pages\/40","targetHints":{"allow":["GET"]}}],"collection":[{"href":"https:\/\/webs.uab.cat\/carmefont\/wp-json\/wp\/v2\/pages"}],"about":[{"href":"https:\/\/webs.uab.cat\/carmefont\/wp-json\/wp\/v2\/types\/page"}],"author":[{"embeddable":true,"href":"https:\/\/webs.uab.cat\/carmefont\/wp-json\/wp\/v2\/users\/47"}],"replies":[{"embeddable":true,"href":"https:\/\/webs.uab.cat\/carmefont\/wp-json\/wp\/v2\/comments?post=40"}],"version-history":[{"count":8,"href":"https:\/\/webs.uab.cat\/carmefont\/wp-json\/wp\/v2\/pages\/40\/revisions"}],"predecessor-version":[{"id":497,"href":"https:\/\/webs.uab.cat\/carmefont\/wp-json\/wp\/v2\/pages\/40\/revisions\/497"}],"wp:attachment":[{"href":"https:\/\/webs.uab.cat\/carmefont\/wp-json\/wp\/v2\/media?parent=40"}],"curies":[{"name":"wp","href":"https:\/\/api.w.org\/{rel}","templated":true}]}}