{"id":91,"date":"2021-08-15T22:19:03","date_gmt":"2021-08-15T20:19:03","guid":{"rendered":"https:\/\/blogs.uab.cat\/carmefont\/?page_id=91"},"modified":"2026-03-08T14:08:55","modified_gmt":"2026-03-08T12:08:55","slug":"supervision","status":"publish","type":"page","link":"https:\/\/webs.uab.cat\/carmefont\/supervision\/","title":{"rendered":"Supervision"},"content":{"rendered":"\n<p><strong>Supervision and Mentorship (Postdoctoral, Doctoral, MA, TFG)&nbsp;&nbsp;<\/strong><\/p>\n\n\n<div class=\"wp-block-image\">\n<figure class=\"alignright is-resized\"><img loading=\"lazy\" decoding=\"async\" width=\"1024\" height=\"768\" src=\"https:\/\/webs.uab.cat\/carmefont\/wp-content\/uploads\/sites\/72\/2021\/08\/Supervision-1024x768.jpg\" alt=\"Supervision\" class=\"wp-image-93\" style=\"width:256px;height:192px\" srcset=\"https:\/\/webs.uab.cat\/carmefont\/wp-content\/uploads\/sites\/72\/2021\/08\/Supervision-1024x768.jpg 1024w, https:\/\/webs.uab.cat\/carmefont\/wp-content\/uploads\/sites\/72\/2021\/08\/Supervision-300x225.jpg 300w, https:\/\/webs.uab.cat\/carmefont\/wp-content\/uploads\/sites\/72\/2021\/08\/Supervision-768x576.jpg 768w, https:\/\/webs.uab.cat\/carmefont\/wp-content\/uploads\/sites\/72\/2021\/08\/Supervision-1536x1152.jpg 1536w, https:\/\/webs.uab.cat\/carmefont\/wp-content\/uploads\/sites\/72\/2021\/08\/Supervision-1200x900.jpg 1200w, https:\/\/webs.uab.cat\/carmefont\/wp-content\/uploads\/sites\/72\/2021\/08\/Supervision.jpg 1600w\" sizes=\"auto, (max-width: 1024px) 100vw, 1024px\" \/><\/figure>\n<\/div>\n\n\n<p>My main line of research focuses on early modern women&#8217;s writing (1600-1750), with particular emphasis on prose writing, poetry, and pre-novelistic discourses.<br><\/p>\n\n\n\n<p>I examine the marginalization of women\u2019s thought in the early modern period (1500-1770), when a massive dissemination of printed matter&nbsp;across Europe and beyond took place. I seek to provide a model for qualitative analysis of neglected textualities by women with a methodology in practice that retrieves intellectual content, modifying androcentric and binary dynamics of representing valuable thinking that have perpetuated up to the present time. The research seeks the full integration of women in the systems of knowledge production and transmission.<\/p>\n\n\n\n<p>My research integrates social history, historiography (debates on the canon), history of ideas (the need to trace a genealogy of women\u2019s contributions, not just biographies), cognitive literary theory, religion and mysticism in the Reformation, reception and textual analysis.<\/p>\n\n\n\n<p>I have supervised over 20 MA dissertations on women&#8217;s writing (UAB) and on content and integrated language learning to students in Colombia, US and Ecuador (UNIR, Universidad Internacional de La Rioja).<\/p>\n\n\n\n<p>Selection of MA dissertations on Literature: Alesia Volkova (2025), Francesca Corsetti (2024), Mar\u00eda S\u00e1nchez Souto (2024), Vanessa Sanchis (2022), Helena Z\u00fa\u00f1iga (2021); Sally Tozer (2020); Shao Huiting (2017); Francesca Blanch (2016); Paula Yurss (2015); Onur Akin (2014); Azahara Ruiz (2013) and dozens of TFGs\u00a0for UAB and UNIR.<\/p>\n\n\n\n<p>TFG Award to the best Degree Paper with a gender perspective in Arts and Humanities to Nausica Vicens Salomon (sup. Carme Font): \u201cThe Representation of Male Character in Judith Drake\u2019s An Essay in Defence of the Female Sex (1969): An Educational Proposal\u201d. Facultat de Filosofia i Lletres, UAB; Institut Catal\u00e0 de les Dones; Observatori per a la Igualtat de la UAB.<\/p>\n\n\n\n<p>Participation in Doctoral&nbsp;progress and MA examining committees (UAB -English Studies and Comparative Literature-, UNIR, UB\u2019s Master on Gender Studies).<\/p>\n\n\n\n<p>Postdoctoral and visitors&#8217; research supervision: Amrish Nair (Johns Hopkins University, 2023); Maxim Rigaux (Ghent University, UAB, 2019-2022); Anita Gill, Fulbright scholar (2021-2022).<\/p>\n\n\n\n<p><strong>Supervision of Doctoral Theses<\/strong> (completed)<\/p>\n\n\n\n<p>2026. Sally Tozer. &#8220;The Anglicisation of the Lais of Marie de France (1100-1350)&#8221;. Thesis defended on 26 September, 2026. Thesis co-supervised with Joan Curbet (UAB). Mark: Excel.lent cum laude. <\/p>\n\n\n\n<p>2025. Juan Carillo del Saz. &#8220;The Early Translation and Reception of the Works of Edith Wharton, Willa Cather, and Kate Chopin in Spain&#8221;. Thesis defended on 5 September, 2025, UAB. Thesis co-supervised with Marta Marfany (UPF). Mark: Excel.lent cum laude. La Caixa InPhinit Grantee.<\/p>\n\n\n\n<p>2021. Paula Yurss Lasanta. \u201cI Partake the Common Feeling\u201d: Helen Maria Williams\u2019 Political Writings on The French Revolution (1790-1827)&#8221;. Thesis defended on 25 March, 2021, UAB. Mark: Excel.lent cum laude, with European Mention.<\/p>\n\n\n\n<p>2021. Francesca Blanch Serrat. &#8220;In Years Long Fled\u2019: Romanticizing Age and Maturity in Anna Seward\u2019s Poetry.&#8221; Thesis defended on 22 October 2021, UAB. Mark: Excel.lent cum laude, with European Mention.<\/p>\n\n\n\n<p><strong>Doctoral Students with Grants<\/strong><\/p>\n\n\n\n<p>Adele Baldachhino. FPI Grantee (2026-2029). FPI. PREP2024-003214. Ministerio de Ciencia, Innovaci\u00f3n y Universidades. Agencia Estatal de Investigaci\u00f3n.<\/p>\n\n\n\n<p>B\u00e1rbara Hern\u00e1ndez. FI Grantee (2024-2027). FI-1 00432. Generalitat de Catalunya.<\/p>\n\n\n\n<p>Juan Carrillo del Saz. InPhinit La Caixa (2022-2025). La Caixa Foundation. <\/p>\n\n\n\n<p>Paula Yurss. ERC doctoral grant (2019-2022). European Research Council.<\/p>\n\n\n\n<p>Francesca Blanch. ERC doctoral grant (2019-2022). European Research Council. <\/p>\n\n\n\n<p><strong>Supervision of Doctoral Theses<\/strong> (in-progress)<\/p>\n\n\n\n<p>B\u00e0rbara Hern\u00e1ndez. &#8220;Post Essentialist Gender and Sexuality in Modern and Contemporary Irish Sapphic Literature. English Department, UAB. FI Grantee.<\/p>\n\n\n\n<p>Adele Baldacchino. &#8220;Maria Callcott\u2019s Manuscript Papers Collection and the Practice of Art Writing (1785-1842)&#8221;. English Department, UAB. FPI Grantee.<\/p>\n\n\n\n<p>Sof\u00eda Sierra Goyeneche (co-supervised with Alexis Tadi\u00e9, Cotutelle). &#8220;The Sexualisation of the Female Body in English Gothic Literature (1800-1820)&#8221;. English Department, UAB.  Sorbonne Universit\u00e9, Paris. <\/p>\n\n\n\n<p>Alesia Volkova (co-supervised with Francesca Blanch). &#8220;Objects of Emotions: Queer Material Affects in the novels by Ada Leverson, Rhoda Broughton and Marie Corelli&#8221;. English Department, UAB.<\/p>\n\n\n\n<p>Francisca P\u00e9rez. &#8220;Acercamientos Metodol\u00f3gicos a la Pasi\u00f3n Cr\u00edstica en la Escritura M\u00edstico-Prof\u00e9tica de Gemma Galgani (1878-1903). Departamento de Literatura Comparada, UAB.<\/p>\n\n\n\n<p>Leonilde Cutillo (co-supervised with Eduard Vilella). &#8220;Forme dell&#8217;immaginazione mitica nell&#8217;opera di William Blake e Cesare Pavese&#8221;. Departament de Literatura Comparada, UAB.<\/p>\n","protected":false},"excerpt":{"rendered":"<p>Supervision and Mentorship (Postdoctoral, Doctoral, MA, TFG)&nbsp;&nbsp; My main line of research focuses on early modern women&#8217;s writing (1600-1750), with particular emphasis on prose writing, poetry, and pre-novelistic discourses. I examine the marginalization of women\u2019s thought in the early modern period (1500-1770), when a massive dissemination of printed matter&nbsp;across Europe and beyond took place. I [&hellip;]<\/p>\n","protected":false},"author":47,"featured_media":0,"parent":0,"menu_order":0,"comment_status":"closed","ping_status":"closed","template":"","meta":{"footnotes":""},"class_list":["post-91","page","type-page","status-publish","hentry"],"_links":{"self":[{"href":"https:\/\/webs.uab.cat\/carmefont\/wp-json\/wp\/v2\/pages\/91","targetHints":{"allow":["GET"]}}],"collection":[{"href":"https:\/\/webs.uab.cat\/carmefont\/wp-json\/wp\/v2\/pages"}],"about":[{"href":"https:\/\/webs.uab.cat\/carmefont\/wp-json\/wp\/v2\/types\/page"}],"author":[{"embeddable":true,"href":"https:\/\/webs.uab.cat\/carmefont\/wp-json\/wp\/v2\/users\/47"}],"replies":[{"embeddable":true,"href":"https:\/\/webs.uab.cat\/carmefont\/wp-json\/wp\/v2\/comments?post=91"}],"version-history":[{"count":13,"href":"https:\/\/webs.uab.cat\/carmefont\/wp-json\/wp\/v2\/pages\/91\/revisions"}],"predecessor-version":[{"id":525,"href":"https:\/\/webs.uab.cat\/carmefont\/wp-json\/wp\/v2\/pages\/91\/revisions\/525"}],"wp:attachment":[{"href":"https:\/\/webs.uab.cat\/carmefont\/wp-json\/wp\/v2\/media?parent=91"}],"curies":[{"name":"wp","href":"https:\/\/api.w.org\/{rel}","templated":true}]}}