{"id":43,"date":"2014-09-19T16:24:02","date_gmt":"2014-09-19T16:24:02","guid":{"rendered":"https:\/\/webs.uab.cat\/catedraeducomunitaria\/node\/"},"modified":"2022-08-11T06:45:16","modified_gmt":"2022-08-11T06:45:16","slug":"node","status":"publish","type":"page","link":"https:\/\/webs.uab.cat\/catedraeducomunitaria\/","title":{"rendered":"Sobre la C\u00e0tedra"},"content":{"rendered":"\n<p><strong>PRESENTACI\u00d3<\/strong><\/p>\n\n\n\n<p>La C\u00e0tedra d&#8217;Educaci\u00f3 Comunit\u00e0ria neix el desembre del 2013 de la m\u00e0 de la Universitat Aut\u00f2noma de Barcelona, a trav\u00e9s del grup de recerca ERDISC (<a href=\"https:\/\/centresderecerca.uab.cat\/erdisc\/\" target=\"_blank\" rel=\"noreferrer noopener\">https:\/\/centresderecerca.uab.cat\/erdisc\/<\/a>)&nbsp; del Departament de Pedagogia Aplicada i de la Fundaci\u00f3 Obra Social la Caixa, amb la voluntat d&#8217;esdevenir un referent entre els estudiosos de la tem\u00e0tica, aix\u00ed com entre les persones i agents implicats en la planificaci\u00f3 i realitzaci\u00f3 d&#8217;accions educatives, que actuen especialment en \u00e0mbits socioecon\u00f2mics desfavorits.<\/p>\n\n\n\n<p>La C\u00e0tedra vol aglutinar de manera sintetitzada les principals aportacions cient\u00edfiques sobre educaci\u00f3 comunit\u00e0ria per facilitar la millora en les intervencions socioeducatives que es realitzin amb aquest enfocament, posant especial \u00e8mfasi en 4 \u00e0mbits tem\u00e0tics: relacions fam\u00edlies, escola i comunitat; an\u00e0lisi de pol\u00edtiques p\u00fabliques d&#8217;educaci\u00f3 comunit\u00e0ria; educaci\u00f3 no formal de base comunit\u00e0ria; educaci\u00f3 comunit\u00e0ria i diversitat: interculturalitat i coeducaci\u00f3.<\/p>\n\n\n\n<p>Els objectius que persegueix la C\u00e0tedra s\u00f3n:<\/p>\n\n\n\n<blockquote class=\"wp-block-quote is-layout-flow wp-block-quote-is-layout-flow\"><p><strong>Contribuir a la consolidaci\u00f3 de les l\u00ednies de treball de major capacitat anal\u00edtica en el camp de l&#8217;educaci\u00f3 comunit\u00e0ria.<\/strong><\/p><p><strong>Afavorir una major projecci\u00f3 i impacte social de la recerca cap a l&#8217;administraci\u00f3 p\u00fablica, la societat civil, les fam\u00edlies i els centres educatius.<\/strong><\/p><p><strong>Transferir les conclusions de les principals l\u00ednies d&#8217;investigaci\u00f3 \/ intervenci\u00f3 en les pol\u00edtiques p\u00fabliques.<\/strong><\/p><p><strong>Transferir el coneixement a partir de processos de Formaci\u00f3 &#8211; Investigaci\u00f3 &#8211; Acci\u00f3 al conjunt de la societat.<\/strong><\/p><p><strong>Fomentar l&#8217;acci\u00f3 educativa comunit\u00e0ria innovadora com a eina de millora de l&#8217;\u00e8xit educatiu d&#8217;infants i joves.<\/strong><\/p><\/blockquote>\n\n\n<div class=\"wp-block-image\">\n<figure class=\"aligncenter size-large is-resized\"><img loading=\"lazy\" decoding=\"async\" src=\"https:\/\/webs.uab.cat\/catedraeducomunitaria\/wp-content\/uploads\/sites\/153\/2020\/07\/obra-social-la-caixa-1024x452.jpg\" alt=\"Finan\u00e7at per...\" class=\"wp-image-118\" width=\"256\" height=\"113\" srcset=\"https:\/\/webs.uab.cat\/catedraeducomunitaria\/wp-content\/uploads\/sites\/153\/2020\/07\/obra-social-la-caixa-1024x452.jpg 1024w, https:\/\/webs.uab.cat\/catedraeducomunitaria\/wp-content\/uploads\/sites\/153\/2020\/07\/obra-social-la-caixa-300x133.jpg 300w, https:\/\/webs.uab.cat\/catedraeducomunitaria\/wp-content\/uploads\/sites\/153\/2020\/07\/obra-social-la-caixa-768x339.jpg 768w, https:\/\/webs.uab.cat\/catedraeducomunitaria\/wp-content\/uploads\/sites\/153\/2020\/07\/obra-social-la-caixa.jpg 1200w\" sizes=\"auto, (max-width: 256px) 100vw, 256px\" \/><\/figure>\n<\/div>","protected":false},"excerpt":{"rendered":"<p>PRESENTACI\u00d3 La C\u00e0tedra d&#8217;Educaci\u00f3 Comunit\u00e0ria neix el desembre del 2013 de la m\u00e0 de la Universitat Aut\u00f2noma de Barcelona, a trav\u00e9s del grup de recerca ERDISC (https:\/\/centresderecerca.uab.cat\/erdisc\/)&nbsp; del Departament de Pedagogia Aplicada i de la Fundaci\u00f3 Obra Social la Caixa, amb la voluntat d&#8217;esdevenir un referent entre els estudiosos de la tem\u00e0tica, aix\u00ed com entre [&hellip;]<\/p>\n","protected":false},"author":20,"featured_media":0,"parent":0,"menu_order":0,"comment_status":"closed","ping_status":"closed","template":"","meta":{"footnotes":""},"class_list":["post-43","page","type-page","status-publish","hentry"],"_links":{"self":[{"href":"https:\/\/webs.uab.cat\/catedraeducomunitaria\/wp-json\/wp\/v2\/pages\/43","targetHints":{"allow":["GET"]}}],"collection":[{"href":"https:\/\/webs.uab.cat\/catedraeducomunitaria\/wp-json\/wp\/v2\/pages"}],"about":[{"href":"https:\/\/webs.uab.cat\/catedraeducomunitaria\/wp-json\/wp\/v2\/types\/page"}],"author":[{"embeddable":true,"href":"https:\/\/webs.uab.cat\/catedraeducomunitaria\/wp-json\/wp\/v2\/users\/20"}],"replies":[{"embeddable":true,"href":"https:\/\/webs.uab.cat\/catedraeducomunitaria\/wp-json\/wp\/v2\/comments?post=43"}],"version-history":[{"count":2,"href":"https:\/\/webs.uab.cat\/catedraeducomunitaria\/wp-json\/wp\/v2\/pages\/43\/revisions"}],"predecessor-version":[{"id":244,"href":"https:\/\/webs.uab.cat\/catedraeducomunitaria\/wp-json\/wp\/v2\/pages\/43\/revisions\/244"}],"wp:attachment":[{"href":"https:\/\/webs.uab.cat\/catedraeducomunitaria\/wp-json\/wp\/v2\/media?parent=43"}],"curies":[{"name":"wp","href":"https:\/\/api.w.org\/{rel}","templated":true}]}}