{"id":76,"date":"2020-07-19T19:07:24","date_gmt":"2020-07-19T19:07:24","guid":{"rendered":"https:\/\/webs.uab.cat\/catedraeducomunitaria\/activitat-investigadora\/"},"modified":"2022-08-11T06:46:17","modified_gmt":"2022-08-11T06:46:17","slug":"activitat-investigadora","status":"publish","type":"page","link":"https:\/\/webs.uab.cat\/catedraeducomunitaria\/activitat-investigadora\/","title":{"rendered":"Activitat investigadora"},"content":{"rendered":"\n<p>Durant el per\u00edode 2013 i fins avui, s&#8217;han impulsat 3 grans l\u00ednies d&#8217;investigaci\u00f3-acci\u00f3 plenament coherents amb els objectius que estableix la C\u00e0tedra:<\/p>\n\n\n\n<h2 class=\"wp-block-heading\">Eix 1. Impuls de xarxes nacionals i internacionals d&#8217;investigadors sobre educaci\u00f3 comunit\u00e0ria<\/h2>\n\n\n\n<p>Una de les accions principals de la C\u00e0tedra ha consistit en aglutinar i liderar persones i equips que treballen en l&#8217;\u00e0mbit de l&#8217;educaci\u00f3 comunit\u00e0ria. En aquest sentit, destaca la creaci\u00f3 i gesti\u00f3 de dues xarxes:<\/p>\n\n\n\n<ul class=\"wp-block-list\"><li><strong>XIREC &#8211; &#8220;Xarxa interuniversit\u00e0ria de recerca en educaci\u00f3 comunit\u00e0ria de Catalunya&#8221;.<\/strong> Es tracta d&#8217;una xarxa que aglutina les investigadores i investigadors de les diferents universitats catalanes que treballen en el terreny de l&#8217;educaci\u00f3 comunit\u00e0ria. Aquesta xarxa ha actuat com una plataforma d&#8217;intercanvi i col\u00b7laboraci\u00f3, de formaci\u00f3 permanent i d&#8217;elaboraci\u00f3 de projectes d&#8217;investigaci\u00f3 per a presentar a convocat\u00f2ries competitives.<\/li><li><strong>RIECI &#8211; &#8220;Xarxa d&#8217;investigaci\u00f3 sobre estudis culturals i interculturalitat&#8221;.<\/strong> Es tracta d&#8217;una xarxa d&#8217;\u00e0mbit internacional de cooperaci\u00f3 entre investigadors i investigadores en educaci\u00f3 comunit\u00e0ria d&#8217;Espanya i Am\u00e8rica Llatina, amb pres\u00e8ncia d&#8217;universitats de Xile, Argentina, M\u00e8xic, Brasil i Canad\u00e0. Aquesta xarxa ha actuat com una plataforma d&#8217;intercanvi i col\u00b7laboraci\u00f3, de formaci\u00f3 permanent, i d&#8217;elaboraci\u00f3 de projectes d&#8217;investigaci\u00f3 per a presentar a convocat\u00f2ries competitives.<\/li><\/ul>\n\n\n\n<h2 class=\"wp-block-heading\">Eix 2. Creaci\u00f3 d&#8217;una l\u00ednia d&#8217;investigaci\u00f3-acci\u00f3&nbsp; en l&#8217;\u00e0mbit de l&#8217;educaci\u00f3 comunit\u00e0ria<\/h2>\n\n\n\n<p>El lideratge i l&#8217;impuls de xarxes internacionals ha generat el desenvolupament d&#8217;una l\u00ednia d&#8217;investigaci\u00f3 nova en mat\u00e8ria d&#8217;educaci\u00f3 comunit\u00e0ria, in\u00e8dita al nostre pa\u00eds i pionera en l&#8217;\u00e0mbit europeu i internacional. Entre el per\u00edode de creaci\u00f3 de la C\u00e0tedra i el moment actual, hem dirigit 5 tesis doctorals i s&#8217;han doctorat amb nosaltres els seg\u00fcents investigadors, quatre d&#8217;ells amb la m\u00e0xima qualificaci\u00f3:<\/p>\n\n\n\n<ul class=\"wp-block-list\"><li>Dr. Edgar Iglesias Vidal (Espanya). Tesi: L&#8217;educaci\u00f3 intercultural a les Organitzacions d&#8217;educaci\u00f3 en el lleure de base comunit\u00e0ria (2014). Disponible a: https:\/\/www.tdx.cat\/bitstream\/handle\/10803\/284923\/eiv1de1.pdf?sequen<\/li><li>Dr. Gerardo Mu\u00f1oz Troncoso (Xile). Tesi: Participaci\u00f3 familiar i comunit\u00e0ria en el disseny i desenvolupament del curr\u00edculum escolar en contextos de diversitat sociocultural (2016). Disponible a: https:\/\/www.tdx.cat\/handle\/10803\/400703#page=1<\/li><li>Dra. Rosa Eliana Zapata P\u00e9rez (Xile). Tesi: Formaci\u00f3 inicial docent universit\u00e0ria en diversitat cultural. Perspectives des de la regi\u00f3 de l&#8217;Araucania a Xile (2016). Disponible a: https:\/\/www.tdx.cat\/bitstream\/handle\/10803\/460840\/rezp1de1.pdf?sequence=1&amp;isAllowed=y<\/li><li>Dra. Karina Delgado Valdivieso (Equador). Tesi: Proposta d&#8217;aplicaci\u00f3 de l&#8217;enfocament d&#8217;educaci\u00f3 inclusiva en institucions educatives que pertanyen a el districte metropolit\u00e0 de Quito (2018). Disponible a: https:\/\/ddd.uab.cat\/pub\/tesis\/2017\/hdl_10803_459079\/kedv1de1.pdf<\/li><li>Dr. Pere Gran\u00e9 Feliu (Espanya). Tesi: Joves, art urb\u00e0 i educaci\u00f3 comunit\u00e0ria. Recerca-acci\u00f3 i etnografia visual al districte Collblanc-La Torrassa (L&#8217;Hospitalet) (2019). Disponible a: https:\/\/www.tdx.cat\/handle\/10803\/586002<\/li><\/ul>\n\n\n\n<p>El treball de direcci\u00f3 de tesis doctorals cont\u00ednua en curs i actualment estem dirigint dues investigacions:<\/p>\n\n\n\n<ul class=\"wp-block-list\"><li>Rutes de gesti\u00f3 pedag\u00f2gica i comunit\u00e0ria per incloure la diversitat cultural a l&#8217;escola, de la doctoranda Rosa Yamile Bedoya Ospina (Col\u00f2mbia)<\/li><li>El lideratge pedag\u00f2gic sist\u00e8mic en un context d&#8217;educaci\u00f3 comunit\u00e0ria, de la doctoranda Marta Banys Yeste (Espanya).<\/li><\/ul>\n\n\n\n<p>D&#8217;altra banda, i de manera incipient, s&#8217;ha iniciat una l\u00ednia de direcci\u00f3 de treballs de final de m\u00e0ster entre els quals destaca: &#8220;Variables affecting parental engagement in a primary school in Barcelona&#8221; de la estudiant Wen Jing Gao (2020).<\/p>\n\n\n\n<h2 class=\"wp-block-heading\">Eix 3. Projectes d&#8217;investigaci\u00f3 en educaci\u00f3 comunit\u00e0ria<\/h2>\n\n\n\n<p>La C\u00e0tedra ha dedicat notables esfor\u00e7os per liderar, coordinar i gestionar projectes d&#8217;investigaci\u00f3 sobre educaci\u00f3 comunit\u00e0ria, finan\u00e7ats amb fons p\u00fablics resultants de convocat\u00f2ries competitives, tant nacionals com en el marc d&#8217;equips internacionals. Per a m\u00e9s informaci\u00f3 consultar la <a href=\"https:\/\/pagines.uab.cat\/catedraeducomunitaria\/ca\/node\/71\" target=\"_self\" rel=\"noopener\">secci\u00f3 &#8220;Projectes&#8221; d&#8217;aquesta p\u00e0gina web.<\/a><\/p>\n\n\n<div class=\"wp-block-image\">\n<figure class=\"aligncenter size-large is-resized\"><img loading=\"lazy\" decoding=\"async\" src=\"https:\/\/webs.uab.cat\/catedraeducomunitaria\/wp-content\/uploads\/sites\/153\/2020\/07\/obra-social-la-caixa-1024x452.jpg\" alt=\"Finan\u00e7at per...\" class=\"wp-image-118\" width=\"256\" height=\"113\" srcset=\"https:\/\/webs.uab.cat\/catedraeducomunitaria\/wp-content\/uploads\/sites\/153\/2020\/07\/obra-social-la-caixa-1024x452.jpg 1024w, https:\/\/webs.uab.cat\/catedraeducomunitaria\/wp-content\/uploads\/sites\/153\/2020\/07\/obra-social-la-caixa-300x133.jpg 300w, https:\/\/webs.uab.cat\/catedraeducomunitaria\/wp-content\/uploads\/sites\/153\/2020\/07\/obra-social-la-caixa-768x339.jpg 768w, https:\/\/webs.uab.cat\/catedraeducomunitaria\/wp-content\/uploads\/sites\/153\/2020\/07\/obra-social-la-caixa.jpg 1200w\" sizes=\"auto, (max-width: 256px) 100vw, 256px\" \/><\/figure>\n<\/div>","protected":false},"excerpt":{"rendered":"<p>Durant el per\u00edode 2013 i fins avui, s&#8217;han impulsat 3 grans l\u00ednies d&#8217;investigaci\u00f3-acci\u00f3 plenament coherents amb els objectius que estableix la C\u00e0tedra: Eix 1. Impuls de xarxes nacionals i internacionals d&#8217;investigadors sobre educaci\u00f3 comunit\u00e0ria Una de les accions principals de la C\u00e0tedra ha consistit en aglutinar i liderar persones i equips que treballen en l&#8217;\u00e0mbit [&hellip;]<\/p>\n","protected":false},"author":20,"featured_media":0,"parent":0,"menu_order":0,"comment_status":"closed","ping_status":"closed","template":"","meta":{"footnotes":""},"class_list":["post-76","page","type-page","status-publish","hentry"],"_links":{"self":[{"href":"https:\/\/webs.uab.cat\/catedraeducomunitaria\/wp-json\/wp\/v2\/pages\/76","targetHints":{"allow":["GET"]}}],"collection":[{"href":"https:\/\/webs.uab.cat\/catedraeducomunitaria\/wp-json\/wp\/v2\/pages"}],"about":[{"href":"https:\/\/webs.uab.cat\/catedraeducomunitaria\/wp-json\/wp\/v2\/types\/page"}],"author":[{"embeddable":true,"href":"https:\/\/webs.uab.cat\/catedraeducomunitaria\/wp-json\/wp\/v2\/users\/20"}],"replies":[{"embeddable":true,"href":"https:\/\/webs.uab.cat\/catedraeducomunitaria\/wp-json\/wp\/v2\/comments?post=76"}],"version-history":[{"count":2,"href":"https:\/\/webs.uab.cat\/catedraeducomunitaria\/wp-json\/wp\/v2\/pages\/76\/revisions"}],"predecessor-version":[{"id":246,"href":"https:\/\/webs.uab.cat\/catedraeducomunitaria\/wp-json\/wp\/v2\/pages\/76\/revisions\/246"}],"wp:attachment":[{"href":"https:\/\/webs.uab.cat\/catedraeducomunitaria\/wp-json\/wp\/v2\/media?parent=76"}],"curies":[{"name":"wp","href":"https:\/\/api.w.org\/{rel}","templated":true}]}}

<p>Durant el període 2013 i fins avui, s&#8217;han impulsat 3 grans línies d&#8217;investigació-acció plenament coherents amb els objectius que estableix la Càtedra:</p>



<h2 class="wp-block-heading">Eix 1. Impuls de xarxes nacionals i internacionals d&#8217;investigadors sobre educació comunitària</h2>



<p>Una de les accions principals de la Càtedra ha consistit en aglutinar i liderar persones i equips que treballen en l&#8217;àmbit de l&#8217;educació comunitària. En aquest sentit, destaca la creació i gestió de dues xarxes:</p>



<ul class="wp-block-list"><li><strong>XIREC &#8211; &#8220;Xarxa interuniversitària de recerca en educació comunitària de Catalunya&#8221;.</strong> Es tracta d&#8217;una xarxa que aglutina les investigadores i investigadors de les diferents universitats catalanes que treballen en el terreny de l&#8217;educació comunitària. Aquesta xarxa ha actuat com una plataforma d&#8217;intercanvi i col·laboració, de formació permanent i d&#8217;elaboració de projectes d&#8217;investigació per a presentar a convocatòries competitives.</li><li><strong>RIECI &#8211; &#8220;Xarxa d&#8217;investigació sobre estudis culturals i interculturalitat&#8221;.</strong> Es tracta d&#8217;una xarxa d&#8217;àmbit internacional de cooperació entre investigadors i investigadores en educació comunitària d&#8217;Espanya i Amèrica Llatina, amb presència d&#8217;universitats de Xile, Argentina, Mèxic, Brasil i Canadà. Aquesta xarxa ha actuat com una plataforma d&#8217;intercanvi i col·laboració, de formació permanent, i d&#8217;elaboració de projectes d&#8217;investigació per a presentar a convocatòries competitives.</li></ul>



<h2 class="wp-block-heading">Eix 2. Creació d&#8217;una línia d&#8217;investigació-acció&nbsp; en l&#8217;àmbit de l&#8217;educació comunitària</h2>



<p>El lideratge i l&#8217;impuls de xarxes internacionals ha generat el desenvolupament d&#8217;una línia d&#8217;investigació nova en matèria d&#8217;educació comunitària, inèdita al nostre país i pionera en l&#8217;àmbit europeu i internacional. Entre el període de creació de la Càtedra i el moment actual, hem dirigit 5 tesis doctorals i s&#8217;han doctorat amb nosaltres els següents investigadors, quatre d&#8217;ells amb la màxima qualificació:</p>



<ul class="wp-block-list"><li>Dr. Edgar Iglesias Vidal (Espanya). Tesi: L&#8217;educació intercultural a les Organitzacions d&#8217;educació en el lleure de base comunitària (2014). Disponible a: https://www.tdx.cat/bitstream/handle/10803/284923/eiv1de1.pdf?sequen</li><li>Dr. Gerardo Muñoz Troncoso (Xile). Tesi: Participació familiar i comunitària en el disseny i desenvolupament del currículum escolar en contextos de diversitat sociocultural (2016). Disponible a: https://www.tdx.cat/handle/10803/400703#page=1</li><li>Dra. Rosa Eliana Zapata Pérez (Xile). Tesi: Formació inicial docent universitària en diversitat cultural. Perspectives des de la regió de l&#8217;Araucania a Xile (2016). Disponible a: https://www.tdx.cat/bitstream/handle/10803/460840/rezp1de1.pdf?sequence=1&amp;isAllowed=y</li><li>Dra. Karina Delgado Valdivieso (Equador). Tesi: Proposta d&#8217;aplicació de l&#8217;enfocament d&#8217;educació inclusiva en institucions educatives que pertanyen a el districte metropolità de Quito (2018). Disponible a: https://ddd.uab.cat/pub/tesis/2017/hdl_10803_459079/kedv1de1.pdf</li><li>Dr. Pere Grané Feliu (Espanya). Tesi: Joves, art urbà i educació comunitària. Recerca-acció i etnografia visual al districte Collblanc-La Torrassa (L&#8217;Hospitalet) (2019). Disponible a: https://www.tdx.cat/handle/10803/586002</li></ul>



<p>El treball de direcció de tesis doctorals contínua en curs i actualment estem dirigint dues investigacions:</p>



<ul class="wp-block-list"><li>Rutes de gestió pedagògica i comunitària per incloure la diversitat cultural a l&#8217;escola, de la doctoranda Rosa Yamile Bedoya Ospina (Colòmbia)</li><li>El lideratge pedagògic sistèmic en un context d&#8217;educació comunitària, de la doctoranda Marta Banys Yeste (Espanya).</li></ul>



<p>D&#8217;altra banda, i de manera incipient, s&#8217;ha iniciat una línia de direcció de treballs de final de màster entre els quals destaca: &#8220;Variables affecting parental engagement in a primary school in Barcelona&#8221; de la estudiant Wen Jing Gao (2020).</p>



<h2 class="wp-block-heading">Eix 3. Projectes d&#8217;investigació en educació comunitària</h2>



<p>La Càtedra ha dedicat notables esforços per liderar, coordinar i gestionar projectes d&#8217;investigació sobre educació comunitària, finançats amb fons públics resultants de convocatòries competitives, tant nacionals com en el marc d&#8217;equips internacionals. Per a més informació consultar la <a href="https://pagines.uab.cat/catedraeducomunitaria/ca/node/71" target="_self" rel="noopener">secció &#8220;Projectes&#8221; d&#8217;aquesta pàgina web.</a></p>


<div class="wp-block-image">
<figure class="aligncenter size-large is-resized"><img loading="lazy" decoding="async" src="https://webs.uab.cat/catedraeducomunitaria/wp-content/uploads/sites/153/2020/07/obra-social-la-caixa-1024x452.jpg" alt="Finançat per..." class="wp-image-118" width="256" height="113" srcset="https://webs.uab.cat/catedraeducomunitaria/wp-content/uploads/sites/153/2020/07/obra-social-la-caixa-1024x452.jpg 1024w, https://webs.uab.cat/catedraeducomunitaria/wp-content/uploads/sites/153/2020/07/obra-social-la-caixa-300x133.jpg 300w, https://webs.uab.cat/catedraeducomunitaria/wp-content/uploads/sites/153/2020/07/obra-social-la-caixa-768x339.jpg 768w, https://webs.uab.cat/catedraeducomunitaria/wp-content/uploads/sites/153/2020/07/obra-social-la-caixa.jpg 1200w" sizes="auto, (max-width: 256px) 100vw, 256px" /></figure>
</div>

<p>Durant el període 2013 i fins avui, s&#8217;han impulsat 3 grans línies d&#8217;investigació-acció plenament coherents amb els objectius que estableix la Càtedra: Eix 1. Impuls de xarxes nacionals i internacionals d&#8217;investigadors sobre educació comunitària Una de les accions principals de la Càtedra ha consistit en aglutinar i liderar persones i equips que treballen en l&#8217;àmbit [&hellip;]</p>
