{"id":77,"date":"2020-07-19T19:09:03","date_gmt":"2020-07-19T19:09:03","guid":{"rendered":"https:\/\/webs.uab.cat\/catedraeducomunitaria\/metodologia\/"},"modified":"2022-08-11T06:48:29","modified_gmt":"2022-08-11T06:48:29","slug":"metodologia","status":"publish","type":"page","link":"https:\/\/webs.uab.cat\/catedraeducomunitaria\/metodologia\/","title":{"rendered":"Metodologia"},"content":{"rendered":"\n<p class=\"has-accent-background-color has-background\"><strong>La C\u00e0tedra pren en especial consideraci\u00f3 la metodologia de treball pr\u00f2pia dels processos centrats en la investigaci\u00f3-acci\u00f3.<\/strong><\/p>\n\n\n\n<p>La investigaci\u00f3-acci\u00f3 ha pres diferents aproximacions al llarg de el temps, per\u00f2 es podria dir que aquesta \u00e9s \u00fatil sobretot per millorar la pr\u00e0ctica del col\u00b7lectiu que la desenvolupa i implica un \u00e8mfasi en el canvi centrat en:<\/p>\n\n\n\n<ul class=\"wp-block-list\"><li>La participaci\u00f3 de les persones involucrades en la pr\u00e0ctica.<\/li><li>Una visi\u00f3 sist\u00e8mica fonamentada en la reflexi\u00f3 en l&#8217;acci\u00f3 i la reflexi\u00f3 sobre l&#8217;acci\u00f3.<\/li><li>La consideraci\u00f3 de la formaci\u00f3 com essencial.<\/li><li>La consideraci\u00f3 del proc\u00e9s com una espiral de canvi que transforma i millora la pr\u00f2pia realitat educativa o social.<\/li><\/ul>\n\n\n<div class=\"wp-block-image\">\n<figure class=\"aligncenter size-large is-resized\"><img loading=\"lazy\" decoding=\"async\" src=\"https:\/\/webs.uab.cat\/catedraeducomunitaria\/wp-content\/uploads\/sites\/153\/2020\/07\/obra-social-la-caixa-1024x452.jpg\" alt=\"Finan\u00e7at per...\" class=\"wp-image-118\" width=\"256\" height=\"113\" srcset=\"https:\/\/webs.uab.cat\/catedraeducomunitaria\/wp-content\/uploads\/sites\/153\/2020\/07\/obra-social-la-caixa-1024x452.jpg 1024w, https:\/\/webs.uab.cat\/catedraeducomunitaria\/wp-content\/uploads\/sites\/153\/2020\/07\/obra-social-la-caixa-300x133.jpg 300w, https:\/\/webs.uab.cat\/catedraeducomunitaria\/wp-content\/uploads\/sites\/153\/2020\/07\/obra-social-la-caixa-768x339.jpg 768w, https:\/\/webs.uab.cat\/catedraeducomunitaria\/wp-content\/uploads\/sites\/153\/2020\/07\/obra-social-la-caixa.jpg 1200w\" sizes=\"auto, (max-width: 256px) 100vw, 256px\" \/><\/figure>\n<\/div>","protected":false},"excerpt":{"rendered":"<p>La C\u00e0tedra pren en especial consideraci\u00f3 la metodologia de treball pr\u00f2pia dels processos centrats en la investigaci\u00f3-acci\u00f3. La investigaci\u00f3-acci\u00f3 ha pres diferents aproximacions al llarg de el temps, per\u00f2 es podria dir que aquesta \u00e9s \u00fatil sobretot per millorar la pr\u00e0ctica del col\u00b7lectiu que la desenvolupa i implica un \u00e8mfasi en el canvi centrat en: [&hellip;]<\/p>\n","protected":false},"author":20,"featured_media":0,"parent":0,"menu_order":0,"comment_status":"closed","ping_status":"closed","template":"","meta":{"footnotes":""},"class_list":["post-77","page","type-page","status-publish","hentry"],"_links":{"self":[{"href":"https:\/\/webs.uab.cat\/catedraeducomunitaria\/wp-json\/wp\/v2\/pages\/77","targetHints":{"allow":["GET"]}}],"collection":[{"href":"https:\/\/webs.uab.cat\/catedraeducomunitaria\/wp-json\/wp\/v2\/pages"}],"about":[{"href":"https:\/\/webs.uab.cat\/catedraeducomunitaria\/wp-json\/wp\/v2\/types\/page"}],"author":[{"embeddable":true,"href":"https:\/\/webs.uab.cat\/catedraeducomunitaria\/wp-json\/wp\/v2\/users\/20"}],"replies":[{"embeddable":true,"href":"https:\/\/webs.uab.cat\/catedraeducomunitaria\/wp-json\/wp\/v2\/comments?post=77"}],"version-history":[{"count":3,"href":"https:\/\/webs.uab.cat\/catedraeducomunitaria\/wp-json\/wp\/v2\/pages\/77\/revisions"}],"predecessor-version":[{"id":249,"href":"https:\/\/webs.uab.cat\/catedraeducomunitaria\/wp-json\/wp\/v2\/pages\/77\/revisions\/249"}],"wp:attachment":[{"href":"https:\/\/webs.uab.cat\/catedraeducomunitaria\/wp-json\/wp\/v2\/media?parent=77"}],"curies":[{"name":"wp","href":"https:\/\/api.w.org\/{rel}","templated":true}]}}

<p class="has-accent-background-color has-background"><strong>La Càtedra pren en especial consideració la metodologia de treball pròpia dels processos centrats en la investigació-acció.</strong></p>



<p>La investigació-acció ha pres diferents aproximacions al llarg de el temps, però es podria dir que aquesta és útil sobretot per millorar la pràctica del col·lectiu que la desenvolupa i implica un èmfasi en el canvi centrat en:</p>



<ul class="wp-block-list"><li>La participació de les persones involucrades en la pràctica.</li><li>Una visió sistèmica fonamentada en la reflexió en l&#8217;acció i la reflexió sobre l&#8217;acció.</li><li>La consideració de la formació com essencial.</li><li>La consideració del procés com una espiral de canvi que transforma i millora la pròpia realitat educativa o social.</li></ul>


<div class="wp-block-image">
<figure class="aligncenter size-large is-resized"><img loading="lazy" decoding="async" src="https://webs.uab.cat/catedraeducomunitaria/wp-content/uploads/sites/153/2020/07/obra-social-la-caixa-1024x452.jpg" alt="Finançat per..." class="wp-image-118" width="256" height="113" srcset="https://webs.uab.cat/catedraeducomunitaria/wp-content/uploads/sites/153/2020/07/obra-social-la-caixa-1024x452.jpg 1024w, https://webs.uab.cat/catedraeducomunitaria/wp-content/uploads/sites/153/2020/07/obra-social-la-caixa-300x133.jpg 300w, https://webs.uab.cat/catedraeducomunitaria/wp-content/uploads/sites/153/2020/07/obra-social-la-caixa-768x339.jpg 768w, https://webs.uab.cat/catedraeducomunitaria/wp-content/uploads/sites/153/2020/07/obra-social-la-caixa.jpg 1200w" sizes="auto, (max-width: 256px) 100vw, 256px" /></figure>
</div>

<p>La Càtedra pren en especial consideració la metodologia de treball pròpia dels processos centrats en la investigació-acció. La investigació-acció ha pres diferents aproximacions al llarg de el temps, però es podria dir que aquesta és útil sobretot per millorar la pràctica del col·lectiu que la desenvolupa i implica un èmfasi en el canvi centrat en: [&hellip;]</p>
