{"id":33,"date":"2013-03-04T19:58:06","date_gmt":"2013-03-04T19:58:06","guid":{"rendered":"https:\/\/webs.uab.cat\/catedrajagoytisolo\/publicaciones\/"},"modified":"2022-08-11T07:45:38","modified_gmt":"2022-08-11T07:45:38","slug":"publicaciones","status":"publish","type":"page","link":"https:\/\/webs.uab.cat\/catedrajagoytisolo\/publicaciones\/","title":{"rendered":"Publicaciones"},"content":{"rendered":"\n<div class=\"wp-block-media-text is-stacked-on-mobile\" style=\"grid-template-columns:25% auto\"><figure class=\"wp-block-media-text__media\"><img decoding=\"async\" src=\"http:\/\/pagines.uab.cat\/catedrajagoytisolo\/sites\/pagines.uab.cat.catedrajagoytisolo\/files\/images\/Cubierna%20n\u00ba9%20(verano%202014).jpg\" alt=\"Portada Actas VI Congreso\"\/><\/figure><div class=\"wp-block-media-text__content\">\n<p><a style=\"font-size: 1em;\" href=\"http:\/\/revistes.uab.cat\/mitologias\/issue\/view\/v9\">Puentes literarios transatl\u00e1nticos: la relaci\u00f3n entre Jos\u00e9 Agust\u00edn Goytisolo y su generaci\u00f3n con la Am\u00e9rica Hispana<\/a><span style=\"font-size: 1em; line-height: 20.799999237060547px;\">.<\/span><\/p>\n\n\n\n<p><strong>Carme Riera y Fernanda Bustamante (coords.)<\/strong><\/p>\n\n\n\n<p><strong>Revista<em>&nbsp;Mitolog\u00edas hoy<\/em>, vol.9, verano 2014.&nbsp;<\/strong><\/p>\n<\/div><\/div>\n\n\n\n<div class=\"wp-block-media-text is-stacked-on-mobile\" style=\"grid-template-columns:25% auto\"><figure class=\"wp-block-media-text__media\"><img decoding=\"async\" src=\"http:\/\/pagines.uab.cat\/catedrajagoytisolo\/sites\/pagines.uab.cat.catedrajagoytisolo\/files\/images\/JAGPoesiacompleta.jpg\" alt=\"\"\/><\/figure><div class=\"wp-block-media-text__content\">\n<p><strong>Poes\u00eda completa. Jos\u00e9 Agust\u00edn Goytisolo<\/strong><\/p>\n\n\n\n<p>Editorial Lumen, Madrid, 2009<\/p>\n\n\n\n<p>Carme Riera y Ram\u00f3n Garc\u00eda Mateos (edici\u00f3n, pr\u00f3logo y notas)<\/p>\n\n\n\n<p>ISBN: 978-84-2641-783-1<\/p>\n\n\n\n<p><a href=\"https:\/\/webs.uab.cat\/catedrajagoytisolo\/wp-content\/uploads\/sites\/154\/2017\/03\/04f-indice-y-Prologo-Poesia-completa-baja.pdf\" data-type=\"attachment\" data-id=\"36\">\u00cdndice y pr\u00f3logo (pdf)<\/a><\/p>\n<\/div><\/div>\n\n\n\n<div class=\"wp-block-media-text is-stacked-on-mobile\" style=\"grid-template-columns:25% auto\"><figure class=\"wp-block-media-text__media\"><img decoding=\"async\" src=\"http:\/\/pagines.uab.cat\/catedrajagoytisolo\/sites\/pagines.uab.cat.catedrajagoytisolo\/files\/images\/goytisolo.jpg\" alt=\"\"\/><\/figure><div class=\"wp-block-media-text__content\">\n<p><strong>M\u00e1s cerca \/ Art\u00edculos period\u00edsticos. Jos\u00e9 Agust\u00edn Goytisolo<\/strong><\/p>\n\n\n\n<p>Galaxia Gutenberg, Madrid, 2009<\/p>\n\n\n\n<p>Carme Riera (edici\u00f3n y pr\u00f3logo)<\/p>\n\n\n\n<p>ISBN: 978-84-8109-814-3<\/p>\n<\/div><\/div>\n\n\n\n<p><span class=\"inline inline-left\"><span class=\"inline inline-none\"><\/span><\/span><\/p>\n\n\n\n<p><span style=\"line-height: 20px;\">&nbsp;<\/span><\/p>\n\n\n\n<div class=\"wp-block-media-text is-stacked-on-mobile\" style=\"grid-template-columns:25% auto\"><figure class=\"wp-block-media-text__media\"><img decoding=\"async\" src=\"http:\/\/pagines.uab.cat\/catedrajagoytisolo\/sites\/pagines.uab.cat.catedrajagoytisolo\/files\/images\/JAG3Congreso.png\" alt=\"\"\/><\/figure><div class=\"wp-block-media-text__content\">\n<p><strong>Actas III Congreso Internacional Jos\u00e9 Agust\u00edn Goytisolo (2005)<\/strong><\/p>\n\n\n\n<p>Cambrils, Ajuntament de Cambrils, 2007<\/p>\n\n\n\n<p>ISBN: 978-84-86769-185<\/p>\n\n\n\n<p><a href=\"https:\/\/webs.uab.cat\/catedrajagoytisolo\/wp-content\/uploads\/sites\/154\/2017\/03\/04d-indice-III-Congreso.pdf\" data-type=\"attachment\" data-id=\"34\"><span style=\"line-height: 20px; text-decoration: underline;\">\u00cdndice (pdf)<\/span><\/a><\/p>\n<\/div><\/div>\n\n\n\n<div class=\"wp-block-media-text is-stacked-on-mobile\" style=\"grid-template-columns:25% auto\"><figure class=\"wp-block-media-text__media\"><img decoding=\"async\" src=\"http:\/\/pagines.uab.cat\/catedrajagoytisolo\/sites\/pagines.uab.cat.catedrajagoytisolo\/files\/images\/JAG1simpposio.png\" alt=\"\"\/><\/figure><div class=\"wp-block-media-text__content\">\n<p><strong>Actas I Simposio Internacional Jos\u00e9 Agust\u00edn Goytisolo (2003)<\/strong><\/p>\n\n\n\n<p>Palma, Universtat de les Illes Balears, Universitat Aut\u00f2noma de Barcelona, 2005<\/p>\n\n\n\n<p>ISBN: 978-84-<\/p>\n\n\n\n<p>7632-927-X<\/p>\n\n\n\n<p><a href=\"https:\/\/webs.uab.cat\/catedrajagoytisolo\/wp-content\/uploads\/sites\/154\/2017\/03\/04e-indice-I-Simposio.pdf\" data-type=\"attachment\" data-id=\"35\"><span style=\"line-height: 20px; text-decoration: underline;\">\u00cdndice (pdf)<\/span><\/a><\/p>\n<\/div><\/div>\n\n\n\n<p><\/p>\n","protected":false},"excerpt":{"rendered":"<p>Puentes literarios transatl\u00e1nticos: la relaci\u00f3n entre Jos\u00e9 Agust\u00edn Goytisolo y su generaci\u00f3n con la Am\u00e9rica Hispana. Carme Riera y Fernanda Bustamante (coords.) Revista&nbsp;Mitolog\u00edas hoy, vol.9, verano 2014.&nbsp; Poes\u00eda completa. Jos\u00e9 Agust\u00edn Goytisolo Editorial Lumen, Madrid, 2009 Carme Riera y Ram\u00f3n Garc\u00eda Mateos (edici\u00f3n, pr\u00f3logo y notas) ISBN: 978-84-2641-783-1 \u00cdndice y pr\u00f3logo (pdf) M\u00e1s cerca \/ [&hellip;]<\/p>\n","protected":false},"author":20,"featured_media":0,"parent":0,"menu_order":0,"comment_status":"closed","ping_status":"closed","template":"","meta":{"footnotes":""},"class_list":["post-33","page","type-page","status-publish","hentry"],"_links":{"self":[{"href":"https:\/\/webs.uab.cat\/catedrajagoytisolo\/wp-json\/wp\/v2\/pages\/33","targetHints":{"allow":["GET"]}}],"collection":[{"href":"https:\/\/webs.uab.cat\/catedrajagoytisolo\/wp-json\/wp\/v2\/pages"}],"about":[{"href":"https:\/\/webs.uab.cat\/catedrajagoytisolo\/wp-json\/wp\/v2\/types\/page"}],"author":[{"embeddable":true,"href":"https:\/\/webs.uab.cat\/catedrajagoytisolo\/wp-json\/wp\/v2\/users\/20"}],"replies":[{"embeddable":true,"href":"https:\/\/webs.uab.cat\/catedrajagoytisolo\/wp-json\/wp\/v2\/comments?post=33"}],"version-history":[{"count":1,"href":"https:\/\/webs.uab.cat\/catedrajagoytisolo\/wp-json\/wp\/v2\/pages\/33\/revisions"}],"predecessor-version":[{"id":103,"href":"https:\/\/webs.uab.cat\/catedrajagoytisolo\/wp-json\/wp\/v2\/pages\/33\/revisions\/103"}],"wp:attachment":[{"href":"https:\/\/webs.uab.cat\/catedrajagoytisolo\/wp-json\/wp\/v2\/media?parent=33"}],"curies":[{"name":"wp","href":"https:\/\/api.w.org\/{rel}","templated":true}]}}