{"id":137,"date":"2019-09-20T11:50:53","date_gmt":"2019-09-20T11:50:53","guid":{"rendered":"https:\/\/webs.uab.cat\/catedrajordiarbones\/vii-jornades-sobre-traduccio-i-literatura-els-llibres-del-mall-1973-1988-un-cataleg-de-poesia-amb-mires-europees-19-i-20-doctubre-de-2016\/"},"modified":"2019-09-20T11:50:53","modified_gmt":"2019-09-20T11:50:53","slug":"vii-jornades-sobre-traduccio-i-literatura-els-llibres-del-mall-1973-1988-un-cataleg-de-poesia-amb-mires-europees-19-i-20-doctubre-de-2016","status":"publish","type":"page","link":"https:\/\/webs.uab.cat\/catedrajordiarbones\/vii-jornades-sobre-traduccio-i-literatura-els-llibres-del-mall-1973-1988-un-cataleg-de-poesia-amb-mires-europees-19-i-20-doctubre-de-2016\/","title":{"rendered":"VII Jornades sobre Traducci\u00f3 i Literatura. Els Llibres del Mall (1973-1988). Un cat\u00e0leg de poesia amb mires europees. 19 i 20 d&#8217;octubre de 2016"},"content":{"rendered":"<p><strong>&nbsp; &nbsp; &nbsp; &nbsp; &nbsp; &nbsp; &nbsp; &nbsp; &nbsp; &nbsp; &nbsp;<\/strong><img loading=\"lazy\" decoding=\"async\" alt=\"\" height=\"587\" src=\"http:\/\/grupsderecerca.uab.cat\/getcc\/sites\/grupsderecerca.uab.cat.getcc\/files\/jornades-traduccio-literatura_2016_p.jpg\" style=\"float:right\" width=\"336\" \/><strong> <\/strong><\/p>\n<p><strong>&nbsp; &nbsp; &nbsp; &nbsp; &nbsp; &nbsp; &nbsp; &nbsp; &nbsp; 19 d&#8217;octubre<\/strong><\/p>\n<p>&nbsp; &nbsp; &nbsp; &nbsp; &nbsp; &nbsp; &nbsp; &nbsp; &nbsp; 9.30 h Inauguraci\u00f3 i presentaci\u00f3<\/p>\n<p>&nbsp; &nbsp; &nbsp; &nbsp; &nbsp; &nbsp; &nbsp; &nbsp; &nbsp; 10.00 h L&#8217;aportaci\u00f3 del Mall al sistema literari i editorial.&nbsp;Pere Ballart<\/p>\n<p>&nbsp; &nbsp; &nbsp; &nbsp; &nbsp; &nbsp; &nbsp; &nbsp; &nbsp; 11.00 h Pausa caf\u00e8<\/p>\n<p>&nbsp; &nbsp; &nbsp; &nbsp; &nbsp; &nbsp; &nbsp; &nbsp; &nbsp; 11.30 h Taula rodona: Traductors editors i lectors<br \/>\n&nbsp; &nbsp; &nbsp; &nbsp; &nbsp; &nbsp; &nbsp; &nbsp; &nbsp; &nbsp; &nbsp; &nbsp; &nbsp; &nbsp; &nbsp; Ramon Balasch, Miquel Desclot i Jordi Llavina &nbsp;<\/p>\n<p>&nbsp; &nbsp; &nbsp; &nbsp; &nbsp; &nbsp; &nbsp; &nbsp; &nbsp; &nbsp; &nbsp; &nbsp; &nbsp; &nbsp; &nbsp; &nbsp; &nbsp; &nbsp; &nbsp; &nbsp; &nbsp; &nbsp; &nbsp; &nbsp; &nbsp; &nbsp; &nbsp; &nbsp; &nbsp; &nbsp; &nbsp;<\/p>\n<p><strong>&nbsp; &nbsp; &nbsp; &nbsp; &nbsp; &nbsp; &nbsp; &nbsp; &nbsp; &nbsp;20 d&#8217;octubre<\/strong><\/p>\n<p>&nbsp; &nbsp; &nbsp; &nbsp; &nbsp; &nbsp; &nbsp; &nbsp; &nbsp; &nbsp;9.30 h Una pol\u00edtica de traduccions.&nbsp;Joaquim Sala-Sanahuja<\/p>\n<p>&nbsp; &nbsp; &nbsp; &nbsp; &nbsp; &nbsp; &nbsp; &nbsp; &nbsp; &nbsp;10.15 h Les traduccions de l&#8217;angl\u00e8s.&nbsp;Jordi Mas L\u00f3pez<\/p>\n<p>&nbsp; &nbsp; &nbsp; &nbsp; &nbsp; &nbsp; &nbsp; &nbsp; &nbsp; &nbsp;11.00 h Pausa caf\u00e8<\/p>\n<p>&nbsp; &nbsp; &nbsp; &nbsp; &nbsp; &nbsp; &nbsp; &nbsp; &nbsp; &nbsp;11.30 h Les traduccions del franc\u00e8s.&nbsp;Maria Dasca<\/p>\n<p>&nbsp; &nbsp; &nbsp; &nbsp; &nbsp; &nbsp; &nbsp; &nbsp; &nbsp; &nbsp;12.15 h Les traduccions del rus.&nbsp;Ivan Garcia<\/p>\n<p>&nbsp; &nbsp; &nbsp; &nbsp; &nbsp; &nbsp; &nbsp; &nbsp; &nbsp; &nbsp;13.00 h Recital po\u00e8tic a c\u00e0rrec d&#8217;Anna Maluquer<\/p>\n<p>&nbsp; &nbsp; &nbsp; &nbsp; &nbsp; &nbsp; &nbsp; &nbsp; &nbsp; &nbsp; &nbsp; &nbsp;<\/p>\n<p>&nbsp; &nbsp; &nbsp; &nbsp; &nbsp; &nbsp; &nbsp; &nbsp; &nbsp; &nbsp;<a href=\"http:\/\/grupsderecerca.uab.cat\/getcc\/sites\/grupsderecerca.uab.cat.getcc\/files\/diptic-arbones-2016-.pdf\" target=\"_blank\" rel=\"noopener\">Programa de les VII Jornades<\/a><\/p>\n<p>&nbsp;<\/p>\n<p>&nbsp;<\/p>\n<p><iframe loading=\"lazy\" height=\"600\" src=\"http:\/\/s304.photobucket.com\/user\/dtieoa\/embed\/slideshow\/Jornadas_Arbones_2016\" width=\"800\"><\/iframe><\/p>\n","protected":false},"excerpt":{"rendered":"<p>&nbsp; &nbsp; &nbsp; &nbsp; &nbsp; &nbsp; &nbsp; &nbsp; &nbsp; &nbsp; &nbsp; &nbsp; &nbsp; &nbsp; &nbsp; &nbsp; &nbsp; &nbsp; &nbsp; &nbsp; 19 d&#8217;octubre &nbsp; &nbsp; &nbsp; &nbsp; &nbsp; &nbsp; &nbsp; &nbsp; &nbsp; 9.30 h Inauguraci\u00f3 i presentaci\u00f3 &nbsp; &nbsp; &nbsp; &nbsp; &nbsp; &nbsp; &nbsp; &nbsp; &nbsp; 10.00 h L&#8217;aportaci\u00f3 del Mall al sistema literari i editorial.&nbsp;Pere [&hellip;]<\/p>\n","protected":false},"author":20,"featured_media":0,"parent":0,"menu_order":0,"comment_status":"closed","ping_status":"closed","template":"","meta":{"footnotes":""},"class_list":["post-137","page","type-page","status-publish","hentry"],"_links":{"self":[{"href":"https:\/\/webs.uab.cat\/catedrajordiarbones\/wp-json\/wp\/v2\/pages\/137","targetHints":{"allow":["GET"]}}],"collection":[{"href":"https:\/\/webs.uab.cat\/catedrajordiarbones\/wp-json\/wp\/v2\/pages"}],"about":[{"href":"https:\/\/webs.uab.cat\/catedrajordiarbones\/wp-json\/wp\/v2\/types\/page"}],"author":[{"embeddable":true,"href":"https:\/\/webs.uab.cat\/catedrajordiarbones\/wp-json\/wp\/v2\/users\/20"}],"replies":[{"embeddable":true,"href":"https:\/\/webs.uab.cat\/catedrajordiarbones\/wp-json\/wp\/v2\/comments?post=137"}],"version-history":[{"count":0,"href":"https:\/\/webs.uab.cat\/catedrajordiarbones\/wp-json\/wp\/v2\/pages\/137\/revisions"}],"wp:attachment":[{"href":"https:\/\/webs.uab.cat\/catedrajordiarbones\/wp-json\/wp\/v2\/media?parent=137"}],"curies":[{"name":"wp","href":"https:\/\/api.w.org\/{rel}","templated":true}]}}

VII Jornades sobre Traducció i Literatura. Els Llibres del Mall (1973-1988). Un catàleg de poesia amb mires europees. 19 i 20 d&#8217;octubre de 2016

<p><strong>&nbsp; &nbsp; &nbsp; &nbsp; &nbsp; &nbsp; &nbsp; &nbsp; &nbsp; &nbsp; &nbsp;</strong><img loading="lazy" decoding="async" alt="" height="587" src="http://grupsderecerca.uab.cat/getcc/sites/grupsderecerca.uab.cat.getcc/files/jornades-traduccio-literatura_2016_p.jpg" style="float:right" width="336" /><strong> </strong></p>
<p><strong>&nbsp; &nbsp; &nbsp; &nbsp; &nbsp; &nbsp; &nbsp; &nbsp; &nbsp; 19 d&#8217;octubre</strong></p>
<p>&nbsp; &nbsp; &nbsp; &nbsp; &nbsp; &nbsp; &nbsp; &nbsp; &nbsp; 9.30 h Inauguració i presentació</p>
<p>&nbsp; &nbsp; &nbsp; &nbsp; &nbsp; &nbsp; &nbsp; &nbsp; &nbsp; 10.00 h L&#8217;aportació del Mall al sistema literari i editorial.&nbsp;Pere Ballart</p>
<p>&nbsp; &nbsp; &nbsp; &nbsp; &nbsp; &nbsp; &nbsp; &nbsp; &nbsp; 11.00 h Pausa cafè</p>
<p>&nbsp; &nbsp; &nbsp; &nbsp; &nbsp; &nbsp; &nbsp; &nbsp; &nbsp; 11.30 h Taula rodona: Traductors editors i lectors<br />
&nbsp; &nbsp; &nbsp; &nbsp; &nbsp; &nbsp; &nbsp; &nbsp; &nbsp; &nbsp; &nbsp; &nbsp; &nbsp; &nbsp; &nbsp; Ramon Balasch, Miquel Desclot i Jordi Llavina &nbsp;</p>
<p>&nbsp; &nbsp; &nbsp; &nbsp; &nbsp; &nbsp; &nbsp; &nbsp; &nbsp; &nbsp; &nbsp; &nbsp; &nbsp; &nbsp; &nbsp; &nbsp; &nbsp; &nbsp; &nbsp; &nbsp; &nbsp; &nbsp; &nbsp; &nbsp; &nbsp; &nbsp; &nbsp; &nbsp; &nbsp; &nbsp; &nbsp;</p>
<p><strong>&nbsp; &nbsp; &nbsp; &nbsp; &nbsp; &nbsp; &nbsp; &nbsp; &nbsp; &nbsp;20 d&#8217;octubre</strong></p>
<p>&nbsp; &nbsp; &nbsp; &nbsp; &nbsp; &nbsp; &nbsp; &nbsp; &nbsp; &nbsp;9.30 h Una política de traduccions.&nbsp;Joaquim Sala-Sanahuja</p>
<p>&nbsp; &nbsp; &nbsp; &nbsp; &nbsp; &nbsp; &nbsp; &nbsp; &nbsp; &nbsp;10.15 h Les traduccions de l&#8217;anglès.&nbsp;Jordi Mas López</p>
<p>&nbsp; &nbsp; &nbsp; &nbsp; &nbsp; &nbsp; &nbsp; &nbsp; &nbsp; &nbsp;11.00 h Pausa cafè</p>
<p>&nbsp; &nbsp; &nbsp; &nbsp; &nbsp; &nbsp; &nbsp; &nbsp; &nbsp; &nbsp;11.30 h Les traduccions del francès.&nbsp;Maria Dasca</p>
<p>&nbsp; &nbsp; &nbsp; &nbsp; &nbsp; &nbsp; &nbsp; &nbsp; &nbsp; &nbsp;12.15 h Les traduccions del rus.&nbsp;Ivan Garcia</p>
<p>&nbsp; &nbsp; &nbsp; &nbsp; &nbsp; &nbsp; &nbsp; &nbsp; &nbsp; &nbsp;13.00 h Recital poètic a càrrec d&#8217;Anna Maluquer</p>
<p>&nbsp; &nbsp; &nbsp; &nbsp; &nbsp; &nbsp; &nbsp; &nbsp; &nbsp; &nbsp; &nbsp; &nbsp;</p>
<p>&nbsp; &nbsp; &nbsp; &nbsp; &nbsp; &nbsp; &nbsp; &nbsp; &nbsp; &nbsp;<a href="http://grupsderecerca.uab.cat/getcc/sites/grupsderecerca.uab.cat.getcc/files/diptic-arbones-2016-.pdf" target="_blank" rel="noopener">Programa de les VII Jornades</a></p>
<p>&nbsp;</p>
<p>&nbsp;</p>
<p><iframe loading="lazy" height="600" src="http://s304.photobucket.com/user/dtieoa/embed/slideshow/Jornadas_Arbones_2016" width="800"></iframe></p>

<p>&nbsp; &nbsp; &nbsp; &nbsp; &nbsp; &nbsp; &nbsp; &nbsp; &nbsp; &nbsp; &nbsp; &nbsp; &nbsp; &nbsp; &nbsp; &nbsp; &nbsp; &nbsp; &nbsp; &nbsp; 19 d&#8217;octubre &nbsp; &nbsp; &nbsp; &nbsp; &nbsp; &nbsp; &nbsp; &nbsp; &nbsp; 9.30 h Inauguració i presentació &nbsp; &nbsp; &nbsp; &nbsp; &nbsp; &nbsp; &nbsp; &nbsp; &nbsp; 10.00 h L&#8217;aportació del Mall al sistema literari i editorial.&nbsp;Pere [&hellip;]</p>
