{"id":30,"date":"2009-05-08T11:22:32","date_gmt":"2009-05-08T11:22:32","guid":{"rendered":"https:\/\/webs.uab.cat\/catedrajordiarbones\/comissio\/"},"modified":"2026-03-19T11:39:33","modified_gmt":"2026-03-19T11:39:33","slug":"comissio","status":"publish","type":"page","link":"https:\/\/webs.uab.cat\/catedrajordiarbones\/comissio\/","title":{"rendered":"Comissi\u00f3"},"content":{"rendered":"\n<div class=\"wp-block-media-text has-media-on-the-right is-stacked-on-mobile\" style=\"grid-template-columns:auto 46%\"><div class=\"wp-block-media-text__content\">\n<p><span style=\"width: 769px\">La <strong>Comissi\u00f3 de la C\u00e0tedra Jordi Arbon\u00e8s<\/strong> \u00e9s composta de la filla de Jordi Arbon\u00e8s, Gl\u00f2ria Arbon\u00e8s, i de cinc professors i professores de la Facultat de Traducci\u00f3 i d&#8217;Interpretaci\u00f3 de la Universitat Aut\u00f2noma de Barcelona: Montserrat Bacard\u00ed, Josefina Caball, Ramon Farr\u00e9s, Judit Fontcuberta i Dolors Udina, tots traductors professionals i\/o investigadors en hist\u00f2ria de latraducci\u00f3 i en traducci\u00f3 liter\u00e0ria.<\/span><\/p>\n<\/div><figure class=\"wp-block-media-text__media\"><img loading=\"lazy\" decoding=\"async\" width=\"1024\" height=\"604\" src=\"https:\/\/webs.uab.cat\/catedrajordiarbones\/wp-content\/uploads\/sites\/149\/2026\/03\/Placa-Jordi-Arbones-G-1024x604.png\" alt=\"Jordi Arbon\u00e8s - Placa\" class=\"wp-image-596 size-full\" srcset=\"https:\/\/webs.uab.cat\/catedrajordiarbones\/wp-content\/uploads\/sites\/149\/2026\/03\/Placa-Jordi-Arbones-G-1024x604.png 1024w, https:\/\/webs.uab.cat\/catedrajordiarbones\/wp-content\/uploads\/sites\/149\/2026\/03\/Placa-Jordi-Arbones-G-300x177.png 300w, https:\/\/webs.uab.cat\/catedrajordiarbones\/wp-content\/uploads\/sites\/149\/2026\/03\/Placa-Jordi-Arbones-G-768x453.png 768w, https:\/\/webs.uab.cat\/catedrajordiarbones\/wp-content\/uploads\/sites\/149\/2026\/03\/Placa-Jordi-Arbones-G-1200x707.png 1200w, https:\/\/webs.uab.cat\/catedrajordiarbones\/wp-content\/uploads\/sites\/149\/2026\/03\/Placa-Jordi-Arbones-G.png 1330w\" sizes=\"auto, (max-width: 1024px) 100vw, 1024px\" \/><\/figure><\/div>\n\n\n\n<p><\/p>\n\n\n\n<p><\/p>\n","protected":false},"excerpt":{"rendered":"<p>La Comissi\u00f3 de la C\u00e0tedra Jordi Arbon\u00e8s \u00e9s composta de la filla de Jordi Arbon\u00e8s, Gl\u00f2ria Arbon\u00e8s, i de cinc professors i professores de la Facultat de Traducci\u00f3 i d&#8217;Interpretaci\u00f3 de la Universitat Aut\u00f2noma de Barcelona: Montserrat Bacard\u00ed, Josefina Caball, Ramon Farr\u00e9s, Judit Fontcuberta i Dolors Udina, tots traductors professionals i\/o investigadors en hist\u00f2ria de [&hellip;]<\/p>\n","protected":false},"author":20,"featured_media":0,"parent":0,"menu_order":0,"comment_status":"closed","ping_status":"closed","template":"","meta":{"footnotes":""},"class_list":["post-30","page","type-page","status-publish","hentry"],"_links":{"self":[{"href":"https:\/\/webs.uab.cat\/catedrajordiarbones\/wp-json\/wp\/v2\/pages\/30","targetHints":{"allow":["GET"]}}],"collection":[{"href":"https:\/\/webs.uab.cat\/catedrajordiarbones\/wp-json\/wp\/v2\/pages"}],"about":[{"href":"https:\/\/webs.uab.cat\/catedrajordiarbones\/wp-json\/wp\/v2\/types\/page"}],"author":[{"embeddable":true,"href":"https:\/\/webs.uab.cat\/catedrajordiarbones\/wp-json\/wp\/v2\/users\/20"}],"replies":[{"embeddable":true,"href":"https:\/\/webs.uab.cat\/catedrajordiarbones\/wp-json\/wp\/v2\/comments?post=30"}],"version-history":[{"count":4,"href":"https:\/\/webs.uab.cat\/catedrajordiarbones\/wp-json\/wp\/v2\/pages\/30\/revisions"}],"predecessor-version":[{"id":670,"href":"https:\/\/webs.uab.cat\/catedrajordiarbones\/wp-json\/wp\/v2\/pages\/30\/revisions\/670"}],"wp:attachment":[{"href":"https:\/\/webs.uab.cat\/catedrajordiarbones\/wp-json\/wp\/v2\/media?parent=30"}],"curies":[{"name":"wp","href":"https:\/\/api.w.org\/{rel}","templated":true}]}}

Comissió

<div class="wp-block-media-text has-media-on-the-right is-stacked-on-mobile" style="grid-template-columns:auto 46%"><div class="wp-block-media-text__content">
<p><span style="width: 769px">La <strong>Comissió de la Càtedra Jordi Arbonès</strong> és composta de la filla de Jordi Arbonès, Glòria Arbonès, i de cinc professors i professores de la Facultat de Traducció i d&#8217;Interpretació de la Universitat Autònoma de Barcelona: Montserrat Bacardí, Josefina Caball, Ramon Farrés, Judit Fontcuberta i Dolors Udina, tots traductors professionals i/o investigadors en història de latraducció i en traducció literària.</span></p>
</div><figure class="wp-block-media-text__media"><img loading="lazy" decoding="async" width="1024" height="604" src="https://webs.uab.cat/catedrajordiarbones/wp-content/uploads/sites/149/2026/03/Placa-Jordi-Arbones-G-1024x604.png" alt="Jordi Arbonès - Placa" class="wp-image-596 size-full" srcset="https://webs.uab.cat/catedrajordiarbones/wp-content/uploads/sites/149/2026/03/Placa-Jordi-Arbones-G-1024x604.png 1024w, https://webs.uab.cat/catedrajordiarbones/wp-content/uploads/sites/149/2026/03/Placa-Jordi-Arbones-G-300x177.png 300w, https://webs.uab.cat/catedrajordiarbones/wp-content/uploads/sites/149/2026/03/Placa-Jordi-Arbones-G-768x453.png 768w, https://webs.uab.cat/catedrajordiarbones/wp-content/uploads/sites/149/2026/03/Placa-Jordi-Arbones-G-1200x707.png 1200w, https://webs.uab.cat/catedrajordiarbones/wp-content/uploads/sites/149/2026/03/Placa-Jordi-Arbones-G.png 1330w" sizes="auto, (max-width: 1024px) 100vw, 1024px" /></figure></div>



<p></p>



<p></p>

<p>La Comissió de la Càtedra Jordi Arbonès és composta de la filla de Jordi Arbonès, Glòria Arbonès, i de cinc professors i professores de la Facultat de Traducció i d&#8217;Interpretació de la Universitat Autònoma de Barcelona: Montserrat Bacardí, Josefina Caball, Ramon Farrés, Judit Fontcuberta i Dolors Udina, tots traductors professionals i/o investigadors en història de [&hellip;]</p>
