{"id":57,"date":"2010-10-13T15:55:01","date_gmt":"2010-10-13T15:55:01","guid":{"rendered":"https:\/\/webs.uab.cat\/catedrajordiarbones\/traduir-de-lluny-el-llegat-de-jordi-arbones-i-jornades-sobre-traduccio-i-literatura-de-la-ca\/"},"modified":"2010-10-13T15:55:01","modified_gmt":"2010-10-13T15:55:01","slug":"traduir-de-lluny-el-llegat-de-jordi-arbones-i-jornades-sobre-traduccio-i-literatura-de-la-ca","status":"publish","type":"page","link":"https:\/\/webs.uab.cat\/catedrajordiarbones\/traduir-de-lluny-el-llegat-de-jordi-arbones-i-jornades-sobre-traduccio-i-literatura-de-la-ca\/","title":{"rendered":"I Jornades sobre Traducci\u00f3 i Literatura. Traduir de lluny: el llegat de Jordi Arbon\u00e8s. 20 i 21 d&#8217;octubre de 2004"},"content":{"rendered":"<p><strong>&nbsp;&nbsp;&nbsp;&nbsp;<\/strong><\/p>\n<table border=\"0\" cellpadding=\"0\" cellspacing=\"0\">\n<tbody>\n<tr>\n<td valign=\"top\" width=\"40\">&nbsp;<\/td>\n<td valign=\"top\" width=\"305\">\n<p><u><strong><span>Dia 20<\/span><\/strong><\/u><\/p>\n<ul>\n<li>10:30 h Presentaci\u00f3 de les Jornades<br \/>\n\t\t\t\tMiquel Edo<\/li>\n<\/ul>\n<p><strong>&#8220;L&#8217;obra de Jordi Arbon\u00e8s&#8221;<\/strong><\/p>\n<ul>\n<li>10:45 h Joaquim Carb\u00f3<br \/>\n\t\t\t\tEscriptor<br \/>\n\t\t\t\tLa poesia i la narrativa<br \/>\n\t\t\t\t&nbsp;<\/li>\n<li>11:15 h Jordi Coca<br \/>\n\t\t\t\tEscriptor<br \/>\n\t\t\t\tEl teatre<br \/>\n\t\t\t\t&nbsp;<\/li>\n<li>11:45 h Pausa-Caf\u00e8<br \/>\n\t\t\t\t&nbsp;<\/li>\n<li>12:00 h Alba Pijuan<br \/>\n\t\t\t\tIES T\u00e0rrega<br \/>\n\t\t\t\tL&#8217;assaig<br \/>\n\t\t\t\t&nbsp;<\/li>\n<li>12:30 h Dolors Udina<br \/>\n\t\t\t\tFTI &#8211; UAB<br \/>\n\t\t\t\tLa correspond\u00e8ncia<br \/>\n\t\t\t\t&nbsp;<\/li>\n<li>13:00 h Debat<br \/>\n\t\t\t\tModeradora: Gl\u00f2ria Arbon\u00e8s<\/li>\n<\/ul>\n<\/td>\n<td valign=\"top\" width=\"305\">\n<p><u><strong><span>Dia 21<\/span><\/strong><\/u><\/p>\n<p><strong>&#8220;Les traduccions de Jordi Arbon\u00e8s&#8221; <\/strong><\/p>\n<ul type=\"circle\">\n<li>10:30 h Ramon Farr\u00e9s<br \/>\n\t\t\t\tFTI &#8211; UAB<br \/>\n\t\t\t\tPanor\u00e0mica general<br \/>\n\t\t\t\t&nbsp;<\/li>\n<li>11:00 h Vict\u00f2ria Alsina<br \/>\n\t\t\t\tUniversitat Pompeu Fabra<br \/>\n\t\t\t\tLes traduccions<br \/>\n\t\t\t\tde Jane Austen<br \/>\n\t\t\t\t&nbsp;<\/li>\n<li>11:30 h Pausa-Caf\u00e8<br \/>\n\t\t\t\t&nbsp;<\/li>\n<li>12:00 h Marcos Rodr\u00edguez Espinosa<br \/>\n\t\t\t\tUniversitat de M\u00e1laga<br \/>\n\t\t\t\t&#8220;La fira de les vanitats&#8221;<br \/>\n\t\t\t\tde William Thackeray<br \/>\n\t\t\t\t&nbsp;<\/li>\n<li>12:30 h Matthew Tree<br \/>\n\t\t\t\tEscriptor<br \/>\n\t\t\t\tHenry Miller i Ana\u00efs Nin<br \/>\n\t\t\t\t&nbsp;<\/li>\n<li>13:00 h Debat<br \/>\n\t\t\t\tModeradora:<br \/>\n\t\t\t\tJosefina Caball<\/li>\n<\/ul>\n<\/td>\n<\/tr>\n<\/tbody>\n<\/table>\n<ul>\n<li><strong><a href=\"http:\/\/ddd.uab.es\/search?cc=quaderns&amp;f=issue&amp;p=11385790n12&amp;rg=100&amp;sf=fpage&amp;so=a&amp;as=0&amp;sc=0\" target=\"_blank\" rel=\"noopener\">Vegeu les pon\u00e8ncies publicades a <em>Quaderns. Revista de Traducci\u00f3<\/em><\/a>.<\/strong><\/li>\n<\/ul>\n<p>&nbsp;<\/p>\n","protected":false},"excerpt":{"rendered":"<p>&nbsp;&nbsp;&nbsp;&nbsp; &nbsp; Dia 20 10:30 h Presentaci\u00f3 de les Jornades Miquel Edo &#8220;L&#8217;obra de Jordi Arbon\u00e8s&#8221; 10:45 h Joaquim Carb\u00f3 Escriptor La poesia i la narrativa &nbsp; 11:15 h Jordi Coca Escriptor El teatre &nbsp; 11:45 h Pausa-Caf\u00e8 &nbsp; 12:00 h Alba Pijuan IES T\u00e0rrega L&#8217;assaig &nbsp; 12:30 h Dolors Udina FTI &#8211; UAB La [&hellip;]<\/p>\n","protected":false},"author":20,"featured_media":0,"parent":0,"menu_order":0,"comment_status":"closed","ping_status":"closed","template":"","meta":{"footnotes":""},"class_list":["post-57","page","type-page","status-publish","hentry"],"_links":{"self":[{"href":"https:\/\/webs.uab.cat\/catedrajordiarbones\/wp-json\/wp\/v2\/pages\/57","targetHints":{"allow":["GET"]}}],"collection":[{"href":"https:\/\/webs.uab.cat\/catedrajordiarbones\/wp-json\/wp\/v2\/pages"}],"about":[{"href":"https:\/\/webs.uab.cat\/catedrajordiarbones\/wp-json\/wp\/v2\/types\/page"}],"author":[{"embeddable":true,"href":"https:\/\/webs.uab.cat\/catedrajordiarbones\/wp-json\/wp\/v2\/users\/20"}],"replies":[{"embeddable":true,"href":"https:\/\/webs.uab.cat\/catedrajordiarbones\/wp-json\/wp\/v2\/comments?post=57"}],"version-history":[{"count":0,"href":"https:\/\/webs.uab.cat\/catedrajordiarbones\/wp-json\/wp\/v2\/pages\/57\/revisions"}],"wp:attachment":[{"href":"https:\/\/webs.uab.cat\/catedrajordiarbones\/wp-json\/wp\/v2\/media?parent=57"}],"curies":[{"name":"wp","href":"https:\/\/api.w.org\/{rel}","templated":true}]}}

I Jornades sobre Traducció i Literatura. Traduir de lluny: el llegat de Jordi Arbonès. 20 i 21 d&#8217;octubre de 2004

<p><strong>&nbsp;&nbsp;&nbsp;&nbsp;</strong></p>
<table border="0" cellpadding="0" cellspacing="0">
<tbody>
<tr>
<td valign="top" width="40">&nbsp;</td>
<td valign="top" width="305">
<p><u><strong><span>Dia 20</span></strong></u></p>
<ul>
<li>10:30 h Presentació de les Jornades<br />
				Miquel Edo</li>
</ul>
<p><strong>&#8220;L&#8217;obra de Jordi Arbonès&#8221;</strong></p>
<ul>
<li>10:45 h Joaquim Carbó<br />
				Escriptor<br />
				La poesia i la narrativa<br />
				&nbsp;</li>
<li>11:15 h Jordi Coca<br />
				Escriptor<br />
				El teatre<br />
				&nbsp;</li>
<li>11:45 h Pausa-Cafè<br />
				&nbsp;</li>
<li>12:00 h Alba Pijuan<br />
				IES Tàrrega<br />
				L&#8217;assaig<br />
				&nbsp;</li>
<li>12:30 h Dolors Udina<br />
				FTI &#8211; UAB<br />
				La correspondència<br />
				&nbsp;</li>
<li>13:00 h Debat<br />
				Moderadora: Glòria Arbonès</li>
</ul>
</td>
<td valign="top" width="305">
<p><u><strong><span>Dia 21</span></strong></u></p>
<p><strong>&#8220;Les traduccions de Jordi Arbonès&#8221; </strong></p>
<ul type="circle">
<li>10:30 h Ramon Farrés<br />
				FTI &#8211; UAB<br />
				Panoràmica general<br />
				&nbsp;</li>
<li>11:00 h Victòria Alsina<br />
				Universitat Pompeu Fabra<br />
				Les traduccions<br />
				de Jane Austen<br />
				&nbsp;</li>
<li>11:30 h Pausa-Cafè<br />
				&nbsp;</li>
<li>12:00 h Marcos Rodríguez Espinosa<br />
				Universitat de Málaga<br />
				&#8220;La fira de les vanitats&#8221;<br />
				de William Thackeray<br />
				&nbsp;</li>
<li>12:30 h Matthew Tree<br />
				Escriptor<br />
				Henry Miller i Anaïs Nin<br />
				&nbsp;</li>
<li>13:00 h Debat<br />
				Moderadora:<br />
				Josefina Caball</li>
</ul>
</td>
</tr>
</tbody>
</table>
<ul>
<li><strong><a href="http://ddd.uab.es/search?cc=quaderns&amp;f=issue&amp;p=11385790n12&amp;rg=100&amp;sf=fpage&amp;so=a&amp;as=0&amp;sc=0" target="_blank" rel="noopener">Vegeu les ponències publicades a <em>Quaderns. Revista de Traducció</em></a>.</strong></li>
</ul>
<p>&nbsp;</p>

<p>&nbsp;&nbsp;&nbsp;&nbsp; &nbsp; Dia 20 10:30 h Presentació de les Jornades Miquel Edo &#8220;L&#8217;obra de Jordi Arbonès&#8221; 10:45 h Joaquim Carbó Escriptor La poesia i la narrativa &nbsp; 11:15 h Jordi Coca Escriptor El teatre &nbsp; 11:45 h Pausa-Cafè &nbsp; 12:00 h Alba Pijuan IES Tàrrega L&#8217;assaig &nbsp; 12:30 h Dolors Udina FTI &#8211; UAB La [&hellip;]</p>
