{"id":33,"date":"2013-07-26T11:57:32","date_gmt":"2013-07-26T11:57:32","guid":{"rendered":"https:\/\/webs.uab.cat\/catedrajosesaramago\/multimedia\/"},"modified":"2013-07-26T11:57:32","modified_gmt":"2013-07-26T11:57:32","slug":"multimedia","status":"publish","type":"page","link":"https:\/\/webs.uab.cat\/catedrajosesaramago\/multimedia\/","title":{"rendered":"Multim\u00e8dia"},"content":{"rendered":"<p>&nbsp;<\/p>\n<ul>\n<li><a href=\"http:\/\/mickey2.uab.cat\/rectorat2\/ComIPromUAB\/Saramago.rar\">Confer\u00e8ncia de Saramago a la UAB<\/a><\/li>\n<\/ul>\n<ul>\n<li><a href=\"https:\/\/www.youtube.com\/watch?v=X0tNzq6PXyA\">Tr\u00e0iler de \u201cJos\u00e9 e Pilar\u201d<\/a><\/li>\n<\/ul>\n<ul>\n<li><em><a href=\"https:\/\/www.youtube.com\/watch?v=ac9XG_lGrSA\">A Maior Flor do Mundo<\/a><\/em> (La flor m\u00e9s grossa del m\u00f3n)<\/li>\n<\/ul>\n<ul>\n<li><a href=\"https:\/\/www.youtube.com\/watch?v=Px5LBgsKuiI\">Tr\u00e0iler <em>Blindness<\/em><\/a> (Assaig sobre la ceguesa)<\/li>\n<\/ul>\n<ul>\n<li><a href=\"https:\/\/www.youtube.com\/watch?v=EwiA_MF5QLE\">Tr\u00e0iler <em>A Jangada de Pedra<\/em><\/a><\/li>\n<\/ul>\n<ul>\n<li><a href=\"http:\/\/noticias.sapo.pt\/especial\/jose_saramago\/biografia\/artigo\/1073012.html\"><em>De como a Personagem Foi Mestre e o Autor Seu Aprendiz<\/em> (discurs de Jos\u00e9 Saramago a l&#8217;Acad\u00e8mia Sueca)<\/a><\/li>\n<\/ul>\n","protected":false},"excerpt":{"rendered":"<p>&nbsp; Confer\u00e8ncia de Saramago a la UAB Tr\u00e0iler de \u201cJos\u00e9 e Pilar\u201d A Maior Flor do Mundo (La flor m\u00e9s grossa del m\u00f3n) Tr\u00e0iler Blindness (Assaig sobre la ceguesa) Tr\u00e0iler A Jangada de Pedra De como a Personagem Foi Mestre e o Autor Seu Aprendiz (discurs de Jos\u00e9 Saramago a l&#8217;Acad\u00e8mia Sueca)<\/p>\n","protected":false},"author":20,"featured_media":0,"parent":0,"menu_order":0,"comment_status":"closed","ping_status":"closed","template":"","meta":{"footnotes":""},"class_list":["post-33","page","type-page","status-publish","hentry"],"_links":{"self":[{"href":"https:\/\/webs.uab.cat\/catedrajosesaramago\/wp-json\/wp\/v2\/pages\/33","targetHints":{"allow":["GET"]}}],"collection":[{"href":"https:\/\/webs.uab.cat\/catedrajosesaramago\/wp-json\/wp\/v2\/pages"}],"about":[{"href":"https:\/\/webs.uab.cat\/catedrajosesaramago\/wp-json\/wp\/v2\/types\/page"}],"author":[{"embeddable":true,"href":"https:\/\/webs.uab.cat\/catedrajosesaramago\/wp-json\/wp\/v2\/users\/20"}],"replies":[{"embeddable":true,"href":"https:\/\/webs.uab.cat\/catedrajosesaramago\/wp-json\/wp\/v2\/comments?post=33"}],"version-history":[{"count":0,"href":"https:\/\/webs.uab.cat\/catedrajosesaramago\/wp-json\/wp\/v2\/pages\/33\/revisions"}],"wp:attachment":[{"href":"https:\/\/webs.uab.cat\/catedrajosesaramago\/wp-json\/wp\/v2\/media?parent=33"}],"curies":[{"name":"wp","href":"https:\/\/api.w.org\/{rel}","templated":true}]}}