{"id":86,"date":"2020-07-13T17:29:04","date_gmt":"2020-07-13T16:29:04","guid":{"rendered":"https:\/\/webs.uab.cat\/ceac\/personal-0\/"},"modified":"2023-12-11T15:41:20","modified_gmt":"2023-12-11T14:41:20","slug":"personal-0","status":"publish","type":"page","link":"https:\/\/webs.uab.cat\/ceac\/personal-0\/","title":{"rendered":"Equipo"},"content":{"rendered":"<h2><strong>PERSONAL<\/strong><\/h2>\n<p><strong>Director:<\/strong><\/p>\n<ul>\n<li>Guillermo Ser\u00e9s, Filolog\u00eda espa\u00f1ola<\/li>\n<\/ul>\n<p><strong>Investigadores<\/strong><\/p>\n<ul>\n<li>Jos\u00e9 Luis Betr\u00e1n, Historia moderna<\/li>\n<li>Joan Curbet, Filolog\u00eda inglesa<\/li>\n<li>Laura Fern\u00e1ndez, Filolog\u00eda espa\u00f1ola<\/li>\n<li>Carme Font, Filolog\u00eda inglesa<\/li>\n<li>Jaime Gonz\u00e1lez Bolado, Historia moderna, Historia de Asia<\/li>\n<li>Bernat Hern\u00e1ndez, Historia moderna, Historia de Am\u00e9rica<\/li>\n<li>Zhicang Huang, Historia moderna, Historia de China<\/li>\n<li>Jaouad Jabri, Historia moderna<\/li>\n<li>Dominik Jurczak, Filolog\u00eda espa\u00f1ola, Liturgia, Teolog\u00eda<\/li>\n<li>Alejandro L\u00f3pez-Ribao, Historia moderna, Historia de la Iglesia, Teolog\u00eda<\/li>\n<li>Bienvenido Morros, Filolog\u00eda espa\u00f1ola<\/li>\n<li>Antoni Rossell, Filolog\u00eda rom\u00e1nica<\/li>\n<\/ul>\n<p><strong>Investigadores colaboradores<\/strong><\/p>\n<ul>\n<li>Maria C\u00e1ndida Ferreira de Almeida, Universidad de los Andes, Colombia<\/li>\n<li>Milagros Arano, Universitat de Barcelona<\/li>\n<li>Carlos Blanco Fern\u00e1ndez, Universitat Rovira i Virgili<\/li>\n<li>Alfonso Calder\u00f3n, Universitat de Lleida<\/li>\n<li>Bernat Castany, Universitat de Barcelona<\/li>\n<li>Fernando del Castillo, Universitat Aut\u00f2noma de Barcelona<\/li>\n<li>Leonardo Espitia, Instituto Caro y Cuervo, Colombia<\/li>\n<li>Paul Firbas, Stony Brook University, Estados Unidos<\/li>\n<li>Arturo Galindo, Universitat Aut\u00f2noma de Barcelona<\/li>\n<li>Bernat Gar\u00ed, Universitat de Barcelona<\/li>\n<li>Ana Guillam\u00f3n, Universitat de Barcelona<\/li>\n<li>Eva Lafuente, Sorbonne Nouvelle, Francia<\/li>\n<li>Santiago Lugo, Universitat Aut\u00f2noma de Barcelona<\/li>\n<li>Giuseppe Marino, Universidad Complutense de Madrid<\/li>\n<li>Ra\u00fal Marrero-Fente, University of Minnesota, Estados Unidos<\/li>\n<li>Jaime Jos\u00e9 Mart\u00ednez Mart\u00edn, Universidad Nacional de Educaci\u00f3n a Distancia<\/li>\n<li>Marta Ortiz, Universidad Aut\u00f3noma de Madrid<\/li>\n<li>Fernando J. Padilla Angulo, Universitat Aut\u00f2noma de Barcelona<\/li>\n<li>Miguel Anxo Pena,&nbsp; Universidad Pontificia de Salamanca<\/li>\n<li>Nicolas de Ribas, Universit\u00e9 d&#8217;Artois, Francia<\/li>\n<li>Francisco Rico Callado, Universidad de Extremadura<\/li>\n<li>Pere Roca, Universitat Aut\u00f2noma de Barcelona<\/li>\n<li>Eric Roulet, Universit\u00e9 Littoral C\u00f4te d\u2019Opale, Francia<\/li>\n<li>Omar Sanz, Universitat Aut\u00f2noma de Barcelona<\/li>\n<li>Mercedes Serna, Universitat de Barcelona<\/li>\n<li>David Tella, Universitat de Barcelona<\/li>\n<li>Concepci\u00f3n Zayas, Benem\u00e9rita Universidad Aut\u00f3noma de Puebla, M\u00e9xico<\/li>\n<\/ul>\n<p><strong>Entidades colaboradoras:<\/strong><\/p>\n<ul>\n<li><a href=\"http:\/\/cece.uab.cat\/\" target=\"_blank\" rel=\"noopener\">CECE<\/a> &#8211; Centro de Estudios para la Edici\u00f3n de los Cl\u00e1sicos Espa\u00f1oles<\/li>\n<li><a href=\"https:\/\/webs.uab.cat\/grehc\/ca\/\" target=\"_blank\" rel=\"noopener\">GREHC<\/a> &#8211; Grup de Recerca d&#8217;Estudis d&#8217;Hist\u00f2ria Cultura (Departamento de Historia moderna y contempor\u00e1nea, UAB)<\/li>\n<li>IHPHOP &#8211; Instituto Hist\u00f3rico de la Provincia de Hispania de la Orden de Predicadores<\/li>\n<li><a href=\"https:\/\/portalrecerca.uab.cat\/en\/organisations\/literary-traditions-and-texts-of-the-early-modern-age-italian-ibe\">LT&amp;T<\/a> &#8211; Literary Traditions and Texts of the Early Moden Period: Iberia and Italy (Departamento de Filolog\u00eda espa\u00f1ola, UAB)<\/li>\n<li><a href=\"https:\/\/portalrecerca.csuc.cat\/cris\/project\/pj2825256\" target=\"_blank\" rel=\"noopener\">Transfer of Knowledge and Works in the Viceregal Archive of the Indies<\/a><br data-rich-text-line-break=\"true\">Universitat de Barcelona y Uni\u00f3n Iberoamericana de Universidades<\/li>\n<\/ul>\n","protected":false},"excerpt":{"rendered":"<p>PERSONAL Director: Guillermo Ser\u00e9s, Filolog\u00eda espa\u00f1ola Investigadores Jos\u00e9 Luis Betr\u00e1n, Historia moderna Joan Curbet, Filolog\u00eda inglesa Laura Fern\u00e1ndez, Filolog\u00eda espa\u00f1ola Carme Font, Filolog\u00eda inglesa Jaime Gonz\u00e1lez Bolado, Historia moderna, Historia de Asia Bernat Hern\u00e1ndez, Historia moderna, Historia de Am\u00e9rica Zhicang Huang, Historia moderna, Historia de China Jaouad Jabri, Historia moderna Dominik Jurczak, Filolog\u00eda espa\u00f1ola, Liturgia, [&hellip;]<\/p>\n","protected":false},"author":20,"featured_media":0,"parent":0,"menu_order":0,"comment_status":"closed","ping_status":"closed","template":"","meta":{"footnotes":""},"class_list":["post-86","page","type-page","status-publish","hentry"],"_links":{"self":[{"href":"https:\/\/webs.uab.cat\/ceac\/wp-json\/wp\/v2\/pages\/86","targetHints":{"allow":["GET"]}}],"collection":[{"href":"https:\/\/webs.uab.cat\/ceac\/wp-json\/wp\/v2\/pages"}],"about":[{"href":"https:\/\/webs.uab.cat\/ceac\/wp-json\/wp\/v2\/types\/page"}],"author":[{"embeddable":true,"href":"https:\/\/webs.uab.cat\/ceac\/wp-json\/wp\/v2\/users\/20"}],"replies":[{"embeddable":true,"href":"https:\/\/webs.uab.cat\/ceac\/wp-json\/wp\/v2\/comments?post=86"}],"version-history":[{"count":14,"href":"https:\/\/webs.uab.cat\/ceac\/wp-json\/wp\/v2\/pages\/86\/revisions"}],"predecessor-version":[{"id":481,"href":"https:\/\/webs.uab.cat\/ceac\/wp-json\/wp\/v2\/pages\/86\/revisions\/481"}],"wp:attachment":[{"href":"https:\/\/webs.uab.cat\/ceac\/wp-json\/wp\/v2\/media?parent=86"}],"curies":[{"name":"wp","href":"https:\/\/api.w.org\/{rel}","templated":true}]}}