{"id":88,"date":"2021-04-30T11:18:06","date_gmt":"2021-04-30T11:18:06","guid":{"rendered":"https:\/\/webs.uab.cat\/ceac\/proyectos\/"},"modified":"2026-03-15T08:50:42","modified_gmt":"2026-03-15T07:50:42","slug":"proyectos","status":"publish","type":"page","link":"https:\/\/webs.uab.cat\/ceac\/proyectos\/","title":{"rendered":"PROYECTOS"},"content":{"rendered":"<h2><span style=\"color: #008000\">Proyectos vigentes<\/span><\/h2>\n<ul>\n<li>\n<h5><span style=\"color: #008000\"><a style=\"color: #008000\" href=\"https:\/\/portalrecerca.uab.cat\/ca\/projects\/juan-bosc%C3%A1n-la-encrucijada-entre-la-edad-media-y-el-renacimiento-\/\">Juan Bosc\u00e1n, la encrucijada entre la Edad Media y el Renacimiento: estudio de su vida y edici\u00f3n cr\u00edtica de su poes\u00eda y de su prosa, 2025-2028<\/a><\/span><\/h5>\n<\/li>\n<li>\n<h5><a href=\"https:\/\/webs.uab.cat\/evanfe\/\"><span style=\"color: #008000\"><strong>EVANFE<\/strong>. Evangelizaci\u00f3n en femenino. Mujeres agentes de cristianizaci\u00f3n y Orden de Predicadores en el mundo ib\u00e9rico (siglos XVII-XIX). 2024-2027<\/span><\/a><\/h5>\n<\/li>\n<\/ul>\n","protected":false},"excerpt":{"rendered":"<p>Proyectos vigentes Juan Bosc\u00e1n, la encrucijada entre la Edad Media y el Renacimiento: estudio de su vida y edici\u00f3n cr\u00edtica de su poes\u00eda y de su prosa, 2025-2028 EVANFE. Evangelizaci\u00f3n en femenino. Mujeres agentes de cristianizaci\u00f3n y Orden de Predicadores en el mundo ib\u00e9rico (siglos XVII-XIX). 2024-2027<\/p>\n","protected":false},"author":20,"featured_media":0,"parent":0,"menu_order":0,"comment_status":"closed","ping_status":"closed","template":"","meta":{"footnotes":""},"class_list":["post-88","page","type-page","status-publish","hentry"],"_links":{"self":[{"href":"https:\/\/webs.uab.cat\/ceac\/wp-json\/wp\/v2\/pages\/88","targetHints":{"allow":["GET"]}}],"collection":[{"href":"https:\/\/webs.uab.cat\/ceac\/wp-json\/wp\/v2\/pages"}],"about":[{"href":"https:\/\/webs.uab.cat\/ceac\/wp-json\/wp\/v2\/types\/page"}],"author":[{"embeddable":true,"href":"https:\/\/webs.uab.cat\/ceac\/wp-json\/wp\/v2\/users\/20"}],"replies":[{"embeddable":true,"href":"https:\/\/webs.uab.cat\/ceac\/wp-json\/wp\/v2\/comments?post=88"}],"version-history":[{"count":12,"href":"https:\/\/webs.uab.cat\/ceac\/wp-json\/wp\/v2\/pages\/88\/revisions"}],"predecessor-version":[{"id":692,"href":"https:\/\/webs.uab.cat\/ceac\/wp-json\/wp\/v2\/pages\/88\/revisions\/692"}],"wp:attachment":[{"href":"https:\/\/webs.uab.cat\/ceac\/wp-json\/wp\/v2\/media?parent=88"}],"curies":[{"name":"wp","href":"https:\/\/api.w.org\/{rel}","templated":true}]}}