{"id":1973,"date":"2016-07-22T12:56:42","date_gmt":"2016-07-22T12:56:42","guid":{"rendered":"https:\/\/webs.uab.cat\/cedid\/economic-crisis-government-policies-and-strikes\/"},"modified":"2016-07-22T12:56:42","modified_gmt":"2016-07-22T12:56:42","slug":"economic-crisis-government-policies-and-strikes","status":"publish","type":"page","link":"https:\/\/webs.uab.cat\/cedid\/es\/economic-crisis-government-policies-and-strikes\/","title":{"rendered":"Economic crisis, government policies and strikes"},"content":{"rendered":"<p align=\"justify\"><em><strong>2. Economic crisis, government policies and strikes: from 20th to 21st century \/ Crisi econ\u00f2mica, pol\u00edtiques de govern i vagues: del segle XX al XXI \/ Crisis econ\u00f3mica, pol\u00edticas de gobierno y huelgas: del siglo XX al XXI<\/strong><\/em>.<br \/>Cotarelo, Mar\u00eda Celia; I\u00f1igo Carrera, Nicol\u00e1s: \u201c<a href=\"http:\/\/ddd.uab.cat\/pub\/caplli\/2016\/157736\/E5UCotarelo_MariaCelia_Inigo_Carrera_Nicolas.pdf\" target=\"_blank\" rel=\"noopener\">Las huelgas generales despu\u00e9s de la crisis. Argentina 2002 \u2013 2014<\/a>\u201d.<br \/>Lima, Sonia Lucio R. de; Matias, Lilian de Souza Lima: \u201c<a href=\"http:\/\/ddd.uab.cat\/pub\/caplli\/2016\/157737\/F6ULima_Sonia_Matias_Lilian_OK_.pdf\" target=\"_blank\" rel=\"noopener\">A greve dos oper\u00e1rios navais de Niter\u00f3i no contexto do pr\u00e9-sal<\/a>\u201d<br \/>Nowak, J\u00f6rg: \u201c<a href=\"http:\/\/ddd.uab.cat\/pub\/caplli\/2016\/157738\/G7UNowak_Jorg.pdf\" target=\"_blank\" rel=\"noopener\">Mass Strikes in the Brazilian construction sector and in the Indian automobile sector: Contemporality and spatial patterns of mobilization in mass strikes<\/a>\u201d<br \/>Souza, Davisson Cangussu de; Tropia, Patr\u00edcia Vieira: \u201c<a href=\"http:\/\/ddd.uab.cat\/pub\/caplli\/2016\/157740\/H8UDeSouza_Davisson_Tropia_Patricia.pdf\" target=\"_blank\" rel=\"noopener\">Greves, conjuntura pol\u00edtico-econ\u00f4mica e transforma\u00e7\u00f5es ideol\u00f3gicas no sindicalismo brasileiro recente (1989-2013)<\/a>\u201d.<\/p>\n","protected":false},"excerpt":{"rendered":"<p>2. Economic crisis, government policies and strikes: from 20th to 21st century \/ Crisi econ\u00f2mica, pol\u00edtiques de govern i vagues: del segle XX al XXI \/ Crisis econ\u00f3mica, pol\u00edticas de gobierno y huelgas: del siglo XX al XXI.Cotarelo, Mar\u00eda Celia; I\u00f1igo Carrera, Nicol\u00e1s: \u201cLas huelgas generales despu\u00e9s de la crisis. Argentina 2002 \u2013 2014\u201d.Lima, Sonia [&hellip;]<\/p>\n","protected":false},"author":20,"featured_media":0,"parent":0,"menu_order":0,"comment_status":"closed","ping_status":"closed","template":"","meta":{"footnotes":""},"class_list":["post-1973","page","type-page","status-publish","hentry"],"_links":{"self":[{"href":"https:\/\/webs.uab.cat\/cedid\/es\/wp-json\/wp\/v2\/pages\/1973","targetHints":{"allow":["GET"]}}],"collection":[{"href":"https:\/\/webs.uab.cat\/cedid\/es\/wp-json\/wp\/v2\/pages"}],"about":[{"href":"https:\/\/webs.uab.cat\/cedid\/es\/wp-json\/wp\/v2\/types\/page"}],"author":[{"embeddable":true,"href":"https:\/\/webs.uab.cat\/cedid\/es\/wp-json\/wp\/v2\/users\/20"}],"replies":[{"embeddable":true,"href":"https:\/\/webs.uab.cat\/cedid\/es\/wp-json\/wp\/v2\/comments?post=1973"}],"version-history":[{"count":0,"href":"https:\/\/webs.uab.cat\/cedid\/es\/wp-json\/wp\/v2\/pages\/1973\/revisions"}],"wp:attachment":[{"href":"https:\/\/webs.uab.cat\/cedid\/es\/wp-json\/wp\/v2\/media?parent=1973"}],"curies":[{"name":"wp","href":"https:\/\/api.w.org\/{rel}","templated":true}]}}

<p align="justify"><em><strong>2. Economic crisis, government policies and strikes: from 20th to 21st century / Crisi econòmica, polítiques de govern i vagues: del segle XX al XXI / Crisis económica, políticas de gobierno y huelgas: del siglo XX al XXI</strong></em>.<br />Cotarelo, María Celia; Iñigo Carrera, Nicolás: “<a href="http://ddd.uab.cat/pub/caplli/2016/157736/E5UCotarelo_MariaCelia_Inigo_Carrera_Nicolas.pdf" target="_blank" rel="noopener">Las huelgas generales después de la crisis. Argentina 2002 – 2014</a>”.<br />Lima, Sonia Lucio R. de; Matias, Lilian de Souza Lima: “<a href="http://ddd.uab.cat/pub/caplli/2016/157737/F6ULima_Sonia_Matias_Lilian_OK_.pdf" target="_blank" rel="noopener">A greve dos operários navais de Niterói no contexto do pré-sal</a>”<br />Nowak, Jörg: “<a href="http://ddd.uab.cat/pub/caplli/2016/157738/G7UNowak_Jorg.pdf" target="_blank" rel="noopener">Mass Strikes in the Brazilian construction sector and in the Indian automobile sector: Contemporality and spatial patterns of mobilization in mass strikes</a>”<br />Souza, Davisson Cangussu de; Tropia, Patrícia Vieira: “<a href="http://ddd.uab.cat/pub/caplli/2016/157740/H8UDeSouza_Davisson_Tropia_Patricia.pdf" target="_blank" rel="noopener">Greves, conjuntura político-econômica e transformações ideológicas no sindicalismo brasileiro recente (1989-2013)</a>”.</p>

<p>2. Economic crisis, government policies and strikes: from 20th to 21st century / Crisi econòmica, polítiques de govern i vagues: del segle XX al XXI / Crisis económica, políticas de gobierno y huelgas: del siglo XX al XXI.Cotarelo, María Celia; Iñigo Carrera, Nicolás: “Las huelgas generales después de la crisis. Argentina 2002 – 2014”.Lima, Sonia [&hellip;]</p>
