{"id":2555,"date":"2021-02-12T11:52:46","date_gmt":"2021-02-12T11:52:46","guid":{"rendered":"https:\/\/webs.uab.cat\/cedid\/basesdedatos\/"},"modified":"2023-06-29T10:36:55","modified_gmt":"2023-06-29T10:36:55","slug":"basesdedatos","status":"publish","type":"page","link":"https:\/\/webs.uab.cat\/cedid\/es\/basesdedatos\/","title":{"rendered":"Bases de datos"},"content":{"rendered":"\n<p>* <a href=\"https:\/\/webs.uab.cat\/cedid\/es\/catalunya-durant-el-franquisme-2\/\" data-type=\"page\" data-id=\"1813\"><strong>Catalunya durant el franquisme<\/strong><\/a><\/p>\n\n\n\n<p>* <a href=\"https:\/\/webs.uab.cat\/cedid\/es\/la-izquierda-en-la-transicion\/\" data-type=\"page\" data-id=\"1961\"><strong>L&#8217;Esquerra a la transici\u00f3<\/strong><\/a><\/p>\n\n\n\n<p>* <a href=\"https:\/\/webs.uab.cat\/cedid\/es\/transiciones-en-el-sur-de-europa-y-america-latina\/\" data-type=\"page\" data-id=\"2556\"><strong>Transicions a la democr\u00e0cia a Europa i a l&#8217;Am\u00e8rica Llatina: Espanya, Portugal, Argentina i Xile<\/strong><\/a><\/p>\n\n\n\n<p>* <a href=\"https:\/\/webs.uab.cat\/cedid\/es\/gobernadores-civiles-2\/\" data-type=\"page\" data-id=\"1813\"><strong>Gobernadores Civiles<\/strong><\/a><\/p>\n","protected":false},"excerpt":{"rendered":"<p>* Catalunya durant el franquisme * L&#8217;Esquerra a la transici\u00f3 * Transicions a la democr\u00e0cia a Europa i a l&#8217;Am\u00e8rica Llatina: Espanya, Portugal, Argentina i Xile * Gobernadores Civiles<\/p>\n","protected":false},"author":20,"featured_media":0,"parent":0,"menu_order":0,"comment_status":"closed","ping_status":"closed","template":"","meta":{"footnotes":""},"class_list":["post-2555","page","type-page","status-publish","hentry"],"_links":{"self":[{"href":"https:\/\/webs.uab.cat\/cedid\/es\/wp-json\/wp\/v2\/pages\/2555","targetHints":{"allow":["GET"]}}],"collection":[{"href":"https:\/\/webs.uab.cat\/cedid\/es\/wp-json\/wp\/v2\/pages"}],"about":[{"href":"https:\/\/webs.uab.cat\/cedid\/es\/wp-json\/wp\/v2\/types\/page"}],"author":[{"embeddable":true,"href":"https:\/\/webs.uab.cat\/cedid\/es\/wp-json\/wp\/v2\/users\/20"}],"replies":[{"embeddable":true,"href":"https:\/\/webs.uab.cat\/cedid\/es\/wp-json\/wp\/v2\/comments?post=2555"}],"version-history":[{"count":3,"href":"https:\/\/webs.uab.cat\/cedid\/es\/wp-json\/wp\/v2\/pages\/2555\/revisions"}],"predecessor-version":[{"id":7483,"href":"https:\/\/webs.uab.cat\/cedid\/es\/wp-json\/wp\/v2\/pages\/2555\/revisions\/7483"}],"wp:attachment":[{"href":"https:\/\/webs.uab.cat\/cedid\/es\/wp-json\/wp\/v2\/media?parent=2555"}],"curies":[{"name":"wp","href":"https:\/\/api.w.org\/{rel}","templated":true}]}}

<p>* <a href="https://webs.uab.cat/cedid/es/catalunya-durant-el-franquisme-2/" data-type="page" data-id="1813"><strong>Catalunya durant el franquisme</strong></a></p>



<p>* <a href="https://webs.uab.cat/cedid/es/la-izquierda-en-la-transicion/" data-type="page" data-id="1961"><strong>L&#8217;Esquerra a la transició</strong></a></p>



<p>* <a href="https://webs.uab.cat/cedid/es/transiciones-en-el-sur-de-europa-y-america-latina/" data-type="page" data-id="2556"><strong>Transicions a la democràcia a Europa i a l&#8217;Amèrica Llatina: Espanya, Portugal, Argentina i Xile</strong></a></p>



<p>* <a href="https://webs.uab.cat/cedid/es/gobernadores-civiles-2/" data-type="page" data-id="1813"><strong>Gobernadores Civiles</strong></a></p>

<p>* Catalunya durant el franquisme * L&#8217;Esquerra a la transició * Transicions a la democràcia a Europa i a l&#8217;Amèrica Llatina: Espanya, Portugal, Argentina i Xile * Gobernadores Civiles</p>
