{"id":2556,"date":"2021-02-12T11:56:24","date_gmt":"2021-02-12T11:56:24","guid":{"rendered":"https:\/\/webs.uab.cat\/cedid\/transiciones-en-el-sur-de-europa-y-america-latina\/"},"modified":"2026-07-20T16:04:35","modified_gmt":"2026-07-20T16:04:35","slug":"transiciones-en-el-sur-de-europa-y-america-latina","status":"publish","type":"page","link":"https:\/\/webs.uab.cat\/cedid\/es\/transiciones-en-el-sur-de-europa-y-america-latina\/","title":{"rendered":"Transiciones en el Sur de Europa y Am\u00e9rica Latina"},"content":{"rendered":"\n<p class=\"wp-block-paragraph\">&nbsp;<\/p>\n\n\n\n<p class=\"wp-block-paragraph\">Un equipo de investigaci\u00f3n&nbsp;del CEDID, con la participaci\u00f3n de otros investigadores e investigadoras, desarroll\u00f3 entre 2016 y 2019 el proyecto <em>Transiciones a la democracia en el sur de Europa y Am\u00e9rica Latina: Espa\u00f1a, Portugal, Argentina y Chile<\/em> (HAR2015-63657-P), financiado por el Mineco. El proyecto, cuyos investigadores principales fueron Carme Molinero y Pere Ys\u00e0s, permiti\u00f3 un avance relevante en el an\u00e1lisis y el conocimiento de los procesos de transici\u00f3n en los cuatro casos estudiado, en particular gracias a la adopci\u00f3n de una perspectiva marcadamente comparativa. Entre los productos del proyecto destacan la construcci\u00f3n de una base de datos bibliogr\u00e1fica con m\u00e1s de 200 entradas y la confecci\u00f3n de una lista con todos los archivos y fuentes documentales consultados. Ambas herramientas se pueden consultar online:<\/p>\n\n\n\n<p class=\"wp-block-paragraph\">&nbsp;* <a rel=\"noopener\" href=\"http:\/\/basedadestransicions.uab.cat\/iah4\/es\/index.htm\" target=\"_blank\"><strong>Acesso a la base de datos<\/strong><\/a><\/p>\n\n\n\n<p class=\"wp-block-paragraph\">* <a href=\"https:\/\/centresderecerca.uab.cat\/cedid\/es\/node\/507\"><strong>Archivos y fuentes documentales consultados<\/strong><\/a><\/p>\n\n\n\n<p class=\"wp-block-paragraph\">Como resultado de la investigaci\u00f3n realizada, se han publicado los vol\u00famenes:<\/p>\n\n\n\n<div class=\"wp-block-media-text alignwide is-stacked-on-mobile\" style=\"grid-template-columns:25% auto\"><figure class=\"wp-block-media-text__media\"><img loading=\"lazy\" decoding=\"async\" width=\"436\" height=\"615\" src=\"https:\/\/webs.uab.cat\/cedid\/wp-content\/uploads\/sites\/151\/2023\/05\/De-dictaduras-a-democracias-1.jpg\" alt=\"\" class=\"wp-image-7057 size-full\" srcset=\"https:\/\/webs.uab.cat\/cedid\/wp-content\/uploads\/sites\/151\/2023\/05\/De-dictaduras-a-democracias-1.jpg 436w, https:\/\/webs.uab.cat\/cedid\/wp-content\/uploads\/sites\/151\/2023\/05\/De-dictaduras-a-democracias-1-213x300.jpg 213w\" sizes=\"auto, (max-width: 436px) 100vw, 436px\" \/><\/figure><div class=\"wp-block-media-text__content\">\n<p class=\"wp-block-paragraph\"><strong>Carme Molinero y Pere Ys\u00e0s (eds.). <em>De Dictaduras a Democracias<\/em>. <em>Portugal, Espa\u00f1a, Argentina, Chile<\/em>, Granada, Comares, 2020.<\/strong><\/p>\n\n\n\n<p class=\"wp-block-paragraph\">Este libro analiza las claves del paso de dictaduras a democracias en Portugal y Espa\u00f1a en los a\u00f1os setenta y en Argentina y Chile en los ochenta. Para explicar los procesos de transici\u00f3n y para poderlos comparar hay que partir del marco temporal y espacial de cada caso, de la naturaleza y las caracter\u00edsticas de los reg\u00edmenes dictatoriales, de su trayectoria y de los factores determinantes de su crisis. Por otra parte, debe ser objeto de particular atenci\u00f3n el papel de los principales actores pol\u00edticos y sociales, la propia din\u00e1mica de los acontecimientos y la configuraci\u00f3n de las democracias. En este sentido es destacable que, pese a la cercan\u00eda temporal, el marco econ\u00f3mico, cultural y pol\u00edtico de una y otra d\u00e9cada fueron muy distintos, como lo eran los escenarios pr\u00f3ximos, el europeo con democracias s\u00f3lidas y estados del bienestar desarrollados y el latinoamericano con la persistencia de democracias fr\u00e1giles y con la permanente influencia de los EE.UU. Las dos dictaduras ib\u00e9ricas ten\u00edan sus or\u00edgenes en la \u00e9poca de entreguerras, en el tiempo de los fascismos, en tanto que las de Argentina y Chile en los a\u00f1os setenta se establecieron bajo el paradigma de la lucha contra la subversi\u00f3n comunista y la doctrina de la Seguridad Nacional. <em>De Dictaduras a Democracias<\/em> analiza los rasgos caracter\u00edsticos de los cuatro procesos de cambio pol\u00edtico, destacando tanto sus semejanzas como sus diferencias.<\/p>\n\n\n\n<p class=\"wp-block-paragraph\"><strong><a href=\"https:\/\/www.comares.com\/libro\/de-dictaduras-a-democracias_117138\/\">\u00cdndice y otras informaciones<\/a><\/strong><\/p>\n<\/div><\/div>\n\n\n\n<div class=\"wp-block-media-text alignwide is-stacked-on-mobile\" style=\"grid-template-columns:25% auto\"><figure class=\"wp-block-media-text__media\"><img loading=\"lazy\" decoding=\"async\" width=\"240\" height=\"377\" src=\"https:\/\/webs.uab.cat\/cedid\/wp-content\/uploads\/sites\/151\/2023\/05\/Transiciones-1.gif\" alt=\"\" class=\"wp-image-7060 size-full\" \/><\/figure><div class=\"wp-block-media-text__content\">\n<p class=\"wp-block-paragraph\"><strong>Carme Molinero y Pere Ys\u00e0s (eds.): <em>Transiciones. Estudios sobre Europa del Sur y Am\u00e9rica Latina<\/em>, Madrid, Los Libros de la Catarata, 2019.<\/strong><\/p>\n\n\n\n<p class=\"wp-block-paragraph\">Portugal, Espa\u00f1a, Chile y Argentina vivieron, entre mediados de los a\u00f1os setenta y los ochenta, un proceso de transici\u00f3n tras el final de las respectivas dictaduras que hubieron de padecer. No siempre es cierto que tras la tormenta llegue la calma, pues la lucha contra la inercia de estos reg\u00edmenes suele convertirse en un tenaz obst\u00e1culo en el camino hacia la democracia. Pero \u00bfes este el destino que realmente se alcanza o es la normalizaci\u00f3n -la adaptaci\u00f3n- de los anteriores engranajes al mecanismo democr\u00e1tico? En cualquier caso, fueron procesos protagonizados por la pugna entre el cambio y la continuidad, lo nuevo y lo viejo, el di\u00e1logo y las armas, la memoria y el olvido; y, asimismo, fueron muchas las personas que, tambi\u00e9n desde \u00e1mbitos que trascend\u00edan la esfera pol\u00edtica, perseveraron en exigir los muchos saneamientos y reparaciones de las heridas causadas por las dictaduras. Cuatro transiciones con algunas similitudes y con notables diferencias, desarrolladas en contextos espaciales y temporales distintos, sobre las que en este libro se analizan aspectos clave. Cuatro procesos transicionales particularmente relevantes de la tercera ola de democratizaciones, sobre los que los autores, a trav\u00e9s de una detallada y necesaria contextualizaci\u00f3n, aportan nuevos conocimientos y reflexiones para su mejor comprensi\u00f3n. El libro es producto del proyecto de investigaci\u00f3n <em>Transiciones a la democracia en el sur de Europa y en Am\u00e9rica Latina: Espa\u00f1a, Portugal, Argentina y Chile <\/em>(HAR2015-63657-P).<\/p>\n\n\n\n<p class=\"wp-block-paragraph\"><strong><a href=\"https:\/\/www.catarata.org\/libro\/transiciones_104861\/\">\u00cdndice y otras informaciones<\/a><\/strong><\/p>\n<\/div><\/div>\n\n\n\n<p class=\"wp-block-paragraph\">Para&nbsp;acceder a una s\u00edntesis de los principales resultados del proyecto:&nbsp;<strong><a href=\"\/cedid\/sites\/centresderecerca.uab.cat.cedid\/files\/resumen_har2015-63657-p.pdf\">Resumen<\/a><\/strong><\/p>\n","protected":false},"excerpt":{"rendered":"<p>&nbsp; Un equipo de investigaci\u00f3n&nbsp;del CEDID, con la participaci\u00f3n de otros investigadores e investigadoras, desarroll\u00f3 entre 2016 y 2019 el proyecto Transiciones a la democracia en el sur de Europa y Am\u00e9rica Latina: Espa\u00f1a, Portugal, Argentina y Chile (HAR2015-63657-P), financiado por el Mineco. El proyecto, cuyos investigadores principales fueron Carme Molinero y Pere Ys\u00e0s, permiti\u00f3 [&hellip;]<\/p>\n","protected":false},"author":20,"featured_media":0,"parent":0,"menu_order":0,"comment_status":"closed","ping_status":"closed","template":"","meta":{"footnotes":""},"class_list":["post-2556","page","type-page","status-publish","hentry"],"_links":{"self":[{"href":"https:\/\/webs.uab.cat\/cedid\/es\/wp-json\/wp\/v2\/pages\/2556","targetHints":{"allow":["GET"]}}],"collection":[{"href":"https:\/\/webs.uab.cat\/cedid\/es\/wp-json\/wp\/v2\/pages"}],"about":[{"href":"https:\/\/webs.uab.cat\/cedid\/es\/wp-json\/wp\/v2\/types\/page"}],"author":[{"embeddable":true,"href":"https:\/\/webs.uab.cat\/cedid\/es\/wp-json\/wp\/v2\/users\/20"}],"replies":[{"embeddable":true,"href":"https:\/\/webs.uab.cat\/cedid\/es\/wp-json\/wp\/v2\/comments?post=2556"}],"version-history":[{"count":3,"href":"https:\/\/webs.uab.cat\/cedid\/es\/wp-json\/wp\/v2\/pages\/2556\/revisions"}],"predecessor-version":[{"id":11396,"href":"https:\/\/webs.uab.cat\/cedid\/es\/wp-json\/wp\/v2\/pages\/2556\/revisions\/11396"}],"wp:attachment":[{"href":"https:\/\/webs.uab.cat\/cedid\/es\/wp-json\/wp\/v2\/media?parent=2556"}],"curies":[{"name":"wp","href":"https:\/\/api.w.org\/{rel}","templated":true}]}}

Transiciones en el Sur de Europa y América Latina

<p class="wp-block-paragraph">&nbsp;</p>



<p class="wp-block-paragraph">Un equipo de investigación&nbsp;del CEDID, con la participación de otros investigadores e investigadoras, desarrolló entre 2016 y 2019 el proyecto <em>Transiciones a la democracia en el sur de Europa y América Latina: España, Portugal, Argentina y Chile</em> (HAR2015-63657-P), financiado por el Mineco. El proyecto, cuyos investigadores principales fueron Carme Molinero y Pere Ysàs, permitió un avance relevante en el análisis y el conocimiento de los procesos de transición en los cuatro casos estudiado, en particular gracias a la adopción de una perspectiva marcadamente comparativa. Entre los productos del proyecto destacan la construcción de una base de datos bibliográfica con más de 200 entradas y la confección de una lista con todos los archivos y fuentes documentales consultados. Ambas herramientas se pueden consultar online:</p>



<p class="wp-block-paragraph">&nbsp;* <a rel="noopener" href="http://basedadestransicions.uab.cat/iah4/es/index.htm" target="_blank"><strong>Acesso a la base de datos</strong></a></p>



<p class="wp-block-paragraph">* <a href="https://centresderecerca.uab.cat/cedid/es/node/507"><strong>Archivos y fuentes documentales consultados</strong></a></p>



<p class="wp-block-paragraph">Como resultado de la investigación realizada, se han publicado los volúmenes:</p>



<div class="wp-block-media-text alignwide is-stacked-on-mobile" style="grid-template-columns:25% auto"><figure class="wp-block-media-text__media"><img loading="lazy" decoding="async" width="436" height="615" src="https://webs.uab.cat/cedid/wp-content/uploads/sites/151/2023/05/De-dictaduras-a-democracias-1.jpg" alt="" class="wp-image-7057 size-full" srcset="https://webs.uab.cat/cedid/wp-content/uploads/sites/151/2023/05/De-dictaduras-a-democracias-1.jpg 436w, https://webs.uab.cat/cedid/wp-content/uploads/sites/151/2023/05/De-dictaduras-a-democracias-1-213x300.jpg 213w" sizes="auto, (max-width: 436px) 100vw, 436px" /></figure><div class="wp-block-media-text__content">
<p class="wp-block-paragraph"><strong>Carme Molinero y Pere Ysàs (eds.). <em>De Dictaduras a Democracias</em>. <em>Portugal, España, Argentina, Chile</em>, Granada, Comares, 2020.</strong></p>



<p class="wp-block-paragraph">Este libro analiza las claves del paso de dictaduras a democracias en Portugal y España en los años setenta y en Argentina y Chile en los ochenta. Para explicar los procesos de transición y para poderlos comparar hay que partir del marco temporal y espacial de cada caso, de la naturaleza y las características de los regímenes dictatoriales, de su trayectoria y de los factores determinantes de su crisis. Por otra parte, debe ser objeto de particular atención el papel de los principales actores políticos y sociales, la propia dinámica de los acontecimientos y la configuración de las democracias. En este sentido es destacable que, pese a la cercanía temporal, el marco económico, cultural y político de una y otra década fueron muy distintos, como lo eran los escenarios próximos, el europeo con democracias sólidas y estados del bienestar desarrollados y el latinoamericano con la persistencia de democracias frágiles y con la permanente influencia de los EE.UU. Las dos dictaduras ibéricas tenían sus orígenes en la época de entreguerras, en el tiempo de los fascismos, en tanto que las de Argentina y Chile en los años setenta se establecieron bajo el paradigma de la lucha contra la subversión comunista y la doctrina de la Seguridad Nacional. <em>De Dictaduras a Democracias</em> analiza los rasgos característicos de los cuatro procesos de cambio político, destacando tanto sus semejanzas como sus diferencias.</p>



<p class="wp-block-paragraph"><strong><a href="https://www.comares.com/libro/de-dictaduras-a-democracias_117138/">Índice y otras informaciones</a></strong></p>
</div></div>



<div class="wp-block-media-text alignwide is-stacked-on-mobile" style="grid-template-columns:25% auto"><figure class="wp-block-media-text__media"><img loading="lazy" decoding="async" width="240" height="377" src="https://webs.uab.cat/cedid/wp-content/uploads/sites/151/2023/05/Transiciones-1.gif" alt="" class="wp-image-7060 size-full" /></figure><div class="wp-block-media-text__content">
<p class="wp-block-paragraph"><strong>Carme Molinero y Pere Ysàs (eds.): <em>Transiciones. Estudios sobre Europa del Sur y América Latina</em>, Madrid, Los Libros de la Catarata, 2019.</strong></p>



<p class="wp-block-paragraph">Portugal, España, Chile y Argentina vivieron, entre mediados de los años setenta y los ochenta, un proceso de transición tras el final de las respectivas dictaduras que hubieron de padecer. No siempre es cierto que tras la tormenta llegue la calma, pues la lucha contra la inercia de estos regímenes suele convertirse en un tenaz obstáculo en el camino hacia la democracia. Pero ¿es este el destino que realmente se alcanza o es la normalización -la adaptación- de los anteriores engranajes al mecanismo democrático? En cualquier caso, fueron procesos protagonizados por la pugna entre el cambio y la continuidad, lo nuevo y lo viejo, el diálogo y las armas, la memoria y el olvido; y, asimismo, fueron muchas las personas que, también desde ámbitos que trascendían la esfera política, perseveraron en exigir los muchos saneamientos y reparaciones de las heridas causadas por las dictaduras. Cuatro transiciones con algunas similitudes y con notables diferencias, desarrolladas en contextos espaciales y temporales distintos, sobre las que en este libro se analizan aspectos clave. Cuatro procesos transicionales particularmente relevantes de la tercera ola de democratizaciones, sobre los que los autores, a través de una detallada y necesaria contextualización, aportan nuevos conocimientos y reflexiones para su mejor comprensión. El libro es producto del proyecto de investigación <em>Transiciones a la democracia en el sur de Europa y en América Latina: España, Portugal, Argentina y Chile </em>(HAR2015-63657-P).</p>



<p class="wp-block-paragraph"><strong><a href="https://www.catarata.org/libro/transiciones_104861/">Índice y otras informaciones</a></strong></p>
</div></div>



<p class="wp-block-paragraph">Para&nbsp;acceder a una síntesis de los principales resultados del proyecto:&nbsp;<strong><a href="/cedid/sites/centresderecerca.uab.cat.cedid/files/resumen_har2015-63657-p.pdf">Resumen</a></strong></p>

<p>&nbsp; Un equipo de investigación&nbsp;del CEDID, con la participación de otros investigadores e investigadoras, desarrolló entre 2016 y 2019 el proyecto Transiciones a la democracia en el sur de Europa y América Latina: España, Portugal, Argentina y Chile (HAR2015-63657-P), financiado por el Mineco. El proyecto, cuyos investigadores principales fueron Carme Molinero y Pere Ysàs, permitió [&hellip;]</p>
