{"id":350,"date":"2010-06-22T16:19:43","date_gmt":"2010-06-22T16:19:43","guid":{"rendered":"https:\/\/webs.uab.cat\/cedid\/2003-2004-2\/"},"modified":"2022-12-10T15:04:27","modified_gmt":"2022-12-10T15:04:27","slug":"2003-2004-2","status":"publish","type":"page","link":"https:\/\/webs.uab.cat\/cedid\/es\/2003-2004-2\/","title":{"rendered":"2003-2004"},"content":{"rendered":"\n<div class=\"wp-block-media-text alignwide is-stacked-on-mobile\" style=\"grid-template-columns:15% auto\"><figure class=\"wp-block-media-text__media\"><img loading=\"lazy\" decoding=\"async\" width=\"200\" height=\"287\" src=\"https:\/\/webs.uab.cat\/cedid\/wp-content\/uploads\/sites\/151\/2022\/12\/avenc.png\" alt=\"\" class=\"wp-image-5841 size-full\" \/><\/figure><div class=\"wp-block-media-text__content\">\n<p class=\"has-small-font-size\">El\u00a0dossier del n\u00famero 298 de <em>L&#8217;Aven\u00e7<\/em>\u00a0(enero 2004) est\u00e1 dedicado a la inmigraci\u00f3n en Catalunya durante el franquismo. Mart\u00ed Mar\u00edn Corbera se ocupa de la introducci\u00f3n y del primer art\u00edculo, en el que analiza los datos relativos a la inmigraci\u00f3n catalana (con un \u00faltimo apartado dedicado a Sabadell) enfoc\u00e1ndo la relaci\u00f3n establecida entre las identidades que se iban configurando dentro de un contexto urbano cambiante. El segundo art\u00edculo es de Angelina Puig y Valls y se centra en el estudio de un barrio de Sabadell, el de Torre-Romeu, como ejemplificaci\u00f3n de din\u00e1micas comunes a diferentes lugares. Siguen Imma Boj Labi\u00f3s y Jaume Vall\u00e9s Aroca hablando de la represi\u00f3n a los inmigrantes que tuvo uno de sus episodios m\u00e1s luctuosos en el Pabell\u00f3n de las Misiones de Barcelona, donde se cerraban los nuevos llegados sin papeles por repatriarlos a sus pueblos. La \u00faltima parte del dossier, preparada por Juli\u00e0 Guillamon, habla de la novela de la inmigraci\u00f3n.<\/p>\n<\/div><\/div>\n\n\n\n<hr class=\"wp-block-separator has-alpha-channel-opacity\" \/>\n\n\n\n<div class=\"wp-block-media-text alignwide is-stacked-on-mobile\" style=\"grid-template-columns:15% auto\"><figure class=\"wp-block-media-text__media\"><img loading=\"lazy\" decoding=\"async\" width=\"200\" height=\"285\" src=\"https:\/\/webs.uab.cat\/cedid\/wp-content\/uploads\/sites\/151\/2022\/12\/hist_pres_mujer_franq.png\" alt=\"\" class=\"wp-image-5844 size-full\" \/><\/figure><div class=\"wp-block-media-text__content\">\n<p class=\"has-small-font-size\"><em>Historia del Presente<\/em>\u00a0dedica su cuarto n\u00famero (2004) al papel de la mujer en el antifranquismo y a las formas de represi\u00f3n de g\u00e9nero del r\u00e9gimen. Como se\u00f1ala Carme Molinero en la presentaci\u00f3n, este \u00e1mbito de investigaci\u00f3n ha tenido por mucho tiempo unos vac\u00edos que por suerte hace poco se ha empezado a llenar: de hecho ya empezaba a notarse la laguna, como que el tema constituye la otro cara de la concepci\u00f3n franquista de g\u00e9nero que hasta ahora se ha analizado principalmente desde el punto de vista del discurso oficial de la Secci\u00f3n Femenina. El dossier intenta enfocar la cuesti\u00f3n desde diferentes perspectivas: la prisi\u00f3n (Ricard Vi\u00f1as, Mirta Diaz Balart), la resistencia, la guerrilla y las formas alternativas de \u00abrebeld\u00edas cotidianas\u00bb (Angelina Puig y Valls, Mercedes Yusta, Claudia Cabrero), el movimiento estudiantil (Sergio Rodr\u00edguez Tejada).<\/p>\n<\/div><\/div>\n\n\n\n<hr class=\"wp-block-separator has-alpha-channel-opacity\" \/>\n\n\n\n<div class=\"wp-block-media-text alignwide is-stacked-on-mobile\" style=\"grid-template-columns:15% auto\"><figure class=\"wp-block-media-text__media\"><img loading=\"lazy\" decoding=\"async\" width=\"200\" height=\"288\" src=\"https:\/\/webs.uab.cat\/cedid\/wp-content\/uploads\/sites\/151\/2022\/12\/hist_pres_hist_agr.png\" alt=\"\" class=\"wp-image-5846 size-full\" \/><\/figure><div class=\"wp-block-media-text__content\">\n<p class=\"has-small-font-size\">El n\u00famero 3 (2004) de\u00a0<em>Historia del Presente<\/em>\u00a0est\u00e1 dedicado a la cuesti\u00f3n agraria durante el franquismo. Los diferentes art\u00edculos enfocan el tema desde diferentes perspectivas: la represi\u00f3n de la red asociativa obrera y campesina a Ourense (Julio Pradera Rodr\u00edguez); la relaci\u00f3n entre el nuevo sindicalismo franquista y el mundo agrario en Navarra durante la posguerra (Emilio Majuelo); el encuadre social en la Asturias rural entre 1937 y 1977 (Ram\u00f3n Garcia Pi\u00f1eiro); la pol\u00edtica de colonizaci\u00f3n agraria franquista (Crist\u00f3bal G\u00f3mez Benito); la Hermandad Nacional de Labradores y Ganaderos (Carlos Criado); la cuesti\u00f3n agraria en Andaluc\u00eda entre 1939 y 1968 (Francisco Cobo Romero, Teresa Mar\u00eda Ortega L\u00f3pez).<\/p>\n<\/div><\/div>\n\n\n\n<hr class=\"wp-block-separator has-alpha-channel-opacity\" \/>\n\n\n\n<div class=\"wp-block-media-text alignwide is-stacked-on-mobile\" style=\"grid-template-columns:15% auto\"><figure class=\"wp-block-media-text__media\"><img loading=\"lazy\" decoding=\"async\" width=\"200\" height=\"253\" src=\"https:\/\/webs.uab.cat\/cedid\/wp-content\/uploads\/sites\/151\/2022\/12\/dez_eme.png\" alt=\"\" class=\"wp-image-5848 size-full\" \/><\/figure><div class=\"wp-block-media-text__content\">\n<p class=\"has-small-font-size\">La\u00a0revista <em>Dez Eme<\/em>\u00a0(Revista de Historia e Ciencias Sociais da Fundaci\u00f3n 10 de Marzo) propone en su noveno n\u00famero (noviembre de 2004) un interesante monogr\u00e1fico sobre el primer franquismo d\u00f3nde se abordan diferentes aspectos, desde el estraperlo hasta la guerrilla pasando por un \u00a0apartado dedicado a los recursos internet que pueden facilitar la investigaci\u00f3n sobre este tema. Dentro de las diversas secciones destacar\u00edamos el editorial sobre el Espa\u00f1a de la posguerra de la mano de Pere Ys\u00e0s y la recensi\u00f3n del libro <em>Una inmensa prisi\u00f3n<\/em> (coordinado por Carme Molinero, Margarita Sala y Jaume Sobrequ\u00e9s) por Mar\u00eda Victoria Mart\u00ednez Rodr\u00edguez.<\/p>\n<\/div><\/div>\n\n\n\n<hr class=\"wp-block-separator has-alpha-channel-opacity\" \/>\n\n\n\n<div class=\"wp-block-media-text alignwide is-stacked-on-mobile\" style=\"grid-template-columns:15% auto\"><figure class=\"wp-block-media-text__media\"><img loading=\"lazy\" decoding=\"async\" width=\"200\" height=\"260\" src=\"https:\/\/webs.uab.cat\/cedid\/wp-content\/uploads\/sites\/151\/2022\/12\/quimera.png\" alt=\"\" class=\"wp-image-5850 size-full\" \/><\/figure><div class=\"wp-block-media-text__content\">\n<p><em>Quimera<strong>, <\/strong><\/em>236 (2003)<\/p>\n\n\n\n<p>Las sombras del silencio: escritura y antifranquismo.Marie-Claude Chaput: \u00abLa Guerrilla antifranquista en la prensa espa\u00f1ola (1944-1949\u00bb.Natacha Lillo: \u00abLos maquis antifranquistas en la prensa francesa (1946-1950).Jean Tena: \u00abCuatro novelas del Maquis\u00bb.Georges Tyras: \u00abEl Maquis literario de Alfons Cervera\u00bb.Georges Tyras: \u00abLas voces del silencio, entrevista a Alfons Cervera\u00bb.Juan Vila: \u00abLa memoria de la novela\u00bb.Mercedes Yusta Rodrigo: \u00abLa Guerrilla antifranquista y la literatura: cr\u00f3nica de un desenga\u00f1o\u00bb.<\/p>\n<\/div><\/div>\n\n\n\n<hr class=\"wp-block-separator has-alpha-channel-opacity\" \/>\n\n\n\n<div class=\"wp-block-media-text alignwide is-stacked-on-mobile\" style=\"grid-template-columns:15% auto\"><figure class=\"wp-block-media-text__media\"><img loading=\"lazy\" decoding=\"async\" width=\"200\" height=\"296\" src=\"https:\/\/webs.uab.cat\/cedid\/wp-content\/uploads\/sites\/151\/2022\/12\/hist_agr.png\" alt=\"\" class=\"wp-image-5852 size-full\" \/><\/figure><div class=\"wp-block-media-text__content\">\n<p>En el n\u00famero 16 (2003) de la revista&nbsp;<strong>Estudios de Historia Agraria<\/strong>&nbsp;se han publicado dos art\u00edculos de miembros del GREF:<\/p>\n\n\n\n<p><strong>Mart\u00ed Mar\u00edn<\/strong>, \u00ab<strong>Franquisme I m\u00f3n rural: Apunts sobre els anys de la llarga post-guerra\u00bb<\/strong><\/p>\n\n\n\n<p>La imposici\u00f3n del franquismo comport\u00f3 nuevos equilibrios pol\u00edticos que, en el mundo rural, adquirieron unas caracter\u00edsticas propias. Las relaciones de poder durante la larga posguerra, construidas bajo la din\u00e1mica collaboracion-represi\u00f3n, permitieron a sus dirigentes un control total sobre la poblaci\u00f3n, que signific\u00f3 un freno definitivo a las viejas aspiraciones del campesinado, pero tambi\u00e9n una mayor independencia pol\u00edtica hacia el Estado. La carencia de libertad pol\u00edtica neutraliz\u00f3 y reoriento&#8217; las antiguas redes de poder local y clientelismo y favorecieron un discurso de exaltaci\u00f3n de determinados valores del mundo rural que si bien, como en la Italia fascista, no estimul\u00f3 la modernizaci\u00f3n, ni tampoco evit\u00f3 el \u00e9xodo y la crisis de este mundo, ha dejado su huella en las sociedades rurales.<\/p>\n\n\n\n<p><strong>Javier&nbsp;Tebar<\/strong>,<strong>&nbsp;\u00abFranquisme i \u00abcontrarevoluci\u00f3 agr\u00e0ria\u00bb a Catalunya durant la immediata postguerra (1939-1945)\u00bb<\/strong><\/p>\n\n\n\n<p>La \u00abcontrarevoluci\u00f3 agraria\u00bb se afirma en base a tres elementos: 1) los de la violencia pol\u00edtica 2) el regreso de tierras por la v\u00eda legal o de facto 3) un gran espacio abierto para la reorganizaci\u00f3n de los propietarios dentro y paralelamente al Vertical. Estos instrumentos ser\u00edan claves por el intento de los propietarios de lograr de nuevo la hegemon\u00eda social sobre el resto del campesinado. Este fue un proceso a lo largo del que va elaborarse, en el caso de Catalunya, un discurso que conecta con las tradiciones \u00abpairalistes\u00bb anteriores que se hab\u00edan roto, y que deb\u00eda permitir durante estos a\u00f1os de la inmediata posguerra limar la fractura social abierta con la Guerra civil.<\/p>\n<\/div><\/div>\n","protected":false},"excerpt":{"rendered":"<p>El\u00a0dossier del n\u00famero 298 de L&#8217;Aven\u00e7\u00a0(enero 2004) est\u00e1 dedicado a la inmigraci\u00f3n en Catalunya durante el franquismo. Mart\u00ed Mar\u00edn Corbera se ocupa de la introducci\u00f3n y del primer art\u00edculo, en el que analiza los datos relativos a la inmigraci\u00f3n catalana (con un \u00faltimo apartado dedicado a Sabadell) enfoc\u00e1ndo la relaci\u00f3n establecida entre las identidades que [&hellip;]<\/p>\n","protected":false},"author":20,"featured_media":0,"parent":0,"menu_order":0,"comment_status":"closed","ping_status":"closed","template":"","meta":{"footnotes":""},"class_list":["post-350","page","type-page","status-publish","hentry"],"_links":{"self":[{"href":"https:\/\/webs.uab.cat\/cedid\/es\/wp-json\/wp\/v2\/pages\/350","targetHints":{"allow":["GET"]}}],"collection":[{"href":"https:\/\/webs.uab.cat\/cedid\/es\/wp-json\/wp\/v2\/pages"}],"about":[{"href":"https:\/\/webs.uab.cat\/cedid\/es\/wp-json\/wp\/v2\/types\/page"}],"author":[{"embeddable":true,"href":"https:\/\/webs.uab.cat\/cedid\/es\/wp-json\/wp\/v2\/users\/20"}],"replies":[{"embeddable":true,"href":"https:\/\/webs.uab.cat\/cedid\/es\/wp-json\/wp\/v2\/comments?post=350"}],"version-history":[{"count":2,"href":"https:\/\/webs.uab.cat\/cedid\/es\/wp-json\/wp\/v2\/pages\/350\/revisions"}],"predecessor-version":[{"id":5856,"href":"https:\/\/webs.uab.cat\/cedid\/es\/wp-json\/wp\/v2\/pages\/350\/revisions\/5856"}],"wp:attachment":[{"href":"https:\/\/webs.uab.cat\/cedid\/es\/wp-json\/wp\/v2\/media?parent=350"}],"curies":[{"name":"wp","href":"https:\/\/api.w.org\/{rel}","templated":true}]}}

<div class="wp-block-media-text alignwide is-stacked-on-mobile" style="grid-template-columns:15% auto"><figure class="wp-block-media-text__media"><img loading="lazy" decoding="async" width="200" height="287" src="https://webs.uab.cat/cedid/wp-content/uploads/sites/151/2022/12/avenc.png" alt="" class="wp-image-5841 size-full" /></figure><div class="wp-block-media-text__content">
<p class="has-small-font-size">El dossier del número 298 de <em>L&#8217;Avenç</em> (enero 2004) está dedicado a la inmigración en Catalunya durante el franquismo. Martí Marín Corbera se ocupa de la introducción y del primer artículo, en el que analiza los datos relativos a la inmigración catalana (con un último apartado dedicado a Sabadell) enfocándo la relación establecida entre las identidades que se iban configurando dentro de un contexto urbano cambiante. El segundo artículo es de Angelina Puig y Valls y se centra en el estudio de un barrio de Sabadell, el de Torre-Romeu, como ejemplificación de dinámicas comunes a diferentes lugares. Siguen Imma Boj Labiós y Jaume Vallés Aroca hablando de la represión a los inmigrantes que tuvo uno de sus episodios más luctuosos en el Pabellón de las Misiones de Barcelona, donde se cerraban los nuevos llegados sin papeles por repatriarlos a sus pueblos. La última parte del dossier, preparada por Julià Guillamon, habla de la novela de la inmigración.</p>
</div></div>



<hr class="wp-block-separator has-alpha-channel-opacity" />



<div class="wp-block-media-text alignwide is-stacked-on-mobile" style="grid-template-columns:15% auto"><figure class="wp-block-media-text__media"><img loading="lazy" decoding="async" width="200" height="285" src="https://webs.uab.cat/cedid/wp-content/uploads/sites/151/2022/12/hist_pres_mujer_franq.png" alt="" class="wp-image-5844 size-full" /></figure><div class="wp-block-media-text__content">
<p class="has-small-font-size"><em>Historia del Presente</em> dedica su cuarto número (2004) al papel de la mujer en el antifranquismo y a las formas de represión de género del régimen. Como señala Carme Molinero en la presentación, este ámbito de investigación ha tenido por mucho tiempo unos vacíos que por suerte hace poco se ha empezado a llenar: de hecho ya empezaba a notarse la laguna, como que el tema constituye la otro cara de la concepción franquista de género que hasta ahora se ha analizado principalmente desde el punto de vista del discurso oficial de la Sección Femenina. El dossier intenta enfocar la cuestión desde diferentes perspectivas: la prisión (Ricard Viñas, Mirta Diaz Balart), la resistencia, la guerrilla y las formas alternativas de «rebeldías cotidianas» (Angelina Puig y Valls, Mercedes Yusta, Claudia Cabrero), el movimiento estudiantil (Sergio Rodríguez Tejada).</p>
</div></div>



<hr class="wp-block-separator has-alpha-channel-opacity" />



<div class="wp-block-media-text alignwide is-stacked-on-mobile" style="grid-template-columns:15% auto"><figure class="wp-block-media-text__media"><img loading="lazy" decoding="async" width="200" height="288" src="https://webs.uab.cat/cedid/wp-content/uploads/sites/151/2022/12/hist_pres_hist_agr.png" alt="" class="wp-image-5846 size-full" /></figure><div class="wp-block-media-text__content">
<p class="has-small-font-size">El número 3 (2004) de <em>Historia del Presente</em> está dedicado a la cuestión agraria durante el franquismo. Los diferentes artículos enfocan el tema desde diferentes perspectivas: la represión de la red asociativa obrera y campesina a Ourense (Julio Pradera Rodríguez); la relación entre el nuevo sindicalismo franquista y el mundo agrario en Navarra durante la posguerra (Emilio Majuelo); el encuadre social en la Asturias rural entre 1937 y 1977 (Ramón Garcia Piñeiro); la política de colonización agraria franquista (Cristóbal Gómez Benito); la Hermandad Nacional de Labradores y Ganaderos (Carlos Criado); la cuestión agraria en Andalucía entre 1939 y 1968 (Francisco Cobo Romero, Teresa María Ortega López).</p>
</div></div>



<hr class="wp-block-separator has-alpha-channel-opacity" />



<div class="wp-block-media-text alignwide is-stacked-on-mobile" style="grid-template-columns:15% auto"><figure class="wp-block-media-text__media"><img loading="lazy" decoding="async" width="200" height="253" src="https://webs.uab.cat/cedid/wp-content/uploads/sites/151/2022/12/dez_eme.png" alt="" class="wp-image-5848 size-full" /></figure><div class="wp-block-media-text__content">
<p class="has-small-font-size">La revista <em>Dez Eme</em> (Revista de Historia e Ciencias Sociais da Fundación 10 de Marzo) propone en su noveno número (noviembre de 2004) un interesante monográfico sobre el primer franquismo dónde se abordan diferentes aspectos, desde el estraperlo hasta la guerrilla pasando por un  apartado dedicado a los recursos internet que pueden facilitar la investigación sobre este tema. Dentro de las diversas secciones destacaríamos el editorial sobre el España de la posguerra de la mano de Pere Ysàs y la recensión del libro <em>Una inmensa prisión</em> (coordinado por Carme Molinero, Margarita Sala y Jaume Sobrequés) por María Victoria Martínez Rodríguez.</p>
</div></div>



<hr class="wp-block-separator has-alpha-channel-opacity" />



<div class="wp-block-media-text alignwide is-stacked-on-mobile" style="grid-template-columns:15% auto"><figure class="wp-block-media-text__media"><img loading="lazy" decoding="async" width="200" height="260" src="https://webs.uab.cat/cedid/wp-content/uploads/sites/151/2022/12/quimera.png" alt="" class="wp-image-5850 size-full" /></figure><div class="wp-block-media-text__content">
<p><em>Quimera<strong>, </strong></em>236 (2003)</p>



<p>Las sombras del silencio: escritura y antifranquismo.Marie-Claude Chaput: «La Guerrilla antifranquista en la prensa española (1944-1949».Natacha Lillo: «Los maquis antifranquistas en la prensa francesa (1946-1950).Jean Tena: «Cuatro novelas del Maquis».Georges Tyras: «El Maquis literario de Alfons Cervera».Georges Tyras: «Las voces del silencio, entrevista a Alfons Cervera».Juan Vila: «La memoria de la novela».Mercedes Yusta Rodrigo: «La Guerrilla antifranquista y la literatura: crónica de un desengaño».</p>
</div></div>



<hr class="wp-block-separator has-alpha-channel-opacity" />



<div class="wp-block-media-text alignwide is-stacked-on-mobile" style="grid-template-columns:15% auto"><figure class="wp-block-media-text__media"><img loading="lazy" decoding="async" width="200" height="296" src="https://webs.uab.cat/cedid/wp-content/uploads/sites/151/2022/12/hist_agr.png" alt="" class="wp-image-5852 size-full" /></figure><div class="wp-block-media-text__content">
<p>En el número 16 (2003) de la revista&nbsp;<strong>Estudios de Historia Agraria</strong>&nbsp;se han publicado dos artículos de miembros del GREF:</p>



<p><strong>Martí Marín</strong>, «<strong>Franquisme I món rural: Apunts sobre els anys de la llarga post-guerra»</strong></p>



<p>La imposición del franquismo comportó nuevos equilibrios políticos que, en el mundo rural, adquirieron unas características propias. Las relaciones de poder durante la larga posguerra, construidas bajo la dinámica collaboracion-represión, permitieron a sus dirigentes un control total sobre la población, que significó un freno definitivo a las viejas aspiraciones del campesinado, pero también una mayor independencia política hacia el Estado. La carencia de libertad política neutralizó y reoriento&#8217; las antiguas redes de poder local y clientelismo y favorecieron un discurso de exaltación de determinados valores del mundo rural que si bien, como en la Italia fascista, no estimuló la modernización, ni tampoco evitó el éxodo y la crisis de este mundo, ha dejado su huella en las sociedades rurales.</p>



<p><strong>Javier&nbsp;Tebar</strong>,<strong>&nbsp;«Franquisme i «contrarevolució agrària» a Catalunya durant la immediata postguerra (1939-1945)»</strong></p>



<p>La «contrarevolució agraria» se afirma en base a tres elementos: 1) los de la violencia política 2) el regreso de tierras por la vía legal o de facto 3) un gran espacio abierto para la reorganización de los propietarios dentro y paralelamente al Vertical. Estos instrumentos serían claves por el intento de los propietarios de lograr de nuevo la hegemonía social sobre el resto del campesinado. Este fue un proceso a lo largo del que va elaborarse, en el caso de Catalunya, un discurso que conecta con las tradiciones «pairalistes» anteriores que se habían roto, y que debía permitir durante estos años de la inmediata posguerra limar la fractura social abierta con la Guerra civil.</p>
</div></div>

<p>El dossier del número 298 de L&#8217;Avenç (enero 2004) está dedicado a la inmigración en Catalunya durante el franquismo. Martí Marín Corbera se ocupa de la introducción y del primer artículo, en el que analiza los datos relativos a la inmigración catalana (con un último apartado dedicado a Sabadell) enfocándo la relación establecida entre las identidades que [&hellip;]</p>
