{"id":9859,"date":"2025-10-06T09:00:41","date_gmt":"2025-10-06T09:00:41","guid":{"rendered":"https:\/\/webs.uab.cat\/cedid\/?page_id=9859"},"modified":"2026-01-07T14:40:39","modified_gmt":"2026-01-07T14:40:39","slug":"2025-2026","status":"publish","type":"page","link":"https:\/\/webs.uab.cat\/cedid\/es\/2025-2026\/","title":{"rendered":"2025-2026"},"content":{"rendered":"\n<div class=\"wp-block-media-text alignwide is-stacked-on-mobile\" style=\"grid-template-columns:20% auto\"><figure class=\"wp-block-media-text__media\"><img loading=\"lazy\" decoding=\"async\" width=\"536\" height=\"757\" src=\"https:\/\/webs.uab.cat\/cedid\/wp-content\/uploads\/sites\/151\/2026\/01\/FORTI_MicroMega.jpg\" alt=\"\" class=\"wp-image-11039 size-full\" srcset=\"https:\/\/webs.uab.cat\/cedid\/wp-content\/uploads\/sites\/151\/2026\/01\/FORTI_MicroMega.jpg 536w, https:\/\/webs.uab.cat\/cedid\/wp-content\/uploads\/sites\/151\/2026\/01\/FORTI_MicroMega-212x300.jpg 212w\" sizes=\"auto, (max-width: 536px) 100vw, 536px\" \/><\/figure><div class=\"wp-block-media-text__content\">\n<p><strong>FORTI, STEVEN, \u201cVecchi e nuovi autoritarismi\u201d, <em>MicroMega<\/em>, 4 (2025), pp. 6-16<\/strong>. <\/p>\n\n\n\n<p>En este art\u00edculo, publicado en la revista italiana <em>MicroMega<\/em>, Steven Forti propone un an\u00e1lisis comparativo entre los autoritarismos del siglo XX y los del siglo XXI, prestando especial atenci\u00f3n a las analog\u00edas y las diferencias existentes. A partir de un cuestionamiento del concepto de autoritarismo planteado por J.J. Linz, se ponen a prueba los conceptos de \u201cautoritarismos competitivos\u201d y de \u201cautocracia electoral\u201d para poder entender y definir los sistemas pol\u00edticos iliberales instaurados en el \u00faltimo cuarto de siglo en diversas latitudes.<\/p>\n<\/div><\/div>\n\n\n\n<hr class=\"wp-block-separator has-alpha-channel-opacity\" \/>\n\n\n\n<div class=\"wp-block-media-text alignwide is-stacked-on-mobile\" style=\"grid-template-columns:20% auto\"><figure class=\"wp-block-media-text__media\"><img loading=\"lazy\" decoding=\"async\" width=\"815\" height=\"1024\" src=\"https:\/\/webs.uab.cat\/cedid\/wp-content\/uploads\/sites\/151\/2026\/01\/FORTI_SANAHUJA_LOPEZ-BURIAN_Cad.CRH_-815x1024.jpg\" alt=\"\" class=\"wp-image-11035 size-full\" srcset=\"https:\/\/webs.uab.cat\/cedid\/wp-content\/uploads\/sites\/151\/2026\/01\/FORTI_SANAHUJA_LOPEZ-BURIAN_Cad.CRH_-815x1024.jpg 815w, https:\/\/webs.uab.cat\/cedid\/wp-content\/uploads\/sites\/151\/2026\/01\/FORTI_SANAHUJA_LOPEZ-BURIAN_Cad.CRH_-239x300.jpg 239w, https:\/\/webs.uab.cat\/cedid\/wp-content\/uploads\/sites\/151\/2026\/01\/FORTI_SANAHUJA_LOPEZ-BURIAN_Cad.CRH_-768x965.jpg 768w, https:\/\/webs.uab.cat\/cedid\/wp-content\/uploads\/sites\/151\/2026\/01\/FORTI_SANAHUJA_LOPEZ-BURIAN_Cad.CRH_-1222x1536.jpg 1222w, https:\/\/webs.uab.cat\/cedid\/wp-content\/uploads\/sites\/151\/2026\/01\/FORTI_SANAHUJA_LOPEZ-BURIAN_Cad.CRH_-1630x2048.jpg 1630w, https:\/\/webs.uab.cat\/cedid\/wp-content\/uploads\/sites\/151\/2026\/01\/FORTI_SANAHUJA_LOPEZ-BURIAN_Cad.CRH_-1200x1508.jpg 1200w, https:\/\/webs.uab.cat\/cedid\/wp-content\/uploads\/sites\/151\/2026\/01\/FORTI_SANAHUJA_LOPEZ-BURIAN_Cad.CRH_.jpg 1655w\" sizes=\"auto, (max-width: 815px) 100vw, 815px\" \/><\/figure><div class=\"wp-block-media-text__content\">\n<p><strong>SANAHUJA, JOS\u00c9 ANTONIO; FORTI, STEVEN; L\u00d3PEZ BURIAN, CAMILO, \u201cUltraderechas y redes transnacionales: (re)pensar desde la historia global\u201d, <em>Cad. CRH<\/em>, Salvador, v. 38, p. 1-18, e025043, 2025.<\/strong><\/p>\n\n\n\n<p>En este art\u00edculo, escrito por Jos\u00e9 Antonio Sanahuja, Steven Forti y Camilo L\u00f3pez Burian, se analiza el ascenso de las nuevas ultraderechas desde una perspectiva de Historia Global, explorando sus interconexiones y factores causales de escala mundial. Se argumenta que estas fuerzas, diversas y contextualizadas, forman parte de un ciclo hist\u00f3rico global vinculado a la crisis de la globalizaci\u00f3n como estructura hist\u00f3rica y al declive de un orden liberal hegem\u00f3nico a partir de la crisis de 2008. Mediante redes transnacionales descentralizadas, pero conectadas, comparten discursos y estrategias de contestaci\u00f3n al orden liberal.<\/p>\n\n\n\n<p>Para leer: <a href=\"https:\/\/doi.org\/10.9771\/ccrh.v38i0.66246\" data-type=\"link\" data-id=\"https:\/\/doi.org\/10.9771\/ccrh.v38i0.66246\" target=\"_blank\" rel=\"noreferrer noopener\">LINK<\/a><\/p>\n<\/div><\/div>\n\n\n\n<hr class=\"wp-block-separator has-alpha-channel-opacity\" \/>\n\n\n\n<div class=\"wp-block-media-text alignwide is-stacked-on-mobile\" style=\"grid-template-columns:20% auto\"><figure class=\"wp-block-media-text__media\"><img loading=\"lazy\" decoding=\"async\" width=\"154\" height=\"240\" src=\"https:\/\/webs.uab.cat\/cedid\/wp-content\/uploads\/sites\/151\/2025\/10\/139.jpg\" alt=\"\" class=\"wp-image-10392 size-full\" \/><\/figure><div class=\"wp-block-media-text__content\">\n<p><strong><strong>Jordi Sancho Gal\u00e1n, \u00abContraespacios de sociabilidad y politizaci\u00f3n en la universidad durante el franquismo. Un estudio a partir del caso de Barcelona (1957-1965)\u00bb, <em>Ayer<\/em>, 139,  2025<\/strong>, <strong>pp. 235-260<\/strong><\/strong><\/p>\n\n\n\n<p>El movimiento estudiantil logr\u00f3, durante las d\u00e9cadas centrales de la dictadura franquista, un protagonismo pol\u00edtico notable a partir de la conexi\u00f3n entre minor\u00edas militantes y la mayor\u00eda estudiantil. En este estudio analizamos la estrategia de infiltraci\u00f3n al Sindicato Espa\u00f1ol Universitario (SEU) por parte de estos militantes y la socializaci\u00f3n antifranquista de los universitarios a partir de los espacios socioculturales ocupados por los estudiantes dem\u00f3cratas. Nuestra hip\u00f3tesis sostiene que estos espacios de sociabilidad se convirtieron en espacios de oposici\u00f3n determinantes en el crecimiento de una conciencia cr\u00edtica, disidente y opositora en la universidad y en la formaci\u00f3n del movimiento estudiantil.<\/p>\n\n\n\n<p>Para leer el art\u00edculo: <a href=\"https:\/\/www.revistasmarcialpons.es\/revistaayer\/article\/view\/sancho-contraespacios-sociabilidad-politizacion-universidad-fran\/3496\" data-type=\"link\" data-id=\"https:\/\/www.revistasmarcialpons.es\/revistaayer\/article\/view\/sancho-contraespacios-sociabilidad-politizacion-universidad-fran\/3496\" target=\"_blank\" rel=\"noreferrer noopener\">Link<\/a><\/p>\n<\/div><\/div>\n\n\n\n<hr class=\"wp-block-separator has-alpha-channel-opacity\" \/>\n\n\n\n<div class=\"wp-block-media-text alignwide is-stacked-on-mobile\" style=\"grid-template-columns:20% auto\"><figure class=\"wp-block-media-text__media\"><img loading=\"lazy\" decoding=\"async\" width=\"208\" height=\"283\" src=\"https:\/\/webs.uab.cat\/cedid\/wp-content\/uploads\/sites\/151\/2025\/10\/image-35.png\" alt=\"\" class=\"wp-image-10356 size-full\" \/><\/figure><div class=\"wp-block-media-text__content\">\n<p><strong>Casanellas, Pau: \u00ab\u201cEnse\u00f1ar los dientes\u201d. El final del franquismo desde la sala de m\u00e1quinas de Gobernaci\u00f3n\u00bb, <em>Hispania Nova<\/em>, 23, 2025, p. 317-338. <\/strong><a href=\"https:\/\/doi.org\/10.20318\/hn.2025.8366\">https:\/\/doi.org\/10.20318\/hn.2025.8366<\/a><\/p>\n\n\n\n<p>El periodo transcurrido entre la muerte de Franco y las elecciones de junio de 1977 es, probablemente, uno de los momentos hist\u00f3ricos m\u00e1s importantes y, al mismo tiempo, peor comprendidos de la historia espa\u00f1ola reciente. El presente art\u00edculo analiza este contexto a partir de documentaci\u00f3n emanada de la c\u00fapula del Ministerio de la Gobernaci\u00f3n y, en menor medida, de los servicios secretos. El contenido de estas instrucciones reservadas evidencia las reticencias de los responsables del \u00f3rden p\u00fablico, tanto durante el gobierno de Carlos Arias Navarro como durante el de Adolfo Su\u00e1rez, a cambiar los criterios de actuaci\u00f3n en este \u00e1mbito que hab\u00edan prevalecido hasta noviembre de 1975. <\/p>\n<\/div><\/div>\n\n\n\n<hr class=\"wp-block-separator has-alpha-channel-opacity\" \/>\n\n\n\n<div class=\"wp-block-media-text alignwide is-stacked-on-mobile\" style=\"grid-template-columns:20% auto\"><figure class=\"wp-block-media-text__media\"><img loading=\"lazy\" decoding=\"async\" width=\"208\" height=\"283\" src=\"https:\/\/webs.uab.cat\/cedid\/wp-content\/uploads\/sites\/151\/2025\/10\/image-42.png\" alt=\"\" class=\"wp-image-10425 size-full\" \/><\/figure><div class=\"wp-block-media-text__content\">\n<p><strong>Dom\u00e8nech Sampere, Xavier: \u00abDin\u00e1mica de clases y configuraci\u00f3n de la democracia: El caso de los empresarios\u00bb, <em>Hispania Nova<\/em>, 23, 2025, pp. 339-357. <\/strong><a href=\"https:\/\/doi.org\/10.20318\/hn.2025.8378\">https:\/\/doi.org\/10.20318\/hn.2025.8378<\/a><\/p>\n\n\n\n<p>En este art\u00edculo se destaca el papel del empresario en su capacidad para reconducir y determinar aspectos cruciales del cambio pol\u00edtico espa\u00f1ol de la d\u00e9cada de los setenta. Frente a la interpretaci\u00f3n de que el empresariado espa\u00f1ol fue un sector de \u00abprivilegiados impotentes\u00bb bajo el franquismo y, consecuentemente, incapaz de influir en el proceso de cambio pol\u00edtico democratizador, en este texto se analiza c\u00f3mo los empresarios vivieron una extraordinaria acumulaci\u00f3n de recursos organizativos, y su propia unificaci\u00f3n como clase, bajo el franquismo. En este marco, la fuerte crisis de legitimidad y hegemon\u00eda que vivir\u00e1n en los inicios del proceso de cambio pol\u00edtico podr\u00e1 ser enfrentada con una fuerte movilizaci\u00f3n de recursos y la creaci\u00f3n de una nueva patronal en un tiempo extraordinariamente breve, capaz de transformar la relaci\u00f3n con el poder pol\u00edtico al final del periodo de creaci\u00f3n de un nuevo r\u00e9gimen. <\/p>\n<\/div><\/div>\n\n\n\n<hr class=\"wp-block-separator has-alpha-channel-opacity\" \/>\n\n\n\n<div class=\"wp-block-media-text alignwide is-stacked-on-mobile\" style=\"grid-template-columns:20% auto\"><figure class=\"wp-block-media-text__media\"><img loading=\"lazy\" decoding=\"async\" width=\"716\" height=\"895\" src=\"https:\/\/webs.uab.cat\/cedid\/wp-content\/uploads\/sites\/151\/2025\/10\/image-53.png\" alt=\"\" class=\"wp-image-10529 size-full\" srcset=\"https:\/\/webs.uab.cat\/cedid\/wp-content\/uploads\/sites\/151\/2025\/10\/image-53.png 716w, https:\/\/webs.uab.cat\/cedid\/wp-content\/uploads\/sites\/151\/2025\/10\/image-53-240x300.png 240w\" sizes=\"auto, (max-width: 716px) 100vw, 716px\" \/><\/figure><div class=\"wp-block-media-text__content\">\n<p><strong> Aparicio Rodr\u00edguez, V\u00edctor: \u00abAl otro lado de la frontera. Terrorismo y represi\u00f3n franquista en perspectiva francesa\u00bb, <em>Historia del Presente<\/em>, 45 (2025), pp. 9-28. <\/strong><a href=\"https:\/\/doi.org\/10.5944\/hdp.45.2025.45590\">https:\/\/doi.org\/10.5944\/hdp.45.2025.45590<\/a><\/p>\n\n\n\n<p>La oleada de solidaridad antifascista que recorri\u00f3 Europa occidental despu\u00e9s de los fusilamientos de septiembre de 1975 es bastante conocida. En aquel momento, la cuesti\u00f3n del terrorismo, que ya hab\u00eda empezado a despuntar en la Espa\u00f1a franquista y que lograr\u00eda sus peores cotas en los a\u00f1os posteriores, tambi\u00e9n empezaba a plantear graves problemas en los pa\u00edses del entorno. Francia, uno de los epicentros de las protestas contra la dictadura, no quedar\u00eda al margen de la oleada terrorista que golpe\u00f3 el continente durante las d\u00e9cadas de los setenta y los ochenta. El objetivo de este art\u00edculo es dilucidar el impacto de ETA en Francia, teniendo en cuenta la condici\u00f3n de \u00absantuario\u00bb que el pa\u00eds galo ofrec\u00eda a sus militantes, as\u00ed como la reacci\u00f3n francesa frente a la represi\u00f3n franquista, especialmente las ejecuciones de septiembre de 1975. <\/p>\n<\/div><\/div>\n\n\n\n<hr class=\"wp-block-separator has-alpha-channel-opacity\" \/>\n","protected":false},"excerpt":{"rendered":"<p>FORTI, STEVEN, \u201cVecchi e nuovi autoritarismi\u201d, MicroMega, 4 (2025), pp. 6-16. En este art\u00edculo, publicado en la revista italiana MicroMega, Steven Forti propone un an\u00e1lisis comparativo entre los autoritarismos del siglo XX y los del siglo XXI, prestando especial atenci\u00f3n a las analog\u00edas y las diferencias existentes. A partir de un cuestionamiento del concepto de [&hellip;]<\/p>\n","protected":false},"author":96,"featured_media":0,"parent":0,"menu_order":0,"comment_status":"closed","ping_status":"closed","template":"","meta":{"footnotes":""},"class_list":["post-9859","page","type-page","status-publish","hentry"],"_links":{"self":[{"href":"https:\/\/webs.uab.cat\/cedid\/es\/wp-json\/wp\/v2\/pages\/9859","targetHints":{"allow":["GET"]}}],"collection":[{"href":"https:\/\/webs.uab.cat\/cedid\/es\/wp-json\/wp\/v2\/pages"}],"about":[{"href":"https:\/\/webs.uab.cat\/cedid\/es\/wp-json\/wp\/v2\/types\/page"}],"author":[{"embeddable":true,"href":"https:\/\/webs.uab.cat\/cedid\/es\/wp-json\/wp\/v2\/users\/96"}],"replies":[{"embeddable":true,"href":"https:\/\/webs.uab.cat\/cedid\/es\/wp-json\/wp\/v2\/comments?post=9859"}],"version-history":[{"count":14,"href":"https:\/\/webs.uab.cat\/cedid\/es\/wp-json\/wp\/v2\/pages\/9859\/revisions"}],"predecessor-version":[{"id":11043,"href":"https:\/\/webs.uab.cat\/cedid\/es\/wp-json\/wp\/v2\/pages\/9859\/revisions\/11043"}],"wp:attachment":[{"href":"https:\/\/webs.uab.cat\/cedid\/es\/wp-json\/wp\/v2\/media?parent=9859"}],"curies":[{"name":"wp","href":"https:\/\/api.w.org\/{rel}","templated":true}]}}

<div class="wp-block-media-text alignwide is-stacked-on-mobile" style="grid-template-columns:20% auto"><figure class="wp-block-media-text__media"><img loading="lazy" decoding="async" width="536" height="757" src="https://webs.uab.cat/cedid/wp-content/uploads/sites/151/2026/01/FORTI_MicroMega.jpg" alt="" class="wp-image-11039 size-full" srcset="https://webs.uab.cat/cedid/wp-content/uploads/sites/151/2026/01/FORTI_MicroMega.jpg 536w, https://webs.uab.cat/cedid/wp-content/uploads/sites/151/2026/01/FORTI_MicroMega-212x300.jpg 212w" sizes="auto, (max-width: 536px) 100vw, 536px" /></figure><div class="wp-block-media-text__content">
<p><strong>FORTI, STEVEN, “Vecchi e nuovi autoritarismi”, <em>MicroMega</em>, 4 (2025), pp. 6-16</strong>. </p>



<p>En este artículo, publicado en la revista italiana <em>MicroMega</em>, Steven Forti propone un análisis comparativo entre los autoritarismos del siglo XX y los del siglo XXI, prestando especial atención a las analogías y las diferencias existentes. A partir de un cuestionamiento del concepto de autoritarismo planteado por J.J. Linz, se ponen a prueba los conceptos de “autoritarismos competitivos” y de “autocracia electoral” para poder entender y definir los sistemas políticos iliberales instaurados en el último cuarto de siglo en diversas latitudes.</p>
</div></div>



<hr class="wp-block-separator has-alpha-channel-opacity" />



<div class="wp-block-media-text alignwide is-stacked-on-mobile" style="grid-template-columns:20% auto"><figure class="wp-block-media-text__media"><img loading="lazy" decoding="async" width="815" height="1024" src="https://webs.uab.cat/cedid/wp-content/uploads/sites/151/2026/01/FORTI_SANAHUJA_LOPEZ-BURIAN_Cad.CRH_-815x1024.jpg" alt="" class="wp-image-11035 size-full" srcset="https://webs.uab.cat/cedid/wp-content/uploads/sites/151/2026/01/FORTI_SANAHUJA_LOPEZ-BURIAN_Cad.CRH_-815x1024.jpg 815w, https://webs.uab.cat/cedid/wp-content/uploads/sites/151/2026/01/FORTI_SANAHUJA_LOPEZ-BURIAN_Cad.CRH_-239x300.jpg 239w, https://webs.uab.cat/cedid/wp-content/uploads/sites/151/2026/01/FORTI_SANAHUJA_LOPEZ-BURIAN_Cad.CRH_-768x965.jpg 768w, https://webs.uab.cat/cedid/wp-content/uploads/sites/151/2026/01/FORTI_SANAHUJA_LOPEZ-BURIAN_Cad.CRH_-1222x1536.jpg 1222w, https://webs.uab.cat/cedid/wp-content/uploads/sites/151/2026/01/FORTI_SANAHUJA_LOPEZ-BURIAN_Cad.CRH_-1630x2048.jpg 1630w, https://webs.uab.cat/cedid/wp-content/uploads/sites/151/2026/01/FORTI_SANAHUJA_LOPEZ-BURIAN_Cad.CRH_-1200x1508.jpg 1200w, https://webs.uab.cat/cedid/wp-content/uploads/sites/151/2026/01/FORTI_SANAHUJA_LOPEZ-BURIAN_Cad.CRH_.jpg 1655w" sizes="auto, (max-width: 815px) 100vw, 815px" /></figure><div class="wp-block-media-text__content">
<p><strong>SANAHUJA, JOSÉ ANTONIO; FORTI, STEVEN; LÓPEZ BURIAN, CAMILO, “Ultraderechas y redes transnacionales: (re)pensar desde la historia global”, <em>Cad. CRH</em>, Salvador, v. 38, p. 1-18, e025043, 2025.</strong></p>



<p>En este artículo, escrito por José Antonio Sanahuja, Steven Forti y Camilo López Burian, se analiza el ascenso de las nuevas ultraderechas desde una perspectiva de Historia Global, explorando sus interconexiones y factores causales de escala mundial. Se argumenta que estas fuerzas, diversas y contextualizadas, forman parte de un ciclo histórico global vinculado a la crisis de la globalización como estructura histórica y al declive de un orden liberal hegemónico a partir de la crisis de 2008. Mediante redes transnacionales descentralizadas, pero conectadas, comparten discursos y estrategias de contestación al orden liberal.</p>



<p>Para leer: <a href="https://doi.org/10.9771/ccrh.v38i0.66246" data-type="link" data-id="https://doi.org/10.9771/ccrh.v38i0.66246" target="_blank" rel="noreferrer noopener">LINK</a></p>
</div></div>



<hr class="wp-block-separator has-alpha-channel-opacity" />



<div class="wp-block-media-text alignwide is-stacked-on-mobile" style="grid-template-columns:20% auto"><figure class="wp-block-media-text__media"><img loading="lazy" decoding="async" width="154" height="240" src="https://webs.uab.cat/cedid/wp-content/uploads/sites/151/2025/10/139.jpg" alt="" class="wp-image-10392 size-full" /></figure><div class="wp-block-media-text__content">
<p><strong><strong>Jordi Sancho Galán, «Contraespacios de sociabilidad y politización en la universidad durante el franquismo. Un estudio a partir del caso de Barcelona (1957-1965)», <em>Ayer</em>, 139,  2025</strong>, <strong>pp. 235-260</strong></strong></p>



<p>El movimiento estudiantil logró, durante las décadas centrales de la dictadura franquista, un protagonismo político notable a partir de la conexión entre minorías militantes y la mayoría estudiantil. En este estudio analizamos la estrategia de infiltración al Sindicato Español Universitario (SEU) por parte de estos militantes y la socialización antifranquista de los universitarios a partir de los espacios socioculturales ocupados por los estudiantes demócratas. Nuestra hipótesis sostiene que estos espacios de sociabilidad se convirtieron en espacios de oposición determinantes en el crecimiento de una conciencia crítica, disidente y opositora en la universidad y en la formación del movimiento estudiantil.</p>



<p>Para leer el artículo: <a href="https://www.revistasmarcialpons.es/revistaayer/article/view/sancho-contraespacios-sociabilidad-politizacion-universidad-fran/3496" data-type="link" data-id="https://www.revistasmarcialpons.es/revistaayer/article/view/sancho-contraespacios-sociabilidad-politizacion-universidad-fran/3496" target="_blank" rel="noreferrer noopener">Link</a></p>
</div></div>



<hr class="wp-block-separator has-alpha-channel-opacity" />



<div class="wp-block-media-text alignwide is-stacked-on-mobile" style="grid-template-columns:20% auto"><figure class="wp-block-media-text__media"><img loading="lazy" decoding="async" width="208" height="283" src="https://webs.uab.cat/cedid/wp-content/uploads/sites/151/2025/10/image-35.png" alt="" class="wp-image-10356 size-full" /></figure><div class="wp-block-media-text__content">
<p><strong>Casanellas, Pau: «“Enseñar los dientes”. El final del franquismo desde la sala de máquinas de Gobernación», <em>Hispania Nova</em>, 23, 2025, p. 317-338. </strong><a href="https://doi.org/10.20318/hn.2025.8366">https://doi.org/10.20318/hn.2025.8366</a></p>



<p>El periodo transcurrido entre la muerte de Franco y las elecciones de junio de 1977 es, probablemente, uno de los momentos históricos más importantes y, al mismo tiempo, peor comprendidos de la historia española reciente. El presente artículo analiza este contexto a partir de documentación emanada de la cúpula del Ministerio de la Gobernación y, en menor medida, de los servicios secretos. El contenido de estas instrucciones reservadas evidencia las reticencias de los responsables del órden público, tanto durante el gobierno de Carlos Arias Navarro como durante el de Adolfo Suárez, a cambiar los criterios de actuación en este ámbito que habían prevalecido hasta noviembre de 1975. </p>
</div></div>



<hr class="wp-block-separator has-alpha-channel-opacity" />



<div class="wp-block-media-text alignwide is-stacked-on-mobile" style="grid-template-columns:20% auto"><figure class="wp-block-media-text__media"><img loading="lazy" decoding="async" width="208" height="283" src="https://webs.uab.cat/cedid/wp-content/uploads/sites/151/2025/10/image-42.png" alt="" class="wp-image-10425 size-full" /></figure><div class="wp-block-media-text__content">
<p><strong>Domènech Sampere, Xavier: «Dinámica de clases y configuración de la democracia: El caso de los empresarios», <em>Hispania Nova</em>, 23, 2025, pp. 339-357. </strong><a href="https://doi.org/10.20318/hn.2025.8378">https://doi.org/10.20318/hn.2025.8378</a></p>



<p>En este artículo se destaca el papel del empresario en su capacidad para reconducir y determinar aspectos cruciales del cambio político español de la década de los setenta. Frente a la interpretación de que el empresariado español fue un sector de «privilegiados impotentes» bajo el franquismo y, consecuentemente, incapaz de influir en el proceso de cambio político democratizador, en este texto se analiza cómo los empresarios vivieron una extraordinaria acumulación de recursos organizativos, y su propia unificación como clase, bajo el franquismo. En este marco, la fuerte crisis de legitimidad y hegemonía que vivirán en los inicios del proceso de cambio político podrá ser enfrentada con una fuerte movilización de recursos y la creación de una nueva patronal en un tiempo extraordinariamente breve, capaz de transformar la relación con el poder político al final del periodo de creación de un nuevo régimen. </p>
</div></div>



<hr class="wp-block-separator has-alpha-channel-opacity" />



<div class="wp-block-media-text alignwide is-stacked-on-mobile" style="grid-template-columns:20% auto"><figure class="wp-block-media-text__media"><img loading="lazy" decoding="async" width="716" height="895" src="https://webs.uab.cat/cedid/wp-content/uploads/sites/151/2025/10/image-53.png" alt="" class="wp-image-10529 size-full" srcset="https://webs.uab.cat/cedid/wp-content/uploads/sites/151/2025/10/image-53.png 716w, https://webs.uab.cat/cedid/wp-content/uploads/sites/151/2025/10/image-53-240x300.png 240w" sizes="auto, (max-width: 716px) 100vw, 716px" /></figure><div class="wp-block-media-text__content">
<p><strong> Aparicio Rodríguez, Víctor: «Al otro lado de la frontera. Terrorismo y represión franquista en perspectiva francesa», <em>Historia del Presente</em>, 45 (2025), pp. 9-28. </strong><a href="https://doi.org/10.5944/hdp.45.2025.45590">https://doi.org/10.5944/hdp.45.2025.45590</a></p>



<p>La oleada de solidaridad antifascista que recorrió Europa occidental después de los fusilamientos de septiembre de 1975 es bastante conocida. En aquel momento, la cuestión del terrorismo, que ya había empezado a despuntar en la España franquista y que lograría sus peores cotas en los años posteriores, también empezaba a plantear graves problemas en los países del entorno. Francia, uno de los epicentros de las protestas contra la dictadura, no quedaría al margen de la oleada terrorista que golpeó el continente durante las décadas de los setenta y los ochenta. El objetivo de este artículo es dilucidar el impacto de ETA en Francia, teniendo en cuenta la condición de «santuario» que el país galo ofrecía a sus militantes, así como la reacción francesa frente a la represión franquista, especialmente las ejecuciones de septiembre de 1975. </p>
</div></div>



<hr class="wp-block-separator has-alpha-channel-opacity" />

<p>FORTI, STEVEN, “Vecchi e nuovi autoritarismi”, MicroMega, 4 (2025), pp. 6-16. En este artículo, publicado en la revista italiana MicroMega, Steven Forti propone un análisis comparativo entre los autoritarismos del siglo XX y los del siglo XXI, prestando especial atención a las analogías y las diferencias existentes. A partir de un cuestionamiento del concepto de [&hellip;]</p>
