{"id":1950,"date":"2016-07-11T13:25:36","date_gmt":"2016-07-11T13:25:36","guid":{"rendered":"https:\/\/webs.uab.cat\/cedid\/lesquerra-la-transicio\/"},"modified":"2023-05-09T09:57:32","modified_gmt":"2023-05-09T09:57:32","slug":"lesquerra-la-transicio","status":"publish","type":"page","link":"https:\/\/webs.uab.cat\/cedid\/lesquerra-la-transicio\/","title":{"rendered":"L&#8217;Esquerra a la Transici\u00f3"},"content":{"rendered":"\n<p>Un equip de recerca del CEFID va desenvolupar entre 2013 i 2015 el projecte <em>L\u2019esquerra a la Transici\u00f3 Espanyola<\/em> (HAR2012-31431), finan\u00e7at pel Mineco. El projecte, l\u2019investigador principal del qual va ser Pere Ys\u00e0s, permet\u00e9 avan\u00e7ar molt significativament en l\u2019an\u00e0lisi i la interpretaci\u00f3 del paper de les esquerres espanyoles en el proc\u00e9s de transici\u00f3 de la dictadura franquista a la democr\u00e0cia parlament\u00e0ria. Entre els productes del projecte destaquen la construcci\u00f3 d\u2019una <strong>base de dades bibliogr\u00e0fica<\/strong> amb prop de 300 entrades i la confecci\u00f3 d\u2019una llista amb tots els <strong>arxius i fons documentals consultats<\/strong>. Totes dues eines es poden consultar <em>online<\/em>:<\/p>\n\n\n\n<ul class=\"wp-block-list\"><li><a href=\"http:\/\/basedadesesquerra.uab.cat\/iah2\/ca\/index.htm\" target=\"_blank\" rel=\"noopener\"><strong>Acc\u00e9s a la base de dades<\/strong><\/a><\/li><li><a href=\"http:\/\/centresderecerca.uab.cat\/cedid\/content\/arxius-i-fons-documentals-consultats\"><strong>Arxius i fons documentals consultats<\/strong><\/a><\/li><\/ul>\n\n\n\n<p>Com a resultat de la recerca duta a terme, s\u2019ha publicat el volum:<\/p>\n\n\n\n<div class=\"wp-block-media-text alignwide is-stacked-on-mobile\" style=\"grid-template-columns:25% auto\"><figure class=\"wp-block-media-text__media\"><img loading=\"lazy\" decoding=\"async\" width=\"400\" height=\"450\" src=\"https:\/\/webs.uab.cat\/cedid\/wp-content\/uploads\/sites\/151\/2023\/05\/Las-izquierdas-en-tiempos-de-Transicion.jpg\" alt=\"\" class=\"wp-image-7045 size-full\" srcset=\"https:\/\/webs.uab.cat\/cedid\/wp-content\/uploads\/sites\/151\/2023\/05\/Las-izquierdas-en-tiempos-de-Transicion.jpg 400w, https:\/\/webs.uab.cat\/cedid\/wp-content\/uploads\/sites\/151\/2023\/05\/Las-izquierdas-en-tiempos-de-Transicion-267x300.jpg 267w\" sizes=\"auto, (max-width: 400px) 100vw, 400px\" \/><\/figure><div class=\"wp-block-media-text__content\">\n<p><strong>Carme Molinero i Pere Ys\u00e0s (eds.), <em>Las izquierdas en tiempos de transici\u00f3n<\/em>, Val\u00e8ncia, Publicacions de la Universitat de Val\u00e8ncia, 2016.<\/strong><br>La crisi terminal del franquisme va estar marcada per la dial\u00e8ctica entre la mobilitzaci\u00f3 social impulsada per l\u2019oposici\u00f3 d\u2019esquerres per for\u00e7ar la \u00abruptura democr\u00e0tica\u00bb i els intents per part del personal del r\u00e8gim de dur a terme una \u00abreforma\u00bb m\u00e9s o menys limitada. L\u2019esquerra o, m\u00e9s ben dit, les esquerres tingueren, doncs, un paper molt rellevant en aquella crisi i en el proc\u00e9s que condu\u00ed a la democr\u00e0cia. Tanmateix, en les explicacions generals sobre el canvi pol\u00edtic a Espanya no sempre es t\u00e9 prou en compte el paper dels actors socials i pol\u00edtics que compongueren aquelles esquerres ni el dels esdeveniments que protagonitzaren. Ampliar i aprofundir en el seu coneixement \u00e9s l\u2019objectiu del present volum, que recull aportacions de diferent car\u00e0cter sobre les esquerres als anys setanta. Despr\u00e9s d&#8217;una imprescindible mirada als pa\u00efsos m\u00e9s pr\u00f2xims a l\u2019Europa meridional, s\u2019aborden el paper i l\u2019acci\u00f3 del PSOE, el PCE i l\u2019esquerra revolucion\u00e0ria. Segueixen una an\u00e0lisi del moviment sindical al llarg de la transici\u00f3, una visi\u00f3 del particular i complex panorama de les esquerres basques i, tancant el volum, tres textos centrats en aspectes espec\u00edfics de l\u2019acci\u00f3 cultural, institucional i mobilitzadora de les esquerres a Catalunya. L\u2019obra \u00e9s fruit del projecte d\u2019investigaci\u00f3 <em>La izquierda en la transici\u00f3n espa\u00f1ola<\/em> (HAR2012-31431) i d\u2019un Seminari internacional amb el mateix t\u00edtol celebrat a la Universitat Aut\u00f2noma de Barcelona el novembre del 2015.<\/p>\n\n\n\n<p><a href=\"http:\/\/centresderecerca.uab.cat\/cedid\/sites\/centresderecerca.uab.cat.cedid\/files\/ndex_2.pdf\" target=\"_blank\" rel=\"noopener\">Enlla\u00e7 a l&#8217;\u00edndex<\/a><\/p>\n\n\n\n<p>Per accedir a una s\u00edntesi dels principals resultats del projecte: <a rel=\"noopener\" href=\"http:\/\/centresderecerca.uab.cat\/cedid\/sites\/centresderecerca.uab.cat.cedid\/files\/ResPrET.pdf\" target=\"_blank\">Resum<\/a><\/p>\n<\/div><\/div>\n","protected":false},"excerpt":{"rendered":"<p>Un equip de recerca del CEFID va desenvolupar entre 2013 i 2015 el projecte L\u2019esquerra a la Transici\u00f3 Espanyola (HAR2012-31431), finan\u00e7at pel Mineco. El projecte, l\u2019investigador principal del qual va ser Pere Ys\u00e0s, permet\u00e9 avan\u00e7ar molt significativament en l\u2019an\u00e0lisi i la interpretaci\u00f3 del paper de les esquerres espanyoles en el proc\u00e9s de transici\u00f3 de la [&hellip;]<\/p>\n","protected":false},"author":20,"featured_media":0,"parent":0,"menu_order":0,"comment_status":"closed","ping_status":"closed","template":"","meta":{"footnotes":""},"class_list":["post-1950","page","type-page","status-publish","hentry"],"_links":{"self":[{"href":"https:\/\/webs.uab.cat\/cedid\/wp-json\/wp\/v2\/pages\/1950","targetHints":{"allow":["GET"]}}],"collection":[{"href":"https:\/\/webs.uab.cat\/cedid\/wp-json\/wp\/v2\/pages"}],"about":[{"href":"https:\/\/webs.uab.cat\/cedid\/wp-json\/wp\/v2\/types\/page"}],"author":[{"embeddable":true,"href":"https:\/\/webs.uab.cat\/cedid\/wp-json\/wp\/v2\/users\/20"}],"replies":[{"embeddable":true,"href":"https:\/\/webs.uab.cat\/cedid\/wp-json\/wp\/v2\/comments?post=1950"}],"version-history":[{"count":1,"href":"https:\/\/webs.uab.cat\/cedid\/wp-json\/wp\/v2\/pages\/1950\/revisions"}],"predecessor-version":[{"id":7047,"href":"https:\/\/webs.uab.cat\/cedid\/wp-json\/wp\/v2\/pages\/1950\/revisions\/7047"}],"wp:attachment":[{"href":"https:\/\/webs.uab.cat\/cedid\/wp-json\/wp\/v2\/media?parent=1950"}],"curies":[{"name":"wp","href":"https:\/\/api.w.org\/{rel}","templated":true}]}}