{"id":1967,"date":"2016-07-13T13:48:55","date_gmt":"2016-07-13T13:48:55","guid":{"rendered":"https:\/\/webs.uab.cat\/cedid\/arxius-i-fons-documentals-consultats\/"},"modified":"2016-07-13T13:48:55","modified_gmt":"2016-07-13T13:48:55","slug":"arxius-i-fons-documentals-consultats","status":"publish","type":"page","link":"https:\/\/webs.uab.cat\/cedid\/arxius-i-fons-documentals-consultats\/","title":{"rendered":"Arxius i fons documentals consultats"},"content":{"rendered":"<p class=\"rtejustify\"><a style=\"color: #8c0000;\"><span style=\",'serif'; font-size: 12.0pt;\">Arxius i fons consultats en el projecte:<\/span><\/a><\/p>\n<p><strong><span style=\"text-decoration: underline;\"><span class=\"inline inline-none\"><a href=\"http:\/\/www.1mayo.ccoo.es\/nova\/NPortada?CodPortada=1188\" target=\"_blank\" rel=\"noopener\"><img loading=\"lazy\" decoding=\"async\" alt=\"\" class=\"image image-_original\" height=\"30\" src=\"http:\/\/centresderecerca.uab.cat\/cedid\/sites\/centresderecerca.uab.cat.cedid\/files\/images\/logo2.fw_.png\" style=\"border:1px solid black; margin-left:5px; margin-right:5px; float:left\" title=\"\" width=\"50\" \/><\/a><\/span>ARXIU D&#8217;HIST\u00d2RIA DEL TREBALL DE LA FUNDACI\u00d3N PRIMERO DE MAYO<\/span><\/strong><\/p>\n<p>\n<a href=\"https:\/\/1mayo.ccoo.es\/\" target=\"_blank\" rel=\"noopener\">Fundaci\u00f3n Primero de Mayo<\/a><br \/>\n<a href=\"https:\/\/1mayo.ccoo.es\/Archivo_Historia_del_Trabajo\" target=\"_blank\" rel=\"noopener\">Arxiu d&#8217;Hist\u00f2ria del Treball (Fundaci\u00f3n Primero de Mayo)<\/a><br \/>\n<a href=\"http:\/\/centresderecerca.uab.cat\/cedid\/sites\/centresderecerca.uab.cat.cedid\/files\/BiografiasObreras2014.pdf\" target=\"_blank\" rel=\"noopener\">\u00cdndex d&#8217;entrevistes<\/a><\/p>\n<p><strong><span style=\"text-decoration: underline;\"><span class=\"inline inline-none\"><a href=\"http:\/\/www.estudiossindicales.andalucia.ccoo.es\/Default.aspx?idcategoria=12&amp;MenuNombre=Archivo_Hist%C3%B3rico\" target=\"_blank\" rel=\"noopener\"><img loading=\"lazy\" decoding=\"async\" alt=\"\" class=\"image image-_original\" height=\"30\" src=\"http:\/\/centresderecerca.uab.cat\/cedid\/sites\/centresderecerca.uab.cat.cedid\/files\/images\/logo3.fw_.png\" style=\"border:1px solid black; margin-left:5px; margin-right:5px; float:left\" title=\"\" width=\"50\" \/><\/a><\/span>ARXIU FUNDACI\u00d3N DE ESTUDIOS SINDICALES<\/span><\/strong><\/p>\n<p>\n<a href=\"https:\/\/caongd.org\/\" target=\"_blank\" rel=\"noopener\">Fundaci\u00f3n de Estudios Sindicales<\/a><br \/>\n<a href=\"https:\/\/archivoandalucia.ccoo.es\/Inicio\" target=\"_blank\" rel=\"noopener\">Arxiu Hist\u00f2ric<\/a><br \/>\n<a href=\"https:\/\/archivoandalucia.ccoo.es\/Fondos_y_colecciones\" target=\"_blank\" rel=\"noopener\">Fons Documentals<\/a><br \/>\n<a href=\"https:\/\/archivoandalucia.ccoo.es\/Coleccion_oral&amp;opc_id=1d3f3b87cec2bdc2c60149a11a09ab64\" target=\"_blank\" rel=\"noopener\">Col\u00b7lecci\u00f3 oral de l&#8217;Arxiu Hist\u00f2ric<\/a><br \/>\n<a href=\"http:\/\/centresderecerca.uab.cat\/cedid\/sites\/centresderecerca.uab.cat.cedid\/files\/CatalogoFOrales.pdf\" target=\"_blank\" rel=\"noopener\">Cat\u00e0leg de fonts orals<\/a><br \/>\n<a href=\"https:\/\/archivoandalucia.ccoo.es\/Catalogo\">Cat\u00e0leg de&nbsp;de l&#8217;Arxiu Hist\u00f2ric<\/a><\/p>\n<p><strong><span style=\"text-decoration: underline;\"><span class=\"inline inline-none\"><a href=\"http:\/\/portal.ugt.org\/fflc\/biblioteca\/archivo.htm\" target=\"_blank\" rel=\"noopener\"><img loading=\"lazy\" decoding=\"async\" alt=\"\" class=\"image image-_original\" height=\"30\" src=\"http:\/\/centresderecerca.uab.cat\/cedid\/sites\/centresderecerca.uab.cat.cedid\/files\/images\/logo4.fw_.png\" style=\"border:1px solid black; margin-left:5px; margin-right:5px; float:left\" title=\"\" width=\"50\" \/><\/a><\/span>ARXIU FUNDACI\u00d3N LARGO CABALLERO<\/span><\/strong><\/p>\n<p>\n<a href=\"http:\/\/portal.ugt.org\/fflc\/index.html\" target=\"_blank\" rel=\"noopener\">Fundaci\u00f3n Francisco Largo Caballero<\/a><br \/>\n<a href=\"http:\/\/portal.ugt.org\/fflc\/biblioteca\/archivo.htm\" target=\"_blank\" rel=\"noopener\">Arxiu Hist\u00f2ric<\/a><br \/>\n<a href=\"http:\/\/portal.ugt.org\/fflc\/hemeroteca\/hemeroteca00.htm\" target=\"_blank\" rel=\"noopener\">Arxiu Oral del Sindicalisme Socialista<\/a><\/p>\n<p><strong><span style=\"text-decoration: underline;\"><span class=\"inline inline-none\"><a href=\"http:\/\/archivo.fpabloiglesias.es\/\" target=\"_blank\" rel=\"noopener\"><img loading=\"lazy\" decoding=\"async\" alt=\"\" class=\"image image-_original\" height=\"30\" src=\"http:\/\/centresderecerca.uab.cat\/cedid\/sites\/centresderecerca.uab.cat.cedid\/files\/images\/logo5.fw_.png\" style=\"border:1px solid black; margin-left:5px; margin-right:5px; float:left\" title=\"\" width=\"50\" \/><\/a><\/span>ARXIU FUNDACI\u00d3N PABLO IGLESIAS<\/span><\/strong><\/p>\n<p>\n<a href=\"http:\/\/www.fpabloiglesias.es\/\" target=\"_blank\" rel=\"noopener\">Fundaci\u00f3n Pablo Iglesias<\/a><br \/>\n<a href=\"http:\/\/archivo.fpabloiglesias.es\/\" target=\"_blank\" rel=\"noopener\">Arxiu de la Fundaci\u00f3n Pablo Iglesias<\/a><\/p>\n<p><strong><span style=\"text-decoration: underline;\"><span class=\"inline inline-none\"><a href=\"http:\/\/www.march.es\/ceacs\/proyectos\/linz\/Gunther.aspx\" target=\"_blank\" rel=\"noopener\"><img loading=\"lazy\" decoding=\"async\" alt=\"\" class=\"image image-_original\" height=\"30\" src=\"http:\/\/centresderecerca.uab.cat\/cedid\/sites\/centresderecerca.uab.cat.cedid\/files\/images\/logo1.fw_.png\" style=\"border:1px solid black; margin-left:5px; margin-right:5px; float:left\" title=\"\" width=\"50\" \/><\/a><\/span>ARXIU GUNTHER (FUNDACI\u00d3N JUAN MARCH)<\/span><\/strong><\/p>\n<p>\n<a href=\"http:\/\/www.march.es\/\" target=\"_blank\" rel=\"noopener\">Fundaci\u00f3n Juan March<\/a><br \/>\n<a href=\"http:\/\/www.march.es\/ceacs\/proyectos\/linz\/Gunther.aspx\" target=\"_blank\" rel=\"noopener\">Arxiu Gunther de la transici\u00f3 espanyola<\/a><br \/>\n<a href=\"http:\/\/www.march.es\/abnopac\/abnetcl.exe\/O7012\/ID106234c7?ACC=101\" target=\"_blank\" rel=\"noopener\">Cat\u00e0leg de la Biblioteca de la Fundaci\u00f3n Juan March<\/a><\/p>\n<p><strong><span style=\"text-decoration: underline;\"><span class=\"inline inline-none\"><a href=\"http:\/\/www.fciprianogarcia.ccoo.cat\/ciprianogarcia\/arxiuhistoric\/index.aspx\" target=\"_blank\" rel=\"noopener\"><img loading=\"lazy\" decoding=\"async\" alt=\"\" class=\"image image-_original\" height=\"30\" src=\"http:\/\/centresderecerca.uab.cat\/cedid\/sites\/centresderecerca.uab.cat.cedid\/files\/images\/logo6.fw_.png\" style=\"border:1px solid black; margin-left:5px; margin-right:5px; float:left\" title=\"\" width=\"50\" \/><\/a><\/span>ARXIU HIST\u00d2RIC DE CCOO DE CATALUNYA (FUNDACI\u00d3 CIPRIANO GARC\u00cdA)<\/span><\/strong><\/p>\n<p>\n<a href=\"http:\/\/www.fciprianogarcia.ccoo.cat\/ciprianogarcia\/index.aspx\" target=\"_blank\" rel=\"noopener\">Fundaci\u00f3 Cipriano Garc\u00eda<\/a><br \/>\n<a href=\"http:\/\/fciprianogarcia.ccoo.cat\/ciprianogarcia\/aspnet\/arxiu_historic.aspx\">Arxiu Hist\u00f2ric Fundaci\u00f3 Cipriano Garc\u00eda&nbsp;i fons documentals<\/a><br \/>\n<a href=\"http:\/\/centresderecerca.uab.cat\/cedid\/sites\/centresderecerca.uab.cat.cedid\/files\/CatalogoFuentes.pdf\" target=\"_blank\" rel=\"noopener\">Cat\u00e0leg Fonts Orals<\/a><\/p>\n<p><strong><span style=\"text-decoration: underline;\"><span class=\"inline inline-none\"><a href=\"http:\/\/archivohistoricopce.org\/\" target=\"_blank\" rel=\"noopener\"><img loading=\"lazy\" decoding=\"async\" alt=\"\" class=\"image image-_original\" height=\"30\" src=\"http:\/\/centresderecerca.uab.cat\/cedid\/sites\/centresderecerca.uab.cat.cedid\/files\/images\/logo7.fw_.png\" style=\"border:1px solid black; margin-left:5px; margin-right:5px; float:left\" title=\"\" width=\"50\" \/><\/a><\/span>ARXIU HIST\u00d2RIC DEL PCE<\/span><\/strong><\/p>\n<p>\n<a href=\"http:\/\/archivohistoricopce.org\/\" target=\"_blank\" rel=\"noopener\">Arxiu Hist\u00f2ricdel PCE<\/a><br \/>\n<a href=\"http:\/\/archivohistoricopce.org\/descripcion-de-fondos\/\" target=\"_blank\" rel=\"noopener\">Descripci\u00f3 de fons documentals<\/a><\/p>\n<p><strong><span style=\"text-decoration: underline;\"><span class=\"inline inline-none\"><a href=\"http:\/\/www.soleturamollet.cat\/DetallContinguts\/_K1mdFksNO-8DZOHOPfwUfz3bsiyVQgDwo6okXSo6bU5Az0UsgKHG558Hyb8P8FAC\" target=\"_blank\" rel=\"noopener\"><img loading=\"lazy\" decoding=\"async\" alt=\"\" class=\"image image-_original\" height=\"30\" src=\"http:\/\/centresderecerca.uab.cat\/cedid\/sites\/centresderecerca.uab.cat.cedid\/files\/images\/logo8.fw_.png\" style=\"border:1px solid black; margin-left:5px; margin-right:5px; float:left\" title=\"\" width=\"50\" \/><\/a><\/span>ARXIU MUNICIPAL DE MOLLET \/ FONS DOCUMENTAL &nbsp;JORDI SOL\u00c9 TURA<\/span><\/strong><\/p>\n<p>\n<a href=\"http:\/\/www.soleturamollet.cat\/DetallContinguts\/_K1mdFksNO-9wgasRDQea-tHGCujtmSb9xk_QIdjJ3rxzJlt5MJPcx53ZskZkwuhV\" target=\"_blank\" rel=\"noopener\">Centre d&#8217;Estudis per la Democr\u00e0cia<\/a><br \/>\n<a href=\"http:\/\/www.soleturamollet.cat\/DetallContinguts\/_K1mdFksNO-8DZOHOPfwUfz3bsiyVQgDwo6okXSo6bU5Az0UsgKHG558Hyb8P8FAC\" target=\"_blank\" rel=\"noopener\">Fons Documental Jordi Sol\u00e9 Tura<\/a><\/p>\n","protected":false},"excerpt":{"rendered":"<p>Arxius i fons consultats en el projecte: ARXIU D&#8217;HIST\u00d2RIA DEL TREBALL DE LA FUNDACI\u00d3N PRIMERO DE MAYO Fundaci\u00f3n Primero de Mayo Arxiu d&#8217;Hist\u00f2ria del Treball (Fundaci\u00f3n Primero de Mayo) \u00cdndex d&#8217;entrevistes ARXIU FUNDACI\u00d3N DE ESTUDIOS SINDICALES Fundaci\u00f3n de Estudios Sindicales Arxiu Hist\u00f2ric Fons Documentals Col\u00b7lecci\u00f3 oral de l&#8217;Arxiu Hist\u00f2ric Cat\u00e0leg de fonts orals Cat\u00e0leg de&nbsp;de [&hellip;]<\/p>\n","protected":false},"author":20,"featured_media":0,"parent":0,"menu_order":0,"comment_status":"closed","ping_status":"closed","template":"","meta":{"footnotes":""},"class_list":["post-1967","page","type-page","status-publish","hentry"],"_links":{"self":[{"href":"https:\/\/webs.uab.cat\/cedid\/wp-json\/wp\/v2\/pages\/1967","targetHints":{"allow":["GET"]}}],"collection":[{"href":"https:\/\/webs.uab.cat\/cedid\/wp-json\/wp\/v2\/pages"}],"about":[{"href":"https:\/\/webs.uab.cat\/cedid\/wp-json\/wp\/v2\/types\/page"}],"author":[{"embeddable":true,"href":"https:\/\/webs.uab.cat\/cedid\/wp-json\/wp\/v2\/users\/20"}],"replies":[{"embeddable":true,"href":"https:\/\/webs.uab.cat\/cedid\/wp-json\/wp\/v2\/comments?post=1967"}],"version-history":[{"count":0,"href":"https:\/\/webs.uab.cat\/cedid\/wp-json\/wp\/v2\/pages\/1967\/revisions"}],"wp:attachment":[{"href":"https:\/\/webs.uab.cat\/cedid\/wp-json\/wp\/v2\/media?parent=1967"}],"curies":[{"name":"wp","href":"https:\/\/api.w.org\/{rel}","templated":true}]}}