{"id":303,"date":"2010-06-22T16:26:37","date_gmt":"2010-06-22T16:26:37","guid":{"rendered":"https:\/\/webs.uab.cat\/cedid\/projectes-en-curs\/"},"modified":"2024-02-02T17:01:43","modified_gmt":"2024-02-02T17:01:43","slug":"projectes-en-curs","status":"publish","type":"page","link":"https:\/\/webs.uab.cat\/cedid\/projectes-en-curs\/","title":{"rendered":"Projectes en curs"},"content":{"rendered":"<p><strong>Projectes de recerca dirigits per membres del CEDID<\/strong><\/p>\n<p><em>Analysis of and Responses to Extremist Narratives <\/em>(ARENAS)<br \/>\nIP local: Steven Forti<br \/>\nRefer\u00e8ncia: Grant Agreement No. 101094731 (EU \/ Horizon Europe research and innovation programme)<br \/>\nDuraci\u00f3: 2023-2027<br \/>\n<a href=\"https:\/\/webs.uab.cat\/cedid\/projecte-arenas\/\">Projecte ARENAS<\/a><\/p>\n<p><em>La dictadura de Primo de Rivera y la Segunda Rep\u00fablica espa\u00f1ola en sus relaciones con el panarabismo y el panislamismo (1923-1937)<br \/>\n<\/em>Investigador principal: Francisco Veiga<br \/>\nRefer\u00e8ncia: PID2022-138969NB-I00 (AEI \/ Ministerio de Ciencia, Innovaci\u00f3n y Universidades)<br \/>\nDuraci\u00f3: 2023-2026<\/p>\n<p><em>Usos y transformaciones de los g\u00e9neros paraliterarios en la literatura catalana de la posmodernidad, 1968-2021<\/em><br \/>\nInvestigador principal: V\u00edctor Martinez-Gil (amb Jordi Marrugat Dom\u00e8nech)<br \/>\nRefer\u00e8ncia: PID2021-122535NB-I00 (AEI \/ Ministerio de Ciencia e Innovaci\u00f3n)<br \/>\nDuraci\u00f3: 2022-2025<\/p>\n<p><em>L<\/em><em>a historia de la literatura espa\u00f1ola: exilio republicano de 1939 e interior<\/em><br \/>\nInvestigadors principals: Jos\u00e9 Ram\u00f3n L\u00f3pez Garc\u00eda i Manuel Aznar Soler<br \/>\nRefer\u00e8ncia: PID2020-115252GB-I00 (AEI \/ Ministerio de Ciencia e Innovaci\u00f3n)<br \/>\nDuraci\u00f3: 2021-2025<\/p>\n<p><em>L<\/em><em>a derecha en la Espa\u00f1a democr\u00e1tica (1977-1996). Proyectos, actuaci\u00f3n institucional y presencia social<\/em><br \/>\nInvestigadors principals: Carme Molinero i Pere Ys\u00e0s<br \/>\nRefer\u00e8ncia: PID2020-112679GB-I00 (AEI \/ Ministerio de Ciencia e Innovaci\u00f3n)<br \/>\nDuraci\u00f3: 2021-2025<\/p>\n<p><i>Estado y din\u00e1micas nacionales en Espa\u00f1a (1931-1978)<\/i><br \/>\nInvestigadors principals: Francesc Vilanova i Xavier Dom\u00e8nech<br \/>\nRefer\u00e8ncia: PID2019-105464GB-I00 \/\u00a0AEI \/ 10.13039\/501100011033<br \/>\nDurada: 2020-2024<\/p>\n<p style=\"text-align: left\"><span style=\"line-height: 20.799999237060547px\"><strong>Grups de recerca reconeguts coordinats per membres del CEDID<\/strong><\/span><\/p>\n<div>\n<p><em>Finan\u00e7ats<\/em><\/p>\n<p>Grupo de Estudios del Exilio Literario (GEXEL)\u00a0 \u00a0 \u00a0 \u00a0 \u00a0 \u00a0 \u00a0 \u00a0 \u00a0 \u00a0 \u00a0 \u00a0 \u00a0 \u00a0 \u00a0 \u00a0 \u00a0 \u00a0 \u00a0 \u00a0 \u00a0 \u00a0 \u00a0 \u00a0 \u00a0 \u00a0 \u00a0 \u00a0 \u00a0 \u00a0 \u00a0 \u00a0 \u00a0 \u00a0 \u00a0 \u00a0 \u00a0 \u00a0 \u00a0 \u00a0 \u00a0 \u00a0 \u00a0 \u00a0 \u00a0 \u00a0 \u00a0 <span style=\"font-size: revert;letter-spacing: 0.05rem\">Coordinador: Jos\u00e9 Ram\u00f3n L\u00f3pez Garc\u00eda\u00a0 \u00a0 \u00a0 \u00a0 \u00a0 \u00a0 \u00a0 \u00a0 \u00a0 \u00a0 \u00a0 \u00a0 \u00a0 \u00a0 \u00a0 \u00a0 \u00a0 \u00a0 \u00a0 \u00a0 \u00a0 \u00a0 \u00a0 \u00a0 \u00a0 \u00a0 \u00a0 \u00a0 \u00a0 \u00a0 \u00a0 \u00a0 \u00a0 \u00a0 \u00a0 \u00a0 \u00a0 \u00a0 \u00a0 \u00a0 \u00a0 \u00a0 \u00a0 \u00a0 \u00a0 \u00a0 \u00a0 \u00a0 \u00a0 \u00a0 \u00a0 <\/span>Refer\u00e8ncia: 2021 SGR 00118<\/p>\n<p><span style=\"font-size: revert;letter-spacing: 0.05rem\">Grup de Recerca sobre Dictadures i Democr\u00e0cies (GReDD)\u00a0 \u00a0 \u00a0 \u00a0 \u00a0 \u00a0 \u00a0 \u00a0 \u00a0 \u00a0 \u00a0 \u00a0 \u00a0 \u00a0 \u00a0 \u00a0 \u00a0 \u00a0 \u00a0 \u00a0 \u00a0 \u00a0 \u00a0 \u00a0 \u00a0 \u00a0 \u00a0 \u00a0 \u00a0 \u00a0 \u00a0 \u00a0 \u00a0 \u00a0 <\/span><span style=\"font-size: revert;letter-spacing: 0.05rem\">Coordinador: Francesc Vilanova i Vila-Abadal\u00a0 \u00a0 \u00a0 \u00a0 \u00a0 \u00a0 \u00a0 \u00a0 \u00a0 \u00a0 \u00a0 \u00a0 \u00a0 \u00a0 \u00a0 \u00a0 \u00a0 \u00a0 \u00a0 \u00a0 \u00a0 \u00a0 \u00a0 \u00a0 \u00a0 \u00a0 \u00a0 \u00a0 \u00a0 \u00a0 \u00a0 \u00a0 \u00a0 \u00a0 \u00a0 \u00a0 \u00a0 \u00a0 \u00a0 \u00a0 \u00a0 \u00a0 \u00a0 \u00a0 \u00a0 <\/span><span style=\"font-size: revert;letter-spacing: 0.05rem\">Refer\u00e8ncia: 2021 SGR 00123<\/span><\/p>\n<p><em>Reconeguts<\/em><\/p>\n<p>Grup d\u2019Estudi de la Traducci\u00f3 Catalana Contempor\u00e0nia (GETCC)<br \/>\nCoordinadora: Montserrat Bacard\u00ed Tom\u00e0s<br \/>\nRefer\u00e8ncia: 2021 SGR 00016<\/p>\n<p>Grup d&#8217;Estudis de Literatura Catalana Contempor\u00e0nia (GELCC)<br \/>\nCoordinador: Xavier Vall i Solaz<br \/>\nRefer\u00e8ncia: 2021 SGR 00119<\/p>\n<div><\/div>\n<\/div>\n<p><span style=\"line-height: 20.8px\">\u00a0<\/span><\/p>\n","protected":false},"excerpt":{"rendered":"<p>Projectes de recerca dirigits per membres del CEDID Analysis of and Responses to Extremist Narratives (ARENAS) IP local: Steven Forti Refer\u00e8ncia: Grant Agreement No. 101094731 (EU \/ Horizon Europe research and innovation programme) Duraci\u00f3: 2023-2027 Projecte ARENAS La dictadura de Primo de Rivera y la Segunda Rep\u00fablica espa\u00f1ola en sus relaciones con el panarabismo y [&hellip;]<\/p>\n","protected":false},"author":20,"featured_media":0,"parent":0,"menu_order":0,"comment_status":"closed","ping_status":"closed","template":"","meta":{"footnotes":""},"class_list":["post-303","page","type-page","status-publish","hentry"],"_links":{"self":[{"href":"https:\/\/webs.uab.cat\/cedid\/wp-json\/wp\/v2\/pages\/303","targetHints":{"allow":["GET"]}}],"collection":[{"href":"https:\/\/webs.uab.cat\/cedid\/wp-json\/wp\/v2\/pages"}],"about":[{"href":"https:\/\/webs.uab.cat\/cedid\/wp-json\/wp\/v2\/types\/page"}],"author":[{"embeddable":true,"href":"https:\/\/webs.uab.cat\/cedid\/wp-json\/wp\/v2\/users\/20"}],"replies":[{"embeddable":true,"href":"https:\/\/webs.uab.cat\/cedid\/wp-json\/wp\/v2\/comments?post=303"}],"version-history":[{"count":10,"href":"https:\/\/webs.uab.cat\/cedid\/wp-json\/wp\/v2\/pages\/303\/revisions"}],"predecessor-version":[{"id":8154,"href":"https:\/\/webs.uab.cat\/cedid\/wp-json\/wp\/v2\/pages\/303\/revisions\/8154"}],"wp:attachment":[{"href":"https:\/\/webs.uab.cat\/cedid\/wp-json\/wp\/v2\/media?parent=303"}],"curies":[{"name":"wp","href":"https:\/\/api.w.org\/{rel}","templated":true}]}}