{"id":931,"date":"2012-07-04T15:24:48","date_gmt":"2012-07-04T15:24:48","guid":{"rendered":"https:\/\/webs.uab.cat\/cedid\/2003-2\/"},"modified":"2022-12-13T10:31:20","modified_gmt":"2022-12-13T10:31:20","slug":"2003-2","status":"publish","type":"page","link":"https:\/\/webs.uab.cat\/cedid\/2003-2\/","title":{"rendered":"2003"},"content":{"rendered":"\n<div class=\"wp-block-media-text alignwide is-stacked-on-mobile\" style=\"grid-template-columns:15% auto\"><figure class=\"wp-block-media-text__media\"><img loading=\"lazy\" decoding=\"async\" width=\"714\" height=\"1024\" src=\"https:\/\/webs.uab.cat\/cedid\/wp-content\/uploads\/sites\/151\/2022\/11\/71XexBJkM2L-714x1024.jpg\" alt=\"\" class=\"wp-image-3852 size-full\" srcset=\"https:\/\/webs.uab.cat\/cedid\/wp-content\/uploads\/sites\/151\/2022\/11\/71XexBJkM2L-714x1024.jpg 714w, https:\/\/webs.uab.cat\/cedid\/wp-content\/uploads\/sites\/151\/2022\/11\/71XexBJkM2L-209x300.jpg 209w, https:\/\/webs.uab.cat\/cedid\/wp-content\/uploads\/sites\/151\/2022\/11\/71XexBJkM2L-768x1101.jpg 768w, https:\/\/webs.uab.cat\/cedid\/wp-content\/uploads\/sites\/151\/2022\/11\/71XexBJkM2L-1071x1536.jpg 1071w, https:\/\/webs.uab.cat\/cedid\/wp-content\/uploads\/sites\/151\/2022\/11\/71XexBJkM2L.jpg 1083w\" sizes=\"auto, (max-width: 714px) 100vw, 714px\" \/><\/figure><div class=\"wp-block-media-text__content\">\n<p><strong>Molinero, Carme; Sala, Margarida i Sobrequ\u00e9s, Jaume, <em>Una inmensa prisi\u00f3n<\/em>. <em>Los campos de concentraci\u00f3n y las prisiones durante la guerra civil y el franquismo<\/em>. Cr\u00edtica, Barcelona, 2003.<\/strong><\/p>\n\n\n\n<p>La Guerra Civil espanyola no va acabar l\u2019any 1939. No es tractava de un mer cop militar que es podia satisfer amb la presa del poder. Els prop\u00f2sits dels sublevats eren, eliminats els que havien fet possible els aven\u00e7os democratizadors de la Segona Rep\u00fablica, reeducar als recuperables i establir uns controls per evitar que alguna cosa semblant pogu\u00e9s tornar a passar. Aix\u00f2 va implicar la conversi\u00f3 de la Guerra Civil en una realitat permanent. Hi ha una literatura important sobre la repressi\u00f3, per\u00f2 en aquest volum s\u2019intenta per primera vegada, com a resultat de la conflu\u00e8ncia d&#8217;una s\u00e8rie de l\u00ednies de treball en ple desenvolupament, donar una visi\u00f3 de conjunt del que representaren els camps de concentraci\u00f3 i les presons com a punts fonamentals del sistema pol\u00edtic franquista.<\/p>\n<\/div><\/div>\n\n\n\n<p><\/p>\n\n\n\n<p><\/p>\n\n\n\n<hr class=\"wp-block-separator has-alpha-channel-opacity\" \/>\n\n\n\n<div class=\"wp-block-media-text alignwide is-stacked-on-mobile\" style=\"grid-template-columns:15% auto\"><figure class=\"wp-block-media-text__media\"><img loading=\"lazy\" decoding=\"async\" width=\"698\" height=\"1024\" src=\"https:\/\/webs.uab.cat\/cedid\/wp-content\/uploads\/sites\/151\/2022\/11\/71PM3zAI7DL-698x1024.jpg\" alt=\"\" class=\"wp-image-3855 size-full\" srcset=\"https:\/\/webs.uab.cat\/cedid\/wp-content\/uploads\/sites\/151\/2022\/11\/71PM3zAI7DL-698x1024.jpg 698w, https:\/\/webs.uab.cat\/cedid\/wp-content\/uploads\/sites\/151\/2022\/11\/71PM3zAI7DL-205x300.jpg 205w, https:\/\/webs.uab.cat\/cedid\/wp-content\/uploads\/sites\/151\/2022\/11\/71PM3zAI7DL-768x1126.jpg 768w, https:\/\/webs.uab.cat\/cedid\/wp-content\/uploads\/sites\/151\/2022\/11\/71PM3zAI7DL.jpg 834w\" sizes=\"auto, (max-width: 698px) 100vw, 698px\" \/><\/figure><div class=\"wp-block-media-text__content\">\n<p><strong>Josep Maym\u00ed, <em>Josep Irla. La tenacitat d&#8217;uncomprom\u00eds<\/em>. Barcelona: Publicacions de l&#8217;Abadia de Montserrat, 2003<\/strong>.<\/p>\n\n\n\n<p>L&#8217;objectiu d&#8217;aquesta obra, fruit de la I Beca d&#8217;estudi President Josep Irla i Bosch, s&#8217;ha centrat essencialment en una tasca de recuperaci\u00f3 de la mem\u00f2ria col\u00b7lectiva de la fam\u00edlia Irla de Sant Feliu de Gu\u00edxols. La hist\u00f2ria d&#8217;aquesta fam\u00edlia podria ser ben b\u00e9 la de tantes fam\u00edlies del nostre pa\u00eds. Els Irla es varen adaptar als canvis que va comportar l&#8217;entrada del segle XX i varen tenir un protagonisme pol\u00edtic creixent: primer a Sant Feliu, despr\u00e9s al que llavors es coneixia com el districte de la Bisbal,i, finalment, arreu de Catalunya. Dedicats a la representaci\u00f3 del suro i adscrits al republicanisme, varen esdevenir un dels elements que contribuirien a l&#8217;apogeu republic\u00e0 de la d\u00e8cada dels trenta del passat segle, i tamb\u00e9 patirien les conseq\u00fc\u00e8ncies.<\/p>\n\n\n\n<p>Despr\u00e9s de la Guerra civil vindria l&#8217;exili. Un exili que, per a la fam\u00edlia Irla, significaria un punt i a part en la seva exist\u00e8ncia. Comen\u00e7ava una llarga etapa en qu\u00e8 haurien de lluitar novament per aconseguir l&#8217;estabilitat ecoomica. Paral\u00b7lelament, el m\u00e9s gran dels tres germans, en Josep Irla, esdevindria, l&#8217;any 1940, el President de la Generalitat de Catalunya a l&#8217;exili.<\/p>\n<\/div><\/div>\n","protected":false},"excerpt":{"rendered":"<p>Molinero, Carme; Sala, Margarida i Sobrequ\u00e9s, Jaume, Una inmensa prisi\u00f3n. Los campos de concentraci\u00f3n y las prisiones durante la guerra civil y el franquismo. Cr\u00edtica, Barcelona, 2003. La Guerra Civil espanyola no va acabar l\u2019any 1939. No es tractava de un mer cop militar que es podia satisfer amb la presa del poder. Els prop\u00f2sits [&hellip;]<\/p>\n","protected":false},"author":20,"featured_media":0,"parent":0,"menu_order":0,"comment_status":"closed","ping_status":"closed","template":"","meta":{"footnotes":""},"class_list":["post-931","page","type-page","status-publish","hentry"],"_links":{"self":[{"href":"https:\/\/webs.uab.cat\/cedid\/wp-json\/wp\/v2\/pages\/931","targetHints":{"allow":["GET"]}}],"collection":[{"href":"https:\/\/webs.uab.cat\/cedid\/wp-json\/wp\/v2\/pages"}],"about":[{"href":"https:\/\/webs.uab.cat\/cedid\/wp-json\/wp\/v2\/types\/page"}],"author":[{"embeddable":true,"href":"https:\/\/webs.uab.cat\/cedid\/wp-json\/wp\/v2\/users\/20"}],"replies":[{"embeddable":true,"href":"https:\/\/webs.uab.cat\/cedid\/wp-json\/wp\/v2\/comments?post=931"}],"version-history":[{"count":4,"href":"https:\/\/webs.uab.cat\/cedid\/wp-json\/wp\/v2\/pages\/931\/revisions"}],"predecessor-version":[{"id":6229,"href":"https:\/\/webs.uab.cat\/cedid\/wp-json\/wp\/v2\/pages\/931\/revisions\/6229"}],"wp:attachment":[{"href":"https:\/\/webs.uab.cat\/cedid\/wp-json\/wp\/v2\/media?parent=931"}],"curies":[{"name":"wp","href":"https:\/\/api.w.org\/{rel}","templated":true}]}}