{"id":978,"date":"2013-04-19T17:51:48","date_gmt":"2013-04-19T17:51:48","guid":{"rendered":"https:\/\/webs.uab.cat\/cedid\/equip-directiu\/"},"modified":"2024-09-11T18:16:23","modified_gmt":"2024-09-11T18:16:23","slug":"equip-directiu","status":"publish","type":"page","link":"https:\/\/webs.uab.cat\/cedid\/equip-directiu\/","title":{"rendered":"Equip de Direcci\u00f3"},"content":{"rendered":"<p><strong>Director: <a href=\"mailto:Pau.Casanellas@uab.cat\">Pau Casanellas Pe\u00f1alver<\/a><\/strong><\/p>\n<p><strong>Equip:\u00a0<\/strong><\/p>\n<p><a href=\"mailto:Lucia.Cotarelo.uab.cat\"><strong>Luc\u00eda Cotarelo Esteban<\/strong><\/a><\/p>\n<p><a href=\"mailto:francescxavier.domenech@uab.cat\"><strong>Xavier Dom\u00e8nech Sampere<\/strong><\/a><\/p>\n<p><strong><a href=\"mailto:Olivia.Gassol@uab.cat\">Ol\u00edvia Gassol Bellet<\/a><\/strong><\/p>\n<p><strong><a href=\"mailto:JoseRamon.Lopez@uab.cat\" target=\"_blank\" rel=\"noopener\">Jos\u00e9 Ram\u00f3n L\u00f3pez Garc\u00eda<\/a><\/strong><\/p>\n<p><strong><a href=\"mailto:marti.marin@uab.cat\">Mart\u00ed Mar\u00edn Corbera<\/a><\/strong><\/p>\n<p><a href=\"mailto:Ricard.Martinez.Muntada@uab.cat\"><strong>Ricard Mart\u00ednez i Muntada<\/strong><\/a><\/p>\n<p><strong><a href=\"mailto:francesc.veiga@uab.cat\">Francisco Veiga Rodr\u00edguez<\/a><\/strong><\/p>\n<p><strong><a href=\"mailto:Francesc.Vilanova@uab.cat\" target=\"_blank\" rel=\"noopener\">Francesc Vilanova Vila-Abadal<\/a><\/strong><\/p>\n<p><strong><a href=\"mailto:Pere.Ysas@uab.cat\" target=\"_blank\" rel=\"noopener\">Pere Ys\u00e0s Solanes<\/a><\/strong><\/p>\n<p><strong><em>Directors anteriors:<\/em><\/strong><\/p>\n<p>Francesc Vilanova (2022-2023)<\/p>\n<p>Mart\u00ed Mar\u00edn Corbera (2017-2022)<\/p>\n<p>Carme Molinero (2001-2006 i 2011-2017)<\/p>\n<p>Pere Ys\u00e0s (2006-2011)<\/p>\n<p><strong><em>Membres d&#8217;anteriors Equips de Direcci\u00f3:<\/em><\/strong><\/p>\n<p>Manuel Aznar Soler (2001-2017)<\/p>\n<p>Montserrat Baras (2001-2011)<\/p>\n<p>Maria Campillo (2001-2018)<\/p>\n<p>Carme Molinero (2001-2023)<\/p>\n<p>Borja de Riquer (2001-2008)<\/p>\n<p>Juan Rodr\u00edguez Rodr\u00edguez (2017-2020)<\/p>\n","protected":false},"excerpt":{"rendered":"<p>Director: Pau Casanellas Pe\u00f1alver Equip:\u00a0 Luc\u00eda Cotarelo Esteban Xavier Dom\u00e8nech Sampere Ol\u00edvia Gassol Bellet Jos\u00e9 Ram\u00f3n L\u00f3pez Garc\u00eda Mart\u00ed Mar\u00edn Corbera Ricard Mart\u00ednez i Muntada Francisco Veiga Rodr\u00edguez Francesc Vilanova Vila-Abadal Pere Ys\u00e0s Solanes Directors anteriors: Francesc Vilanova (2022-2023) Mart\u00ed Mar\u00edn Corbera (2017-2022) Carme Molinero (2001-2006 i 2011-2017) Pere Ys\u00e0s (2006-2011) Membres d&#8217;anteriors Equips de [&hellip;]<\/p>\n","protected":false},"author":20,"featured_media":0,"parent":0,"menu_order":0,"comment_status":"closed","ping_status":"closed","template":"","meta":{"footnotes":""},"class_list":["post-978","page","type-page","status-publish","hentry"],"_links":{"self":[{"href":"https:\/\/webs.uab.cat\/cedid\/wp-json\/wp\/v2\/pages\/978","targetHints":{"allow":["GET"]}}],"collection":[{"href":"https:\/\/webs.uab.cat\/cedid\/wp-json\/wp\/v2\/pages"}],"about":[{"href":"https:\/\/webs.uab.cat\/cedid\/wp-json\/wp\/v2\/types\/page"}],"author":[{"embeddable":true,"href":"https:\/\/webs.uab.cat\/cedid\/wp-json\/wp\/v2\/users\/20"}],"replies":[{"embeddable":true,"href":"https:\/\/webs.uab.cat\/cedid\/wp-json\/wp\/v2\/comments?post=978"}],"version-history":[{"count":4,"href":"https:\/\/webs.uab.cat\/cedid\/wp-json\/wp\/v2\/pages\/978\/revisions"}],"predecessor-version":[{"id":8426,"href":"https:\/\/webs.uab.cat\/cedid\/wp-json\/wp\/v2\/pages\/978\/revisions\/8426"}],"wp:attachment":[{"href":"https:\/\/webs.uab.cat\/cedid\/wp-json\/wp\/v2\/media?parent=978"}],"curies":[{"name":"wp","href":"https:\/\/api.w.org\/{rel}","templated":true}]}}

Equip de Direcció

<p><strong>Director: <a href="mailto:Pau.Casanellas@uab.cat">Pau Casanellas Peñalver</a></strong></p>
<p><strong>Equip: </strong></p>
<p><a href="mailto:Lucia.Cotarelo.uab.cat"><strong>Lucía Cotarelo Esteban</strong></a></p>
<p><a href="mailto:francescxavier.domenech@uab.cat"><strong>Xavier Domènech Sampere</strong></a></p>
<p><strong><a href="mailto:Olivia.Gassol@uab.cat">Olívia Gassol Bellet</a></strong></p>
<p><strong><a href="mailto:JoseRamon.Lopez@uab.cat" target="_blank" rel="noopener">José Ramón López García</a></strong></p>
<p><strong><a href="mailto:marti.marin@uab.cat">Martí Marín Corbera</a></strong></p>
<p><a href="mailto:Ricard.Martinez.Muntada@uab.cat"><strong>Ricard Martínez i Muntada</strong></a></p>
<p><strong><a href="mailto:francesc.veiga@uab.cat">Francisco Veiga Rodríguez</a></strong></p>
<p><strong><a href="mailto:Francesc.Vilanova@uab.cat" target="_blank" rel="noopener">Francesc Vilanova Vila-Abadal</a></strong></p>
<p><strong><a href="mailto:Pere.Ysas@uab.cat" target="_blank" rel="noopener">Pere Ysàs Solanes</a></strong></p>
<p><strong><em>Directors anteriors:</em></strong></p>
<p>Francesc Vilanova (2022-2023)</p>
<p>Martí Marín Corbera (2017-2022)</p>
<p>Carme Molinero (2001-2006 i 2011-2017)</p>
<p>Pere Ysàs (2006-2011)</p>
<p><strong><em>Membres d&#8217;anteriors Equips de Direcció:</em></strong></p>
<p>Manuel Aznar Soler (2001-2017)</p>
<p>Montserrat Baras (2001-2011)</p>
<p>Maria Campillo (2001-2018)</p>
<p>Carme Molinero (2001-2023)</p>
<p>Borja de Riquer (2001-2008)</p>
<p>Juan Rodríguez Rodríguez (2017-2020)</p>

<p>Director: Pau Casanellas Peñalver Equip:  Lucía Cotarelo Esteban Xavier Domènech Sampere Olívia Gassol Bellet José Ramón López García Martí Marín Corbera Ricard Martínez i Muntada Francisco Veiga Rodríguez Francesc Vilanova Vila-Abadal Pere Ysàs Solanes Directors anteriors: Francesc Vilanova (2022-2023) Martí Marín Corbera (2017-2022) Carme Molinero (2001-2006 i 2011-2017) Pere Ysàs (2006-2011) Membres d&#8217;anteriors Equips de [&hellip;]</p>
