{"id":982,"date":"2013-04-19T17:52:37","date_gmt":"2013-04-19T17:52:37","guid":{"rendered":"https:\/\/webs.uab.cat\/cedid\/reglament\/"},"modified":"2013-04-19T17:52:37","modified_gmt":"2013-04-19T17:52:37","slug":"reglament","status":"publish","type":"page","link":"https:\/\/webs.uab.cat\/cedid\/reglament\/","title":{"rendered":"Reglament"},"content":{"rendered":"<p><strong>Reglament del Centre d\u2019Estudis sobre Dictadures i Democr\u00e0cies (CEDID)<\/strong><br \/>\n(Acord del Consell de Govern de 13 de desembre de 2017, que modifica el de 18 d\u2019abril de 2008)<\/p>\n<p>&nbsp;<\/p>\n<p><strong>T\u00cdTOL I. NATURALESA, COMPOSICI\u00d3, ESTRUCTURA I FUNCIONS<\/strong><\/p>\n<p class=\"rtejustify\"><strong>Article 1. Denominaci\u00f3 i finalitat<\/strong><br \/>\nEl Centre d\u2019Estudis sobre Dictadures i Democr\u00e0cies (a partir d\u2019ara CEDID o Centre, indistintament), \u00e9s un centre d\u2019estudi i recerca de car\u00e0cter interdisciplinari, dedicat a la recerca tant sobre el per\u00edode de la dictadura franquista, la posterior transici\u00f3 i l\u2019actual etapa democr\u00e0tica com tamb\u00e9 sobre processos hist\u00f2rics comparables esdevinguts en altres pa\u00efsos, especialment d\u2019Europa i Am\u00e8rica Llatina. \u00c9s tamb\u00e9 funci\u00f3 priorit\u00e0ria del centre la formaci\u00f3 d\u2019investigadors, la promoci\u00f3 del debat cient\u00edfic i la transfer\u00e8ncia de coneixements.<\/p>\n<p class=\"rtejustify\"><strong>Article 2. R\u00e8gim jur\u00eddic<\/strong><br \/>\nEl CEDID, creat per acord de la Junta de Govern de la UAB el 19 de juliol de 2001 \u2013amb el nom de Centre d\u2019Estudis sobre les \u00c8poques Franquista i Democr\u00e0tica (CEFID)-, es regeix per la legislaci\u00f3 universit\u00e0ria vigent, pels Estatuts de la UAB i per aquest reglament.<\/p>\n<p>&nbsp;<\/p>\n<p><a href=\"https:\/\/webs.uab.cat\/cedid\/wp-content\/uploads\/sites\/151\/2013\/04\/reglament_2017_aprovat_.pdf\" target=\"_blank\" rel=\"noopener\">Consulta el reglament sencer<\/a><\/p>\n<p>&nbsp;<\/p>\n","protected":false},"excerpt":{"rendered":"<p>Reglament del Centre d\u2019Estudis sobre Dictadures i Democr\u00e0cies (CEDID) (Acord del Consell de Govern de 13 de desembre de 2017, que modifica el de 18 d\u2019abril de 2008) &nbsp; T\u00cdTOL I. NATURALESA, COMPOSICI\u00d3, ESTRUCTURA I FUNCIONS Article 1. Denominaci\u00f3 i finalitat El Centre d\u2019Estudis sobre Dictadures i Democr\u00e0cies (a partir d\u2019ara CEDID o Centre, indistintament), [&hellip;]<\/p>\n","protected":false},"author":20,"featured_media":0,"parent":0,"menu_order":0,"comment_status":"closed","ping_status":"closed","template":"","meta":{"footnotes":""},"class_list":["post-982","page","type-page","status-publish","hentry"],"_links":{"self":[{"href":"https:\/\/webs.uab.cat\/cedid\/wp-json\/wp\/v2\/pages\/982","targetHints":{"allow":["GET"]}}],"collection":[{"href":"https:\/\/webs.uab.cat\/cedid\/wp-json\/wp\/v2\/pages"}],"about":[{"href":"https:\/\/webs.uab.cat\/cedid\/wp-json\/wp\/v2\/types\/page"}],"author":[{"embeddable":true,"href":"https:\/\/webs.uab.cat\/cedid\/wp-json\/wp\/v2\/users\/20"}],"replies":[{"embeddable":true,"href":"https:\/\/webs.uab.cat\/cedid\/wp-json\/wp\/v2\/comments?post=982"}],"version-history":[{"count":0,"href":"https:\/\/webs.uab.cat\/cedid\/wp-json\/wp\/v2\/pages\/982\/revisions"}],"wp:attachment":[{"href":"https:\/\/webs.uab.cat\/cedid\/wp-json\/wp\/v2\/media?parent=982"}],"curies":[{"name":"wp","href":"https:\/\/api.w.org\/{rel}","templated":true}]}}

<p><strong>Reglament del Centre d’Estudis sobre Dictadures i Democràcies (CEDID)</strong><br />
(Acord del Consell de Govern de 13 de desembre de 2017, que modifica el de 18 d’abril de 2008)</p>
<p>&nbsp;</p>
<p><strong>TÍTOL I. NATURALESA, COMPOSICIÓ, ESTRUCTURA I FUNCIONS</strong></p>
<p class="rtejustify"><strong>Article 1. Denominació i finalitat</strong><br />
El Centre d’Estudis sobre Dictadures i Democràcies (a partir d’ara CEDID o Centre, indistintament), és un centre d’estudi i recerca de caràcter interdisciplinari, dedicat a la recerca tant sobre el període de la dictadura franquista, la posterior transició i l’actual etapa democràtica com també sobre processos històrics comparables esdevinguts en altres països, especialment d’Europa i Amèrica Llatina. És també funció prioritària del centre la formació d’investigadors, la promoció del debat científic i la transferència de coneixements.</p>
<p class="rtejustify"><strong>Article 2. Règim jurídic</strong><br />
El CEDID, creat per acord de la Junta de Govern de la UAB el 19 de juliol de 2001 –amb el nom de Centre d’Estudis sobre les Èpoques Franquista i Democràtica (CEFID)-, es regeix per la legislació universitària vigent, pels Estatuts de la UAB i per aquest reglament.</p>
<p>&nbsp;</p>
<p><a href="https://webs.uab.cat/cedid/wp-content/uploads/sites/151/2013/04/reglament_2017_aprovat_.pdf" target="_blank" rel="noopener">Consulta el reglament sencer</a></p>
<p>&nbsp;</p>

<p>Reglament del Centre d’Estudis sobre Dictadures i Democràcies (CEDID) (Acord del Consell de Govern de 13 de desembre de 2017, que modifica el de 18 d’abril de 2008) &nbsp; TÍTOL I. NATURALESA, COMPOSICIÓ, ESTRUCTURA I FUNCIONS Article 1. Denominació i finalitat El Centre d’Estudis sobre Dictadures i Democràcies (a partir d’ara CEDID o Centre, indistintament), [&hellip;]</p>
