{"id":160,"date":"2017-06-22T11:28:34","date_gmt":"2017-06-22T11:28:34","guid":{"rendered":"https:\/\/webs.uab.cat\/cien\/benvinguda\/"},"modified":"2017-07-26T14:22:45","modified_gmt":"2017-07-26T14:22:45","slug":"benvinguda","status":"publish","type":"page","link":"https:\/\/webs.uab.cat\/cien\/ca\/benvinguda\/","title":{"rendered":"Benvinguda"},"content":{"rendered":"<p class=\"rtecenter\"><span style=\"color:#B22222;\">Benvinguts i benvingudes a la p\u00e0gina web del grup de recerca CIEN<\/span><\/p>\n<p class=\"rtejustify\">El grup de recerca CIEN estudia els usos ling\u00fc\u00edstics biling\u00fces i multiling\u00fces des de la perspectiva de la socioling\u00fc\u00edstica cr\u00edtica. El nostre grup treballa sobre q\u00fcestions d\u2019import\u00e0ncia te\u00f2rica i pr\u00e0ctica per a entendre la llengua i la societat. Entenem la llengua com a sistema no neutre i com a forma d\u2019acci\u00f3 social que t\u00e9 conseq\u00fc\u00e8ncies materials per a la vida di\u00e0ria de les persones. L\u2019etnografia en m\u00faltiples contextos (multi-sited ethnography) \u00e9s el nostre m\u00e8tode principal d\u2019investigaci\u00f3 conjuntament amb la utilitzaci\u00f3 d\u2019altres tipus de dades qualitatives que s\u00f3n fonamentals per entendre la igualtat i desigualtat social.<\/p>\n<p class=\"rtejustify\">Formulem preguntes que tenen importants aplicacions per a la pol\u00edtica p\u00fablica, la planificaci\u00f3 ling\u00fc\u00edstica, els cursos de formaci\u00f3 en comunicaci\u00f3 intercultural i la promoci\u00f3 de la comprensi\u00f3 m\u00fatua entre la poblaci\u00f3 aut\u00f2ctona i la poblaci\u00f3 migrada en els contextos catal\u00e0 i espanyol. Les nostres principals preguntes de recerca s\u00f3n les seg\u00fcents:<\/p>\n<p class=\"rtejustify\">Com influeixen les ideologies individuals i institucionals sobre la llengua i sobre la societat en les pr\u00e0ctiques biling\u00fces i multiling\u00fces?<br \/>\nQuin \u00e9s el paper de la llengua i del multiling\u00fcisme en la nova economia?<br \/>\nDe quina manera la globalitzaci\u00f3 determina les noves pr\u00e0ctiques ling\u00fc\u00edstiques en la societat?<br \/>\nCom es gestiona el multiling\u00fcisme en organitzacions privades, p\u00fabliques i no governamentals?<br \/>\nCom opera la llengua en l\u2019exercici de l\u2019ag\u00e8ncia, del poder i del control institucional?<br \/>\nLa recerca etnogr\u00e0fica \u00e9s la base per construir el nostre marc te\u00f2ric i per formular preguntes que tenen com a objectiu ampliar el nostre coneixement dels processos socials en qu\u00e8 la llengua juga un paper fonamental.<\/p>\n","protected":false},"excerpt":{"rendered":"<p>Benvinguts i benvingudes a la p\u00e0gina web del grup de recerca CIEN El grup de recerca CIEN estudia els usos ling\u00fc\u00edstics biling\u00fces i multiling\u00fces des de la perspectiva de la socioling\u00fc\u00edstica cr\u00edtica. El nostre grup treballa sobre q\u00fcestions d\u2019import\u00e0ncia te\u00f2rica i pr\u00e0ctica per a entendre la llengua i la societat. Entenem la llengua com a [&hellip;]<\/p>\n","protected":false},"author":20,"featured_media":0,"parent":0,"menu_order":0,"comment_status":"closed","ping_status":"closed","template":"","meta":{"footnotes":""},"class_list":["post-160","page","type-page","status-publish","hentry"],"_links":{"self":[{"href":"https:\/\/webs.uab.cat\/cien\/ca\/wp-json\/wp\/v2\/pages\/160","targetHints":{"allow":["GET"]}}],"collection":[{"href":"https:\/\/webs.uab.cat\/cien\/ca\/wp-json\/wp\/v2\/pages"}],"about":[{"href":"https:\/\/webs.uab.cat\/cien\/ca\/wp-json\/wp\/v2\/types\/page"}],"author":[{"embeddable":true,"href":"https:\/\/webs.uab.cat\/cien\/ca\/wp-json\/wp\/v2\/users\/20"}],"replies":[{"embeddable":true,"href":"https:\/\/webs.uab.cat\/cien\/ca\/wp-json\/wp\/v2\/comments?post=160"}],"version-history":[{"count":0,"href":"https:\/\/webs.uab.cat\/cien\/ca\/wp-json\/wp\/v2\/pages\/160\/revisions"}],"wp:attachment":[{"href":"https:\/\/webs.uab.cat\/cien\/ca\/wp-json\/wp\/v2\/media?parent=160"}],"curies":[{"name":"wp","href":"https:\/\/api.w.org\/{rel}","templated":true}]}}

<p class="rtecenter"><span style="color:#B22222;">Benvinguts i benvingudes a la pàgina web del grup de recerca CIEN</span></p>
<p class="rtejustify">El grup de recerca CIEN estudia els usos lingüístics bilingües i multilingües des de la perspectiva de la sociolingüística crítica. El nostre grup treballa sobre qüestions d’importància teòrica i pràctica per a entendre la llengua i la societat. Entenem la llengua com a sistema no neutre i com a forma d’acció social que té conseqüències materials per a la vida diària de les persones. L’etnografia en múltiples contextos (multi-sited ethnography) és el nostre mètode principal d’investigació conjuntament amb la utilització d’altres tipus de dades qualitatives que són fonamentals per entendre la igualtat i desigualtat social.</p>
<p class="rtejustify">Formulem preguntes que tenen importants aplicacions per a la política pública, la planificació lingüística, els cursos de formació en comunicació intercultural i la promoció de la comprensió mútua entre la població autòctona i la població migrada en els contextos català i espanyol. Les nostres principals preguntes de recerca són les següents:</p>
<p class="rtejustify">Com influeixen les ideologies individuals i institucionals sobre la llengua i sobre la societat en les pràctiques bilingües i multilingües?<br />
Quin és el paper de la llengua i del multilingüisme en la nova economia?<br />
De quina manera la globalització determina les noves pràctiques lingüístiques en la societat?<br />
Com es gestiona el multilingüisme en organitzacions privades, públiques i no governamentals?<br />
Com opera la llengua en l’exercici de l’agència, del poder i del control institucional?<br />
La recerca etnogràfica és la base per construir el nostre marc teòric i per formular preguntes que tenen com a objectiu ampliar el nostre coneixement dels processos socials en què la llengua juga un paper fonamental.</p>

<p>Benvinguts i benvingudes a la pàgina web del grup de recerca CIEN El grup de recerca CIEN estudia els usos lingüístics bilingües i multilingües des de la perspectiva de la sociolingüística crítica. El nostre grup treballa sobre qüestions d’importància teòrica i pràctica per a entendre la llengua i la societat. Entenem la llengua com a [&hellip;]</p>
