{"id":143,"date":"2017-06-22T13:04:20","date_gmt":"2017-06-22T13:04:20","guid":{"rendered":"https:\/\/webs.uab.cat\/cien\/monica-heller\/"},"modified":"2022-07-27T07:54:13","modified_gmt":"2022-07-27T07:54:13","slug":"monica-heller","status":"publish","type":"page","link":"https:\/\/webs.uab.cat\/cien\/monica-heller\/","title":{"rendered":"Monica Heller"},"content":{"rendered":"\n<p><strong>Monica Heller<\/strong>, (<a rel=\"noopener\" href=\"mailto:mheller@oise.utoronto.ca\" target=\"_blank\">mheller@oise.utoronto.ca<\/a>), es catedr\u00e1tica del Instituto de Ontario de estudios y Educaci\u00f3n y del Departamento de antropolog\u00eda de la&nbsp;Universidad de Toronto (Canad\u00e1). Es miembro de la Royal Society de Canad\u00e1. Su investigaci\u00f3n se centra en el papel de las ideolog\u00edas y las pr\u00e1cticas ling\u00fc\u00edsticas en la construcci\u00f3n de las diferencias y las desigualdades sociales, las relaciones entre lengua, nacionalismo y post-nacionalismo, as\u00ed como lengua e identidad en la nueva econom\u00eda globalizada.<\/p>\n\n\n\n<h2 class=\"wp-block-heading\"><strong>Publicaciones<\/strong><\/h2>\n\n\n\n<ul class=\"wp-block-list\"><li class=\"rtejustify\">Monica&nbsp;Heller, Lindsay Bell, Michelle Daveluy, Mireille McLaughlin and Hubert No\u00ebl. 2015. Sustaining the Nation: the Making and Moving of Language and Nation. Oxford: Oxford University Press.<\/li><li class=\"rtejustify\">Heller, Monica. 2011.&nbsp;<em>Paths to Post-nationalism:&nbsp;A Critical Ethnography of Language and Identity.<\/em>&nbsp;Oxford: Oxford University Press.<\/li><li class=\"rtejustify\">Heller, Monica. 2010. Linguistic commodification.&nbsp;<em>Annual Review of Anthropology<\/em>&nbsp;39: 101-114.<\/li><li class=\"rtejustify\">Duch\u00eane, Alexandre y Monica Heller (eds.). 2007.&nbsp;<em>Discourses of Endangerment: Ideology and Interest in the Defense of Languages<\/em>. Londres: Continuum.<\/li><li class=\"rtejustify\">Heller, Monica (ed.). 2007.&nbsp;<em>Bilingualism: A Social Approach<\/em>. Londres: Palgrave Macmillan.<\/li><li class=\"rtejustify\">Heller, Monica with Mark Campbell, Phyllis Dalley y Donna Patrick . 2006.&nbsp;<em>Linguistic Minorities and Modernity: A Sociolinguistic Ethnography<\/em>&nbsp;(2\u00aa edici\u00f3n). London: Continuum (1\u00aa edici\u00f3n 1999, Londres: Longman).<\/li><\/ul>\n\n\n\n<p>&nbsp;<\/p>\n\n\n\n<p>Heller, Monica, Jean-Paul Bartholomot, Laurette L\u00e9vy y Luc Ostiguy. 2005.&nbsp;<em>Le processus de francisation dans une entreprise montr\u00e9alaise: une analyse sociolinguistique<\/em>. Qu\u00e9bec: l\u2019\u00e9diteur officiel.<\/p>\n","protected":false},"excerpt":{"rendered":"<p>Monica Heller, (mheller@oise.utoronto.ca), es catedr\u00e1tica del Instituto de Ontario de estudios y Educaci\u00f3n y del Departamento de antropolog\u00eda de la&nbsp;Universidad de Toronto (Canad\u00e1). Es miembro de la Royal Society de Canad\u00e1. Su investigaci\u00f3n se centra en el papel de las ideolog\u00edas y las pr\u00e1cticas ling\u00fc\u00edsticas en la construcci\u00f3n de las diferencias y las desigualdades sociales, [&hellip;]<\/p>\n","protected":false},"author":20,"featured_media":75,"parent":0,"menu_order":0,"comment_status":"closed","ping_status":"closed","template":"","meta":{"footnotes":""},"class_list":["post-143","page","type-page","status-publish","has-post-thumbnail","hentry"],"_links":{"self":[{"href":"https:\/\/webs.uab.cat\/cien\/wp-json\/wp\/v2\/pages\/143","targetHints":{"allow":["GET"]}}],"collection":[{"href":"https:\/\/webs.uab.cat\/cien\/wp-json\/wp\/v2\/pages"}],"about":[{"href":"https:\/\/webs.uab.cat\/cien\/wp-json\/wp\/v2\/types\/page"}],"author":[{"embeddable":true,"href":"https:\/\/webs.uab.cat\/cien\/wp-json\/wp\/v2\/users\/20"}],"replies":[{"embeddable":true,"href":"https:\/\/webs.uab.cat\/cien\/wp-json\/wp\/v2\/comments?post=143"}],"version-history":[{"count":3,"href":"https:\/\/webs.uab.cat\/cien\/wp-json\/wp\/v2\/pages\/143\/revisions"}],"predecessor-version":[{"id":331,"href":"https:\/\/webs.uab.cat\/cien\/wp-json\/wp\/v2\/pages\/143\/revisions\/331"}],"wp:featuredmedia":[{"embeddable":true,"href":"https:\/\/webs.uab.cat\/cien\/wp-json\/wp\/v2\/media\/75"}],"wp:attachment":[{"href":"https:\/\/webs.uab.cat\/cien\/wp-json\/wp\/v2\/media?parent=143"}],"curies":[{"name":"wp","href":"https:\/\/api.w.org\/{rel}","templated":true}]}}

<p><strong>Monica Heller</strong>, (<a rel="noopener" href="mailto:mheller@oise.utoronto.ca" target="_blank">mheller@oise.utoronto.ca</a>), es catedrática del Instituto de Ontario de estudios y Educación y del Departamento de antropología de la&nbsp;Universidad de Toronto (Canadá). Es miembro de la Royal Society de Canadá. Su investigación se centra en el papel de las ideologías y las prácticas lingüísticas en la construcción de las diferencias y las desigualdades sociales, las relaciones entre lengua, nacionalismo y post-nacionalismo, así como lengua e identidad en la nueva economía globalizada.</p>



<h2 class="wp-block-heading"><strong>Publicaciones</strong></h2>



<ul class="wp-block-list"><li class="rtejustify">Monica&nbsp;Heller, Lindsay Bell, Michelle Daveluy, Mireille McLaughlin and Hubert Noël. 2015. Sustaining the Nation: the Making and Moving of Language and Nation. Oxford: Oxford University Press.</li><li class="rtejustify">Heller, Monica. 2011.&nbsp;<em>Paths to Post-nationalism:&nbsp;A Critical Ethnography of Language and Identity.</em>&nbsp;Oxford: Oxford University Press.</li><li class="rtejustify">Heller, Monica. 2010. Linguistic commodification.&nbsp;<em>Annual Review of Anthropology</em>&nbsp;39: 101-114.</li><li class="rtejustify">Duchêne, Alexandre y Monica Heller (eds.). 2007.&nbsp;<em>Discourses of Endangerment: Ideology and Interest in the Defense of Languages</em>. Londres: Continuum.</li><li class="rtejustify">Heller, Monica (ed.). 2007.&nbsp;<em>Bilingualism: A Social Approach</em>. Londres: Palgrave Macmillan.</li><li class="rtejustify">Heller, Monica with Mark Campbell, Phyllis Dalley y Donna Patrick . 2006.&nbsp;<em>Linguistic Minorities and Modernity: A Sociolinguistic Ethnography</em>&nbsp;(2ª edición). London: Continuum (1ª edición 1999, Londres: Longman).</li></ul>



<p>&nbsp;</p>



<p>Heller, Monica, Jean-Paul Bartholomot, Laurette Lévy y Luc Ostiguy. 2005.&nbsp;<em>Le processus de francisation dans une entreprise montréalaise: une analyse sociolinguistique</em>. Québec: l’éditeur officiel.</p>

<p>Monica Heller, (mheller@oise.utoronto.ca), es catedrática del Instituto de Ontario de estudios y Educación y del Departamento de antropología de la&nbsp;Universidad de Toronto (Canadá). Es miembro de la Royal Society de Canadá. Su investigación se centra en el papel de las ideologías y las prácticas lingüísticas en la construcción de las diferencias y las desigualdades sociales, [&hellip;]</p>
