{"id":151,"date":"2017-06-22T16:11:30","date_gmt":"2017-06-22T16:11:30","guid":{"rendered":"https:\/\/webs.uab.cat\/cien\/investigacion-en-curso\/"},"modified":"2022-07-27T07:59:30","modified_gmt":"2022-07-27T07:59:30","slug":"investigacion-en-curso","status":"publish","type":"page","link":"https:\/\/webs.uab.cat\/cien\/investigacion-en-curso\/","title":{"rendered":"Investigaci\u00f3n en curso"},"content":{"rendered":"\n<h2 class=\"wp-block-heading\"><strong>La gesti\u00f3n del multiling\u00fcismo en el \u00e1mbito institucional<\/strong><\/h2>\n\n\n\n<p><strong>ONGs:<\/strong><br>Esta investigaci\u00f3n estudia la gesti\u00f3n del multiling\u00fcismo en organizaciones no gubernamentales locales e internacionales. El estudio de las ideolog\u00edas de estas ONGs, as\u00ed como sus relaciones con las proyecciones locales y globales de organizaciones dedicadas a la ayuda de migrantes reci\u00e9n llegados, permite entender c\u00f3mo funcionan los procesos sociales de inclusi\u00f3n y exclusi\u00f3n de las nuevas poblaciones.<\/p>\n\n\n\n<p><strong>El sector de las telecomunicaciones:<\/strong><br>La investigaci\u00f3n que se est\u00e1 llevando a cabo en el sector de las telecomunicaciones dentro de la nueva econom\u00eda se centra en la lengua y en el modo en que los servicios de comunicaci\u00f3n se comercializan y son usados por parte de las poblaciones migradas. El estado y las empresas de comunicaci\u00f3n privadas y privatizadas, a trav\u00e9s de su papel en la organizaci\u00f3n y control de las redes globales de comunicaci\u00f3n as\u00ed como de la diversidad ling\u00fc\u00edstica y los flujos migratorios, est\u00e1n generando nuevas formas de control de la ciudadan\u00eda y de exclusi\u00f3n social.<\/p>\n\n\n\n<p><strong>Mediadores culturales:<\/strong><br>Este estudio se centra en el rol de los mediadores culturales en el contexto sanitario. La elecci\u00f3n de lengua de comunicaci\u00f3n, as\u00ed como la traducci\u00f3n de significados culturales e informaci\u00f3n sanitaria, se convierten en fuente de numerosas tensiones. \u00e9stas se articulan sobre todo en torno al control del conocimiento especializado. Las formas de multiling\u00fcismo y los patrones de elecci\u00f3n de lengua por parte de los diferentes actores sociales en el centro de atenci\u00f3n primaria reflejan las relaciones de poder dentro y fuera de la instituci\u00f3n.<\/p>\n\n\n\n<p><strong>Centro de salud:<\/strong><br>Actualmente estamos analizando los modos y modalidades de multiling\u00fcismo en un centro de salud p\u00fablico y las consecuencias que tienen ciertas decisiones para los usuarios del sistema sanitario. \u00e9stos se ven categorizados a trav\u00e9s de las pr\u00e1cticas multiling\u00fces implementadas por la instituci\u00f3n. Nuestra observaci\u00f3n es que las ideolog\u00edas institucionales no se corresponden con la realidad diaria de este centro.<\/p>\n\n\n\n<h2 class=\"wp-block-heading\"><strong>El turismo y la nueva econom\u00eda<\/strong><\/h2>\n\n\n\n<p><strong>Contexto I: Lengua, Estructuraci\u00f3n y Barreras en una Comunidad Tur\u00edstica en la Costa Brava<\/strong><br>Este estudio etnogr\u00e1fico de una comunidad tur\u00edstica en la Costa Brava explora el papel de la lengua en procesos sociales de estructuraci\u00f3n y construcci\u00f3n de barreras entre diversas nacionalidades y grupos \u00e9tnicos. Pretende demostrar c\u00f3mo la diversidad en esta peque\u00f1a comunidad catalana plantea un reto hacia las formas tradicionales de trabajo as\u00ed c\u00f3mo hacia las lenguas que se utilizan en la comunidad. Las barreras que se construyen entre los miembros de la comunidad catalana local divergen de las din\u00e1micas de estructuraci\u00f3n social entre la comunidad de \u2018extranjeros\u2019 que est\u00e1n en una constante competici\u00f3n por el control de los recursos materiales y simb\u00f3licos y en una lucha por la (re)definici\u00f3n de los espacios de pr\u00e1ctica ling\u00fc\u00edsticos, econ\u00f3micos y pol\u00edticos.<\/p>\n\n\n\n<p><strong>Contexto II: Catalunya Norte\/ Languedoc-Rosell\u00f3n<\/strong><br>La reactivaci\u00f3n de la econom\u00eda local se construye en base al turismo y a la recuperaci\u00f3n de los s\u00edmbolos locales de la identidad y lengua catalanas. Entre los diferentes grupos sociales que participan en esta construcci\u00f3n, se encuentran los productores locales de comida y productos art\u00edsticos (miel, cerveza, bebidas de cola, queso, camisetas, pintura), los movimientos cooperativos implicados en la producci\u00f3n ecol\u00f3gica y biol\u00f3gica y el sector inmobiliario. Asimismo, se evidencia la revitalizaci\u00f3n de la narrativa oral hist\u00f3rica de tipo tradicional. Esta construcci\u00f3n mercantilizada de los s\u00edmbolos catalanes entra en tensi\u00f3n con las recuperaciones de la lengua catalana m\u00e1s nacionalistas financiadas por el gobierno auton\u00f3mico catal\u00e1n en el estado espa\u00f1ol.<\/p>\n","protected":false},"excerpt":{"rendered":"<p>La gesti\u00f3n del multiling\u00fcismo en el \u00e1mbito institucional ONGs:Esta investigaci\u00f3n estudia la gesti\u00f3n del multiling\u00fcismo en organizaciones no gubernamentales locales e internacionales. El estudio de las ideolog\u00edas de estas ONGs, as\u00ed como sus relaciones con las proyecciones locales y globales de organizaciones dedicadas a la ayuda de migrantes reci\u00e9n llegados, permite entender c\u00f3mo funcionan los [&hellip;]<\/p>\n","protected":false},"author":20,"featured_media":0,"parent":0,"menu_order":0,"comment_status":"closed","ping_status":"closed","template":"","meta":{"footnotes":""},"class_list":["post-151","page","type-page","status-publish","hentry"],"_links":{"self":[{"href":"https:\/\/webs.uab.cat\/cien\/wp-json\/wp\/v2\/pages\/151","targetHints":{"allow":["GET"]}}],"collection":[{"href":"https:\/\/webs.uab.cat\/cien\/wp-json\/wp\/v2\/pages"}],"about":[{"href":"https:\/\/webs.uab.cat\/cien\/wp-json\/wp\/v2\/types\/page"}],"author":[{"embeddable":true,"href":"https:\/\/webs.uab.cat\/cien\/wp-json\/wp\/v2\/users\/20"}],"replies":[{"embeddable":true,"href":"https:\/\/webs.uab.cat\/cien\/wp-json\/wp\/v2\/comments?post=151"}],"version-history":[{"count":1,"href":"https:\/\/webs.uab.cat\/cien\/wp-json\/wp\/v2\/pages\/151\/revisions"}],"predecessor-version":[{"id":343,"href":"https:\/\/webs.uab.cat\/cien\/wp-json\/wp\/v2\/pages\/151\/revisions\/343"}],"wp:attachment":[{"href":"https:\/\/webs.uab.cat\/cien\/wp-json\/wp\/v2\/media?parent=151"}],"curies":[{"name":"wp","href":"https:\/\/api.w.org\/{rel}","templated":true}]}}